| Back to Multiple platform build/check report for BioC 3.14 |
|
This page was generated on 2022-04-13 12:06:57 -0400 (Wed, 13 Apr 2022).
| Hostname | OS | Arch (*) | R version | Installed pkgs |
|---|---|---|---|---|
| nebbiolo2 | Linux (Ubuntu 20.04.4 LTS) | x86_64 | 4.1.3 (2022-03-10) -- "One Push-Up" | 4324 |
| tokay2 | Windows Server 2012 R2 Standard | x64 | 4.1.3 (2022-03-10) -- "One Push-Up" | 4077 |
| machv2 | macOS 10.14.6 Mojave | x86_64 | 4.1.3 (2022-03-10) -- "One Push-Up" | 4137 |
| Click on any hostname to see more info about the system (e.g. compilers) (*) as reported by 'uname -p', except on Windows and Mac OS X | ||||
|
To the developers/maintainers of the MSstatsSampleSize package: - Please allow up to 24 hours (and sometimes 48 hours) for your latest push to git@git.bioconductor.org:packages/MSstatsSampleSize.git to reflect on this report. See How and When does the builder pull? When will my changes propagate? for more information. - Make sure to use the following settings in order to reproduce any error or warning you see on this page. |
| Package 1234/2083 | Hostname | OS / Arch | INSTALL | BUILD | CHECK | BUILD BIN | ||||||||
| MSstatsSampleSize 1.8.0 (landing page) Ting Huang
| nebbiolo2 | Linux (Ubuntu 20.04.4 LTS) / x86_64 | OK | OK | WARNINGS | |||||||||
| tokay2 | Windows Server 2012 R2 Standard / x64 | OK | OK | ERROR | OK | |||||||||
| machv2 | macOS 10.14.6 Mojave / x86_64 | OK | OK | WARNINGS | OK | |||||||||
| Package: MSstatsSampleSize |
| Version: 1.8.0 |
| Command: C:\Users\biocbuild\bbs-3.14-bioc\R\bin\R.exe CMD check --force-multiarch --install=check:MSstatsSampleSize.install-out.txt --library=C:\Users\biocbuild\bbs-3.14-bioc\R\library --no-vignettes --timings MSstatsSampleSize_1.8.0.tar.gz |
| StartedAt: 2022-04-12 23:23:47 -0400 (Tue, 12 Apr 2022) |
| EndedAt: 2022-04-12 23:28:24 -0400 (Tue, 12 Apr 2022) |
| EllapsedTime: 276.3 seconds |
| RetCode: 1 |
| Status: ERROR |
| CheckDir: MSstatsSampleSize.Rcheck |
| Warnings: NA |
##############################################################################
##############################################################################
###
### Running command:
###
### C:\Users\biocbuild\bbs-3.14-bioc\R\bin\R.exe CMD check --force-multiarch --install=check:MSstatsSampleSize.install-out.txt --library=C:\Users\biocbuild\bbs-3.14-bioc\R\library --no-vignettes --timings MSstatsSampleSize_1.8.0.tar.gz
###
##############################################################################
##############################################################################
* using log directory 'C:/Users/biocbuild/bbs-3.14-bioc/meat/MSstatsSampleSize.Rcheck'
* using R version 4.1.3 (2022-03-10)
* using platform: x86_64-w64-mingw32 (64-bit)
* using session charset: ISO8859-1
* using option '--no-vignettes'
* checking for file 'MSstatsSampleSize/DESCRIPTION' ... OK
* checking extension type ... Package
* this is package 'MSstatsSampleSize' version '1.8.0'
* package encoding: UTF-8
* checking package namespace information ... OK
* checking package dependencies ... OK
* checking if this is a source package ... OK
* checking if there is a namespace ... OK
* checking for hidden files and directories ... OK
* checking for portable file names ... OK
* checking whether package 'MSstatsSampleSize' can be installed ... OK
* checking installed package size ... OK
* checking package directory ... OK
* checking 'build' directory ... OK
* checking DESCRIPTION meta-information ... OK
* checking top-level files ... OK
* checking for left-over files ... OK
* checking index information ... OK
* checking package subdirectories ... OK
* checking R files for non-ASCII characters ... OK
* checking R files for syntax errors ... OK
* loading checks for arch 'i386'
** checking whether the package can be loaded ... OK
** checking whether the package can be loaded with stated dependencies ... OK
** checking whether the package can be unloaded cleanly ... OK
** checking whether the namespace can be loaded with stated dependencies ... OK
** checking whether the namespace can be unloaded cleanly ... OK
* loading checks for arch 'x64'
** checking whether the package can be loaded ... OK
** checking whether the package can be loaded with stated dependencies ... OK
** checking whether the package can be unloaded cleanly ... OK
** checking whether the namespace can be loaded with stated dependencies ... OK
** checking whether the namespace can be unloaded cleanly ... OK
* checking dependencies in R code ... OK
* checking S3 generic/method consistency ... OK
* checking replacement functions ... OK
* checking foreign function calls ... OK
* checking R code for possible problems ... OK
* checking Rd files ... OK
* checking Rd metadata ... OK
* checking Rd cross-references ... OK
* checking for missing documentation entries ... OK
* checking for code/documentation mismatches ... WARNING
Functions or methods with usage in documentation object '.classification' but not in code:
'.classification'
* checking Rd \usage sections ... OK
* checking Rd contents ... OK
* checking for unstated dependencies in examples ... OK
* checking contents of 'data' directory ... OK
* checking data for non-ASCII characters ... OK
* checking LazyData ... OK
* checking data for ASCII and uncompressed saves ... WARNING
Note: significantly better compression could be obtained
by using R CMD build --resave-data
old_size new_size compress
classification_results.rda 1.8Mb 1.3Mb xz
simulated_datasets.rda 656Kb 511Kb xz
variance_estimation.rda 690Kb 320Kb xz
* checking files in 'vignettes' ... OK
* checking examples ...
** running examples for arch 'i386' ... OK
Examples with CPU (user + system) or elapsed time > 5s
user system elapsed
designSampleSizeClassification 7.71 0.18 7.91
designSampleSizeClassificationPlots 4.13 0.11 48.89
** running examples for arch 'x64' ...Warning in file(con, "r") :
cannot open file '../MSstatsSampleSize-Ex_x64.Rout': Permission denied
Error in file(con, "r") : cannot open the connection
Execution halted
MSstatsSampleSize.Rcheck/00install.out
##############################################################################
##############################################################################
###
### Running command:
###
### C:\cygwin\bin\curl.exe -O http://155.52.207.166/BBS/3.14/bioc/src/contrib/MSstatsSampleSize_1.8.0.tar.gz && rm -rf MSstatsSampleSize.buildbin-libdir && mkdir MSstatsSampleSize.buildbin-libdir && C:\Users\biocbuild\bbs-3.14-bioc\R\bin\R.exe CMD INSTALL --merge-multiarch --build --library=MSstatsSampleSize.buildbin-libdir MSstatsSampleSize_1.8.0.tar.gz && C:\Users\biocbuild\bbs-3.14-bioc\R\bin\R.exe CMD INSTALL MSstatsSampleSize_1.8.0.zip && rm MSstatsSampleSize_1.8.0.tar.gz MSstatsSampleSize_1.8.0.zip
###
##############################################################################
##############################################################################
% Total % Received % Xferd Average Speed Time Time Time Current
Dload Upload Total Spent Left Speed
0 0 0 0 0 0 0 0 --:--:-- --:--:-- --:--:-- 0
49 3283k 49 1622k 0 0 1612k 0 0:00:02 0:00:01 0:00:01 1614k
100 3283k 100 3283k 0 0 1986k 0 0:00:01 0:00:01 --:--:-- 1987k
install for i386
* installing *source* package 'MSstatsSampleSize' ...
** using staged installation
** R
** data
*** moving datasets to lazyload DB
** inst
** byte-compile and prepare package for lazy loading
** help
*** installing help indices
converting help for package 'MSstatsSampleSize'
finding HTML links ... done
MSstatsSampleSize html
OV_SRM_train html
OV_SRM_train_annotation html
classification_results html
designSampleSizeClassification html
designSampleSizeClassificationPlots html
designSampleSizeHypothesisTestingPlot html
designSampleSizePCAplot html
dot-classification html
dot-classificationModel html
dot-classificationPerformance html
dot-logGeneration html
dot-randomImputation html
dot-sampleSimulation html
estimateVar html
meanSDplot html
simulateDataset html
simulated_datasets html
variance_estimation html
** building package indices
** installing vignettes
** testing if installed package can be loaded from temporary location
** testing if installed package can be loaded from final location
** testing if installed package keeps a record of temporary installation path
install for x64
* installing *source* package 'MSstatsSampleSize' ...
** testing if installed package can be loaded
* MD5 sums
packaged installation of 'MSstatsSampleSize' as MSstatsSampleSize_1.8.0.zip
* DONE (MSstatsSampleSize)
* installing to library 'C:/Users/biocbuild/bbs-3.14-bioc/R/library'
package 'MSstatsSampleSize' successfully unpacked and MD5 sums checked
|
MSstatsSampleSize.Rcheck/examples_i386/MSstatsSampleSize-Ex.timings
|
MSstatsSampleSize.Rcheck/examples_x64/MSstatsSampleSize-Ex.timings
|