| Back to Multiple platform build/check report for BioC 3.14 |
|
This page was generated on 2022-04-13 12:05:27 -0400 (Wed, 13 Apr 2022).
| Hostname | OS | Arch (*) | R version | Installed pkgs |
|---|---|---|---|---|
| nebbiolo2 | Linux (Ubuntu 20.04.4 LTS) | x86_64 | 4.1.3 (2022-03-10) -- "One Push-Up" | 4324 |
| tokay2 | Windows Server 2012 R2 Standard | x64 | 4.1.3 (2022-03-10) -- "One Push-Up" | 4077 |
| machv2 | macOS 10.14.6 Mojave | x86_64 | 4.1.3 (2022-03-10) -- "One Push-Up" | 4137 |
| Click on any hostname to see more info about the system (e.g. compilers) (*) as reported by 'uname -p', except on Windows and Mac OS X | ||||
|
To the developers/maintainers of the HDF5Array package: - Please allow up to 24 hours (and sometimes 48 hours) for your latest push to git@git.bioconductor.org:packages/HDF5Array.git to reflect on this report. See How and When does the builder pull? When will my changes propagate? for more information. - Make sure to use the following settings in order to reproduce any error or warning you see on this page. |
| Package 855/2083 | Hostname | OS / Arch | INSTALL | BUILD | CHECK | BUILD BIN | ||||||||
| HDF5Array 1.22.1 (landing page) Hervé Pagès
| nebbiolo2 | Linux (Ubuntu 20.04.4 LTS) / x86_64 | OK | OK | WARNINGS | |||||||||
| tokay2 | Windows Server 2012 R2 Standard / x64 | OK | OK | WARNINGS | OK | |||||||||
| machv2 | macOS 10.14.6 Mojave / x86_64 | OK | OK | WARNINGS | OK | |||||||||
| Package: HDF5Array |
| Version: 1.22.1 |
| Command: /home/biocbuild/bbs-3.14-bioc/R/bin/R CMD check --install=check:HDF5Array.install-out.txt --library=/home/biocbuild/bbs-3.14-bioc/R/library --no-vignettes --timings HDF5Array_1.22.1.tar.gz |
| StartedAt: 2022-04-12 07:46:02 -0400 (Tue, 12 Apr 2022) |
| EndedAt: 2022-04-12 07:50:37 -0400 (Tue, 12 Apr 2022) |
| EllapsedTime: 275.1 seconds |
| RetCode: 0 |
| Status: WARNINGS |
| CheckDir: HDF5Array.Rcheck |
| Warnings: 1 |
##############################################################################
##############################################################################
###
### Running command:
###
### /home/biocbuild/bbs-3.14-bioc/R/bin/R CMD check --install=check:HDF5Array.install-out.txt --library=/home/biocbuild/bbs-3.14-bioc/R/library --no-vignettes --timings HDF5Array_1.22.1.tar.gz
###
##############################################################################
##############################################################################
* using log directory ‘/home/biocbuild/bbs-3.14-bioc/meat/HDF5Array.Rcheck’
* using R version 4.1.3 (2022-03-10)
* using platform: x86_64-pc-linux-gnu (64-bit)
* using session charset: UTF-8
* using option ‘--no-vignettes’
* checking for file ‘HDF5Array/DESCRIPTION’ ... OK
* this is package ‘HDF5Array’ version ‘1.22.1’
* package encoding: UTF-8
* checking package namespace information ... OK
* checking package dependencies ... OK
* checking if this is a source package ... OK
* checking if there is a namespace ... OK
* checking for hidden files and directories ... NOTE
Found the following hidden files and directories:
.BBSoptions
These were most likely included in error. See section ‘Package
structure’ in the ‘Writing R Extensions’ manual.
* checking for portable file names ... OK
* checking for sufficient/correct file permissions ... OK
* checking whether package ‘HDF5Array’ can be installed ... OK
* checking installed package size ... NOTE
installed size is 26.5Mb
sub-directories of 1Mb or more:
extdata 7.7Mb
libs 17.7Mb
* checking package directory ... OK
* checking DESCRIPTION meta-information ... OK
* checking top-level files ... OK
* checking for left-over files ... OK
* checking index information ... OK
* checking package subdirectories ... OK
* checking R files for non-ASCII characters ... OK
* checking R files for syntax errors ... OK
* checking whether the package can be loaded ... OK
* checking whether the package can be loaded with stated dependencies ... OK
* checking whether the package can be unloaded cleanly ... OK
* checking whether the namespace can be loaded with stated dependencies ... OK
* checking whether the namespace can be unloaded cleanly ... OK
* checking dependencies in R code ... NOTE
':::' call which should be '::': ‘rhdf5:::H5Fclose’
See the note in ?`:::` about the use of this operator.
Unexported objects imported by ':::' calls:
‘BiocGenerics:::testPackage’ ‘S4Vectors:::anyMissingOrOutside’
‘S4Vectors:::extract_data_frame_rows’ ‘S4Vectors:::sapply_isNULL’
‘rhdf5:::h5checktypeOrOpenLocS3’
See the note in ?`:::` about the use of this operator.
* checking S3 generic/method consistency ... OK
* checking replacement functions ... OK
* checking foreign function calls ... OK
* checking R code for possible problems ... OK
* checking Rd files ... OK
* checking Rd metadata ... OK
* checking Rd cross-references ... WARNING
Missing link or links in documentation object 'H5File-class.Rd':
‘[rhdf5]{H5P_FILE_ACCESS}’
See section 'Cross-references' in the 'Writing R Extensions' manual.
* checking for missing documentation entries ... OK
* checking for code/documentation mismatches ... OK
* checking Rd \usage sections ... OK
* checking Rd contents ... OK
* checking for unstated dependencies in examples ... OK
* checking line endings in C/C++/Fortran sources/headers ... OK
* checking line endings in Makefiles ... OK
* checking compilation flags in Makevars ... OK
* checking for GNU extensions in Makefiles ... NOTE
GNU make is a SystemRequirements.
* checking for portable use of $(BLAS_LIBS) and $(LAPACK_LIBS) ... OK
* checking use of PKG_*FLAGS in Makefiles ... OK
* checking compiled code ... NOTE
Note: information on .o files is not available
File ‘/home/biocbuild/bbs-3.14-bioc/R/library/HDF5Array/libs/HDF5Array.so’:
Found ‘__printf_chk’, possibly from ‘printf’ (C)
Found ‘abort’, possibly from ‘abort’ (C)
Found ‘exit’, possibly from ‘exit’ (C)
Found ‘rand_r’, possibly from ‘rand_r’ (C)
Found ‘stderr’, possibly from ‘stderr’ (C)
Found ‘stdout’, possibly from ‘stdout’ (C)
Compiled code should not call entry points which might terminate R nor
write to stdout/stderr instead of to the console, nor use Fortran I/O
nor system RNGs. The detected symbols are linked into the code but
might come from libraries and not actually be called.
See ‘Writing portable packages’ in the ‘Writing R Extensions’ manual.
* checking examples ... OK
Examples with CPU (user + system) or elapsed time > 5s
user system elapsed
TENxMatrix-class 126.086 35.700 52.042
h5mread 58.747 3.126 67.141
writeTENxMatrix 16.699 0.916 18.074
TENxMatrixSeed-class 4.758 0.327 5.562
* checking for unstated dependencies in ‘tests’ ... OK
* checking tests ...
Running ‘run_unitTests.R’
OK
* checking PDF version of manual ... OK
* DONE
Status: 1 WARNING, 5 NOTEs
See
‘/home/biocbuild/bbs-3.14-bioc/meat/HDF5Array.Rcheck/00check.log’
for details.
HDF5Array.Rcheck/00install.out
##############################################################################
##############################################################################
###
### Running command:
###
### /home/biocbuild/bbs-3.14-bioc/R/bin/R CMD INSTALL HDF5Array
###
##############################################################################
##############################################################################
* installing to library ‘/home/biocbuild/bbs-3.14-bioc/R/library’
* installing *source* package ‘HDF5Array’ ...
** using staged installation
** libs
gcc -I"/home/biocbuild/bbs-3.14-bioc/R/include" -DNDEBUG -I'/home/biocbuild/bbs-3.14-bioc/R/library/S4Vectors/include' -I'/home/biocbuild/bbs-3.14-bioc/R/library/Rhdf5lib/include' -I/usr/local/include -fpic -g -O2 -Wall -c S4Vectors_stubs.c -o S4Vectors_stubs.o
gcc -I"/home/biocbuild/bbs-3.14-bioc/R/include" -DNDEBUG -I'/home/biocbuild/bbs-3.14-bioc/R/library/S4Vectors/include' -I'/home/biocbuild/bbs-3.14-bioc/R/library/Rhdf5lib/include' -I/usr/local/include -fpic -g -O2 -Wall -c H5File.c -o H5File.o
gcc -I"/home/biocbuild/bbs-3.14-bioc/R/include" -DNDEBUG -I'/home/biocbuild/bbs-3.14-bioc/R/library/S4Vectors/include' -I'/home/biocbuild/bbs-3.14-bioc/R/library/Rhdf5lib/include' -I/usr/local/include -fpic -g -O2 -Wall -c global_errmsg_buf.c -o global_errmsg_buf.o
gcc -I"/home/biocbuild/bbs-3.14-bioc/R/include" -DNDEBUG -I'/home/biocbuild/bbs-3.14-bioc/R/library/S4Vectors/include' -I'/home/biocbuild/bbs-3.14-bioc/R/library/Rhdf5lib/include' -I/usr/local/include -fpic -g -O2 -Wall -c H5DSetDescriptor.c -o H5DSetDescriptor.o
gcc -I"/home/biocbuild/bbs-3.14-bioc/R/include" -DNDEBUG -I'/home/biocbuild/bbs-3.14-bioc/R/library/S4Vectors/include' -I'/home/biocbuild/bbs-3.14-bioc/R/library/Rhdf5lib/include' -I/usr/local/include -fpic -g -O2 -Wall -c h5dimscales.c -o h5dimscales.o
gcc -I"/home/biocbuild/bbs-3.14-bioc/R/include" -DNDEBUG -I'/home/biocbuild/bbs-3.14-bioc/R/library/S4Vectors/include' -I'/home/biocbuild/bbs-3.14-bioc/R/library/Rhdf5lib/include' -I/usr/local/include -fpic -g -O2 -Wall -c uaselection.c -o uaselection.o
gcc -I"/home/biocbuild/bbs-3.14-bioc/R/include" -DNDEBUG -I'/home/biocbuild/bbs-3.14-bioc/R/library/S4Vectors/include' -I'/home/biocbuild/bbs-3.14-bioc/R/library/Rhdf5lib/include' -I/usr/local/include -fpic -g -O2 -Wall -c h5mread_helpers.c -o h5mread_helpers.o
gcc -I"/home/biocbuild/bbs-3.14-bioc/R/include" -DNDEBUG -I'/home/biocbuild/bbs-3.14-bioc/R/library/S4Vectors/include' -I'/home/biocbuild/bbs-3.14-bioc/R/library/Rhdf5lib/include' -I/usr/local/include -fpic -g -O2 -Wall -c h5mread_startscounts.c -o h5mread_startscounts.o
gcc -I"/home/biocbuild/bbs-3.14-bioc/R/include" -DNDEBUG -I'/home/biocbuild/bbs-3.14-bioc/R/library/S4Vectors/include' -I'/home/biocbuild/bbs-3.14-bioc/R/library/Rhdf5lib/include' -I/usr/local/include -fpic -g -O2 -Wall -c ChunkIterator.c -o ChunkIterator.o
gcc -I"/home/biocbuild/bbs-3.14-bioc/R/include" -DNDEBUG -I'/home/biocbuild/bbs-3.14-bioc/R/library/S4Vectors/include' -I'/home/biocbuild/bbs-3.14-bioc/R/library/Rhdf5lib/include' -I/usr/local/include -fpic -g -O2 -Wall -c h5mread_index.c -o h5mread_index.o
gcc -I"/home/biocbuild/bbs-3.14-bioc/R/include" -DNDEBUG -I'/home/biocbuild/bbs-3.14-bioc/R/library/S4Vectors/include' -I'/home/biocbuild/bbs-3.14-bioc/R/library/Rhdf5lib/include' -I/usr/local/include -fpic -g -O2 -Wall -c h5mread_sparse.c -o h5mread_sparse.o
h5mread_sparse.c:206:13: warning: ‘NOT_USED_make_nzindex_from_bufs’ defined but not used [-Wunused-function]
206 | static SEXP NOT_USED_make_nzindex_from_bufs(const IntAEAE *nzindex_bufs,
| ^~~~~~~~~~~~~~~~~~~~~~~~~~~~~~~
h5mread_sparse.c:179:13: warning: ‘NOT_USED_make_nzdata_from_IntAE_bufs’ defined but not used [-Wunused-function]
179 | static SEXP NOT_USED_make_nzdata_from_IntAE_bufs(const IntAEAE *nzdata_bufs,
| ^~~~~~~~~~~~~~~~~~~~~~~~~~~~~~~~~~~~
h5mread_sparse.c:123:13: warning: ‘NOT_USED_make_nzindex_from_buf’ defined but not used [-Wunused-function]
123 | static SEXP NOT_USED_make_nzindex_from_buf(const IntAE *nzindex_buf,
| ^~~~~~~~~~~~~~~~~~~~~~~~~~~~~~
gcc -I"/home/biocbuild/bbs-3.14-bioc/R/include" -DNDEBUG -I'/home/biocbuild/bbs-3.14-bioc/R/library/S4Vectors/include' -I'/home/biocbuild/bbs-3.14-bioc/R/library/Rhdf5lib/include' -I/usr/local/include -fpic -g -O2 -Wall -c h5mread.c -o h5mread.o
gcc -I"/home/biocbuild/bbs-3.14-bioc/R/include" -DNDEBUG -I'/home/biocbuild/bbs-3.14-bioc/R/library/S4Vectors/include' -I'/home/biocbuild/bbs-3.14-bioc/R/library/Rhdf5lib/include' -I/usr/local/include -fpic -g -O2 -Wall -c h5summarize.c -o h5summarize.o
gcc -I"/home/biocbuild/bbs-3.14-bioc/R/include" -DNDEBUG -I'/home/biocbuild/bbs-3.14-bioc/R/library/S4Vectors/include' -I'/home/biocbuild/bbs-3.14-bioc/R/library/Rhdf5lib/include' -I/usr/local/include -fpic -g -O2 -Wall -c R_init_HDF5Array.c -o R_init_HDF5Array.o
gcc -shared -L/home/biocbuild/bbs-3.14-bioc/R/lib -L/usr/local/lib -o HDF5Array.so S4Vectors_stubs.o H5File.o global_errmsg_buf.o H5DSetDescriptor.o h5dimscales.o uaselection.o h5mread_helpers.o h5mread_startscounts.o ChunkIterator.o h5mread_index.o h5mread_sparse.o h5mread.o h5summarize.o R_init_HDF5Array.o /home/biocbuild/bbs-3.14-bioc/R/library/Rhdf5lib/lib/libhdf5_hl.a /home/biocbuild/bbs-3.14-bioc/R/library/Rhdf5lib/lib/libhdf5.a /home/biocbuild/bbs-3.14-bioc/R/library/Rhdf5lib/lib/libsz.a -lcrypto -lcurl -lz -L/home/biocbuild/bbs-3.14-bioc/R/lib -lR
installing to /home/biocbuild/bbs-3.14-bioc/R/library/00LOCK-HDF5Array/00new/HDF5Array/libs
** R
** inst
** byte-compile and prepare package for lazy loading
** help
*** installing help indices
** building package indices
** testing if installed package can be loaded from temporary location
** checking absolute paths in shared objects and dynamic libraries
** testing if installed package can be loaded from final location
** testing if installed package keeps a record of temporary installation path
* DONE (HDF5Array)
HDF5Array.Rcheck/tests/run_unitTests.Rout
R version 4.1.3 (2022-03-10) -- "One Push-Up"
Copyright (C) 2022 The R Foundation for Statistical Computing
Platform: x86_64-pc-linux-gnu (64-bit)
R is free software and comes with ABSOLUTELY NO WARRANTY.
You are welcome to redistribute it under certain conditions.
Type 'license()' or 'licence()' for distribution details.
R is a collaborative project with many contributors.
Type 'contributors()' for more information and
'citation()' on how to cite R or R packages in publications.
Type 'demo()' for some demos, 'help()' for on-line help, or
'help.start()' for an HTML browser interface to help.
Type 'q()' to quit R.
> require("HDF5Array") || stop("unable to load HDF5Array package")
Loading required package: HDF5Array
Loading required package: DelayedArray
Loading required package: stats4
Loading required package: Matrix
Loading required package: BiocGenerics
Attaching package: 'BiocGenerics'
The following objects are masked from 'package:stats':
IQR, mad, sd, var, xtabs
The following objects are masked from 'package:base':
Filter, Find, Map, Position, Reduce, anyDuplicated, append,
as.data.frame, basename, cbind, colnames, dirname, do.call,
duplicated, eval, evalq, get, grep, grepl, intersect, is.unsorted,
lapply, mapply, match, mget, order, paste, pmax, pmax.int, pmin,
pmin.int, rank, rbind, rownames, sapply, setdiff, sort, table,
tapply, union, unique, unsplit, which.max, which.min
Loading required package: MatrixGenerics
Loading required package: matrixStats
Attaching package: 'MatrixGenerics'
The following objects are masked from 'package:matrixStats':
colAlls, colAnyNAs, colAnys, colAvgsPerRowSet, colCollapse,
colCounts, colCummaxs, colCummins, colCumprods, colCumsums,
colDiffs, colIQRDiffs, colIQRs, colLogSumExps, colMadDiffs,
colMads, colMaxs, colMeans2, colMedians, colMins, colOrderStats,
colProds, colQuantiles, colRanges, colRanks, colSdDiffs, colSds,
colSums2, colTabulates, colVarDiffs, colVars, colWeightedMads,
colWeightedMeans, colWeightedMedians, colWeightedSds,
colWeightedVars, rowAlls, rowAnyNAs, rowAnys, rowAvgsPerColSet,
rowCollapse, rowCounts, rowCummaxs, rowCummins, rowCumprods,
rowCumsums, rowDiffs, rowIQRDiffs, rowIQRs, rowLogSumExps,
rowMadDiffs, rowMads, rowMaxs, rowMeans2, rowMedians, rowMins,
rowOrderStats, rowProds, rowQuantiles, rowRanges, rowRanks,
rowSdDiffs, rowSds, rowSums2, rowTabulates, rowVarDiffs, rowVars,
rowWeightedMads, rowWeightedMeans, rowWeightedMedians,
rowWeightedSds, rowWeightedVars
Loading required package: S4Vectors
Attaching package: 'S4Vectors'
The following objects are masked from 'package:Matrix':
expand, unname
The following objects are masked from 'package:base':
I, expand.grid, unname
Loading required package: IRanges
Attaching package: 'DelayedArray'
The following objects are masked from 'package:base':
aperm, apply, rowsum, scale, sweep
Loading required package: rhdf5
Attaching package: 'HDF5Array'
The following object is masked from 'package:rhdf5':
h5ls
[1] TRUE
> HDF5Array:::.test()
Loading required package: SummarizedExperiment
Loading required package: GenomicRanges
Loading required package: GenomeInfoDb
Loading required package: Biobase
Welcome to Bioconductor
Vignettes contain introductory material; view with
'browseVignettes()'. To cite Bioconductor, see
'citation("Biobase")', and for packages 'citation("pkgname")'.
Attaching package: 'Biobase'
The following object is masked from 'package:MatrixGenerics':
rowMedians
The following objects are masked from 'package:matrixStats':
anyMissing, rowMedians
RUNIT TEST PROTOCOL -- Tue Apr 12 07:50:33 2022
***********************************************
Number of test functions: 15
Number of errors: 0
Number of failures: 0
1 Test Suite :
HDF5Array RUnit Tests - 15 test functions, 0 errors, 0 failures
Number of test functions: 15
Number of errors: 0
Number of failures: 0
>
> proc.time()
user system elapsed
26.679 1.513 27.915
HDF5Array.Rcheck/HDF5Array-Ex.timings
| name | user | system | elapsed | |
| H5ADMatrix-class | 2.420 | 0.117 | 2.537 | |
| H5ADMatrixSeed-class | 0.072 | 0.004 | 0.076 | |
| H5File-class | 0.160 | 0.004 | 3.362 | |
| H5SparseMatrix-class | 0.100 | 0.000 | 0.103 | |
| H5SparseMatrixSeed-class | 0.000 | 0.001 | 0.001 | |
| HDF5Array-class | 2.101 | 0.796 | 4.080 | |
| HDF5ArraySeed-class | 0.087 | 0.012 | 0.100 | |
| ReshapedHDF5Array-class | 0.120 | 0.008 | 0.127 | |
| ReshapedHDF5ArraySeed-class | 0.059 | 0.000 | 0.060 | |
| TENxMatrix-class | 126.086 | 35.700 | 52.042 | |
| TENxMatrixSeed-class | 4.758 | 0.327 | 5.562 | |
| dump-management | 0.321 | 0.016 | 0.336 | |
| h5ls | 0.006 | 0.000 | 0.007 | |
| h5mread | 58.747 | 3.126 | 67.141 | |
| h5mread_from_reshaped | 0.229 | 0.004 | 0.233 | |
| h5writeDimnames | 0.591 | 0.060 | 0.651 | |
| saveHDF5SummarizedExperiment | 0.731 | 0.024 | 0.755 | |
| writeHDF5Array | 0.422 | 0.032 | 0.454 | |
| writeTENxMatrix | 16.699 | 0.916 | 18.074 | |