| Back to Multiple platform build/check report for BioC 3.14 |
|
This page was generated on 2022-04-13 12:06:37 -0400 (Wed, 13 Apr 2022).
| Hostname | OS | Arch (*) | R version | Installed pkgs |
|---|---|---|---|---|
| nebbiolo2 | Linux (Ubuntu 20.04.4 LTS) | x86_64 | 4.1.3 (2022-03-10) -- "One Push-Up" | 4324 |
| tokay2 | Windows Server 2012 R2 Standard | x64 | 4.1.3 (2022-03-10) -- "One Push-Up" | 4077 |
| machv2 | macOS 10.14.6 Mojave | x86_64 | 4.1.3 (2022-03-10) -- "One Push-Up" | 4137 |
| Click on any hostname to see more info about the system (e.g. compilers) (*) as reported by 'uname -p', except on Windows and Mac OS X | ||||
|
To the developers/maintainers of the GENIE3 package: - Please allow up to 24 hours (and sometimes 48 hours) for your latest push to git@git.bioconductor.org:packages/GENIE3.git to reflect on this report. See How and When does the builder pull? When will my changes propagate? for more information. - Make sure to use the following settings in order to reproduce any error or warning you see on this page. |
| Package 741/2083 | Hostname | OS / Arch | INSTALL | BUILD | CHECK | BUILD BIN | ||||||||
| GENIE3 1.16.0 (landing page) Van Anh Huynh-Thu
| nebbiolo2 | Linux (Ubuntu 20.04.4 LTS) / x86_64 | OK | OK | WARNINGS | |||||||||
| tokay2 | Windows Server 2012 R2 Standard / x64 | OK | OK | WARNINGS | OK | |||||||||
| machv2 | macOS 10.14.6 Mojave / x86_64 | OK | OK | WARNINGS | OK | |||||||||
| Package: GENIE3 |
| Version: 1.16.0 |
| Command: C:\Users\biocbuild\bbs-3.14-bioc\R\bin\R.exe CMD check --force-multiarch --install=check:GENIE3.install-out.txt --library=C:\Users\biocbuild\bbs-3.14-bioc\R\library --no-vignettes --timings GENIE3_1.16.0.tar.gz |
| StartedAt: 2022-04-12 20:12:40 -0400 (Tue, 12 Apr 2022) |
| EndedAt: 2022-04-12 20:13:55 -0400 (Tue, 12 Apr 2022) |
| EllapsedTime: 75.6 seconds |
| RetCode: 0 |
| Status: WARNINGS |
| CheckDir: GENIE3.Rcheck |
| Warnings: 1 |
############################################################################## ############################################################################## ### ### Running command: ### ### C:\Users\biocbuild\bbs-3.14-bioc\R\bin\R.exe CMD check --force-multiarch --install=check:GENIE3.install-out.txt --library=C:\Users\biocbuild\bbs-3.14-bioc\R\library --no-vignettes --timings GENIE3_1.16.0.tar.gz ### ############################################################################## ############################################################################## * using log directory 'C:/Users/biocbuild/bbs-3.14-bioc/meat/GENIE3.Rcheck' * using R version 4.1.3 (2022-03-10) * using platform: x86_64-w64-mingw32 (64-bit) * using session charset: ISO8859-1 * using option '--no-vignettes' * checking for file 'GENIE3/DESCRIPTION' ... OK * checking extension type ... Package * this is package 'GENIE3' version '1.16.0' * checking package namespace information ... OK * checking package dependencies ... OK * checking if this is a source package ... OK * checking if there is a namespace ... OK * checking for hidden files and directories ... OK * checking for portable file names ... OK * checking whether package 'GENIE3' can be installed ... OK * checking installed package size ... OK * checking package directory ... OK * checking 'build' directory ... OK * checking DESCRIPTION meta-information ... OK * checking top-level files ... OK * checking for left-over files ... OK * checking index information ... OK * checking package subdirectories ... OK * checking R files for non-ASCII characters ... OK * checking R files for syntax errors ... OK * loading checks for arch 'i386' ** checking whether the package can be loaded ... OK ** checking whether the package can be loaded with stated dependencies ... OK ** checking whether the package can be unloaded cleanly ... OK ** checking whether the namespace can be loaded with stated dependencies ... OK ** checking whether the namespace can be unloaded cleanly ... OK * loading checks for arch 'x64' ** checking whether the package can be loaded ... OK ** checking whether the package can be loaded with stated dependencies ... OK ** checking whether the package can be unloaded cleanly ... OK ** checking whether the namespace can be loaded with stated dependencies ... OK ** checking whether the namespace can be unloaded cleanly ... OK * checking dependencies in R code ... OK * checking S3 generic/method consistency ... OK * checking replacement functions ... OK * checking foreign function calls ... OK * checking R code for possible problems ... OK * checking Rd files ... OK * checking Rd metadata ... OK * checking Rd cross-references ... OK * checking for missing documentation entries ... WARNING Undocumented S4 methods: generic 'GENIE3' and siglist 'ExpressionSet' generic 'GENIE3' and siglist 'SummarizedExperiment' generic 'GENIE3' and siglist 'matrix' All user-level objects in a package (including S4 classes and methods) should have documentation entries. See chapter 'Writing R documentation files' in the 'Writing R Extensions' manual. * checking for code/documentation mismatches ... OK * checking Rd \usage sections ... OK * checking Rd contents ... OK * checking for unstated dependencies in examples ... OK * checking line endings in C/C++/Fortran sources/headers ... OK * checking compiled code ... NOTE Note: information on .o files for i386 is not available Note: information on .o files for x64 is not available File 'C:/Users/biocbuild/bbs-3.14-bioc/R/library/GENIE3/libs/i386/GENIE3.dll': Found 'abort', possibly from 'abort' (C), 'runtime' (Fortran) File 'C:/Users/biocbuild/bbs-3.14-bioc/R/library/GENIE3/libs/x64/GENIE3.dll': Found 'abort', possibly from 'abort' (C), 'runtime' (Fortran) Compiled code should not call entry points which might terminate R nor write to stdout/stderr instead of to the console, nor use Fortran I/O nor system RNGs. The detected symbols are linked into the code but might come from libraries and not actually be called. See 'Writing portable packages' in the 'Writing R Extensions' manual. * checking files in 'vignettes' ... OK * checking examples ... ** running examples for arch 'i386' ... OK ** running examples for arch 'x64' ... OK * checking for unstated dependencies in 'tests' ... OK * checking tests ... ** running tests for arch 'i386' ... Running 'testthat.R' OK ** running tests for arch 'x64' ... Running 'testthat.R' OK * checking for unstated dependencies in vignettes ... OK * checking package vignettes in 'inst/doc' ... OK * checking running R code from vignettes ... SKIPPED * checking re-building of vignette outputs ... SKIPPED * checking PDF version of manual ... OK * DONE Status: 1 WARNING, 1 NOTE See 'C:/Users/biocbuild/bbs-3.14-bioc/meat/GENIE3.Rcheck/00check.log' for details.
GENIE3.Rcheck/00install.out
##############################################################################
##############################################################################
###
### Running command:
###
### C:\cygwin\bin\curl.exe -O http://155.52.207.166/BBS/3.14/bioc/src/contrib/GENIE3_1.16.0.tar.gz && rm -rf GENIE3.buildbin-libdir && mkdir GENIE3.buildbin-libdir && C:\Users\biocbuild\bbs-3.14-bioc\R\bin\R.exe CMD INSTALL --merge-multiarch --build --library=GENIE3.buildbin-libdir GENIE3_1.16.0.tar.gz && C:\Users\biocbuild\bbs-3.14-bioc\R\bin\R.exe CMD INSTALL GENIE3_1.16.0.zip && rm GENIE3_1.16.0.tar.gz GENIE3_1.16.0.zip
###
##############################################################################
##############################################################################
% Total % Received % Xferd Average Speed Time Time Time Current
Dload Upload Total Spent Left Speed
0 0 0 0 0 0 0 0 --:--:-- --:--:-- --:--:-- 0
69 24972 69 17341 0 0 144k 0 --:--:-- --:--:-- --:--:-- 144k
100 24972 100 24972 0 0 207k 0 --:--:-- --:--:-- --:--:-- 208k
install for i386
* installing *source* package 'GENIE3' ...
** using staged installation
** libs
"C:/rtools40/mingw32/bin/"gcc -I"C:/Users/BIOCBU~1/BBS-3~1.14-/R/include" -DNDEBUG -I"C:/extsoft/include" -O2 -Wall -std=gnu99 -mfpmath=sse -msse2 -mstackrealign -c GENIE3.c -o GENIE3.o
GENIE3.c: In function 'find_the_best_threshold_multiregr':
GENIE3.c:1368:24: warning: 'best_threshold' may be used uninitialized in this function [-Wmaybe-uninitialized]
current_threshold.f=best_threshold;
~~~~~~~~~~~~~~~~~~~^~~~~~~~~~~~~~~
GENIE3.c:1370:27: warning: 'best_info' may be used uninitialized in this function [-Wmaybe-uninitialized]
current_threshold_info=best_info;
~~~~~~~~~~~~~~~~~~~~~~^~~~~~~~~~
GENIE3.c: In function 'build_one_tree_ensemble':
GENIE3.c:1052:7: warning: 'fp' may be used uninitialized in this function [-Wmaybe-uninitialized]
write_one_tree(current_tree, fp);
^~~~~~~~~~~~~~~~~~~~~~~~~~~~~~~~
GENIE3.c: In function 'find_the_best_threshold_symb_multiregr':
GENIE3.c:1466:27: warning: 'best_info' may be used uninitialized in this function [-Wmaybe-uninitialized]
current_threshold_info=best_info;
~~~~~~~~~~~~~~~~~~~~~~^~~~~~~~~~
GENIE3.c: In function 'compute_ltrees_variable_importance_multiregr_separate':
GENIE3.c:1762:10: warning: 'flag_continue' may be used uninitialized in this function [-Wmaybe-uninitialized]
return flag_continue;
^~~~~~~~~~~~~
C:/rtools40/mingw32/bin/gcc -shared -s -static-libgcc -o GENIE3.dll tmp.def GENIE3.o -LC:/extsoft/lib/i386 -LC:/extsoft/lib -LC:/Users/BIOCBU~1/BBS-3~1.14-/R/bin/i386 -lR
installing to C:/Users/biocbuild/bbs-3.14-bioc/meat/GENIE3.buildbin-libdir/00LOCK-GENIE3/00new/GENIE3/libs/i386
** R
** inst
** byte-compile and prepare package for lazy loading
in method for 'GENIE3' with signature '"SummarizedExperiment"': no definition for class "SummarizedExperiment"
in method for 'GENIE3' with signature '"ExpressionSet"': no definition for class "ExpressionSet"
** help
*** installing help indices
converting help for package 'GENIE3'
finding HTML links ... done
GENIE3 html
getLinkList html
** building package indices
** installing vignettes
** testing if installed package can be loaded from temporary location
** testing if installed package can be loaded from final location
** testing if installed package keeps a record of temporary installation path
install for x64
* installing *source* package 'GENIE3' ...
** libs
"C:/rtools40/mingw64/bin/"gcc -I"C:/Users/BIOCBU~1/BBS-3~1.14-/R/include" -DNDEBUG -I"C:/extsoft/include" -O2 -Wall -std=gnu99 -mfpmath=sse -msse2 -mstackrealign -c GENIE3.c -o GENIE3.o
GENIE3.c: In function 'find_the_best_threshold_multiregr':
GENIE3.c:1368:24: warning: 'best_threshold' may be used uninitialized in this function [-Wmaybe-uninitialized]
current_threshold.f=best_threshold;
~~~~~~~~~~~~~~~~~~~^~~~~~~~~~~~~~~
GENIE3.c:1370:27: warning: 'best_info' may be used uninitialized in this function [-Wmaybe-uninitialized]
current_threshold_info=best_info;
~~~~~~~~~~~~~~~~~~~~~~^~~~~~~~~~
GENIE3.c: In function 'build_one_tree_ensemble':
GENIE3.c:1052:7: warning: 'fp' may be used uninitialized in this function [-Wmaybe-uninitialized]
write_one_tree(current_tree, fp);
^~~~~~~~~~~~~~~~~~~~~~~~~~~~~~~~
GENIE3.c: In function 'find_the_best_threshold_symb_multiregr':
GENIE3.c:1466:27: warning: 'best_info' may be used uninitialized in this function [-Wmaybe-uninitialized]
current_threshold_info=best_info;
~~~~~~~~~~~~~~~~~~~~~~^~~~~~~~~~
GENIE3.c: In function 'compute_ltrees_variable_importance_multiregr_separate':
GENIE3.c:1762:10: warning: 'flag_continue' may be used uninitialized in this function [-Wmaybe-uninitialized]
return flag_continue;
^~~~~~~~~~~~~
C:/rtools40/mingw64/bin/gcc -shared -s -static-libgcc -o GENIE3.dll tmp.def GENIE3.o -LC:/extsoft/lib/x64 -LC:/extsoft/lib -LC:/Users/BIOCBU~1/BBS-3~1.14-/R/bin/x64 -lR
installing to C:/Users/biocbuild/bbs-3.14-bioc/meat/GENIE3.buildbin-libdir/GENIE3/libs/x64
** testing if installed package can be loaded
* MD5 sums
packaged installation of 'GENIE3' as GENIE3_1.16.0.zip
* DONE (GENIE3)
* installing to library 'C:/Users/biocbuild/bbs-3.14-bioc/R/library'
package 'GENIE3' successfully unpacked and MD5 sums checked
|
GENIE3.Rcheck/tests_i386/testthat.Rout
R version 4.1.3 (2022-03-10) -- "One Push-Up"
Copyright (C) 2022 The R Foundation for Statistical Computing
Platform: i386-w64-mingw32/i386 (32-bit)
R is free software and comes with ABSOLUTELY NO WARRANTY.
You are welcome to redistribute it under certain conditions.
Type 'license()' or 'licence()' for distribution details.
R is a collaborative project with many contributors.
Type 'contributors()' for more information and
'citation()' on how to cite R or R packages in publications.
Type 'demo()' for some demos, 'help()' for on-line help, or
'help.start()' for an HTML browser interface to help.
Type 'q()' to quit R.
>
> testthat::test_check("GENIE3")
Loading required package: GENIE3
[ FAIL 0 | WARN 0 | SKIP 0 | PASS 49 ]
>
> proc.time()
user system elapsed
6.90 0.48 7.39
|
GENIE3.Rcheck/tests_x64/testthat.Rout
R version 4.1.3 (2022-03-10) -- "One Push-Up"
Copyright (C) 2022 The R Foundation for Statistical Computing
Platform: x86_64-w64-mingw32/x64 (64-bit)
R is free software and comes with ABSOLUTELY NO WARRANTY.
You are welcome to redistribute it under certain conditions.
Type 'license()' or 'licence()' for distribution details.
R is a collaborative project with many contributors.
Type 'contributors()' for more information and
'citation()' on how to cite R or R packages in publications.
Type 'demo()' for some demos, 'help()' for on-line help, or
'help.start()' for an HTML browser interface to help.
Type 'q()' to quit R.
>
> testthat::test_check("GENIE3")
Loading required package: GENIE3
[ FAIL 0 | WARN 0 | SKIP 0 | PASS 49 ]
>
> proc.time()
user system elapsed
7.29 0.40 7.67
|
|
GENIE3.Rcheck/examples_i386/GENIE3-Ex.timings
|
GENIE3.Rcheck/examples_x64/GENIE3-Ex.timings
|