| Back to Multiple platform build/check report for BioC 3.14 |
|
This page was generated on 2022-04-13 12:05:10 -0400 (Wed, 13 Apr 2022).
| Hostname | OS | Arch (*) | R version | Installed pkgs |
|---|---|---|---|---|
| nebbiolo2 | Linux (Ubuntu 20.04.4 LTS) | x86_64 | 4.1.3 (2022-03-10) -- "One Push-Up" | 4324 |
| tokay2 | Windows Server 2012 R2 Standard | x64 | 4.1.3 (2022-03-10) -- "One Push-Up" | 4077 |
| machv2 | macOS 10.14.6 Mojave | x86_64 | 4.1.3 (2022-03-10) -- "One Push-Up" | 4137 |
| Click on any hostname to see more info about the system (e.g. compilers) (*) as reported by 'uname -p', except on Windows and Mac OS X | ||||
|
To the developers/maintainers of the ChIPQC package: - Please allow up to 24 hours (and sometimes 48 hours) for your latest push to git@git.bioconductor.org:packages/ChIPQC.git to reflect on this report. See How and When does the builder pull? When will my changes propagate? for more information. - Make sure to use the following settings in order to reproduce any error or warning you see on this page. |
| Package 303/2083 | Hostname | OS / Arch | INSTALL | BUILD | CHECK | BUILD BIN | ||||||||
| ChIPQC 1.30.0 (landing page) Tom Carroll
| nebbiolo2 | Linux (Ubuntu 20.04.4 LTS) / x86_64 | OK | OK | WARNINGS | |||||||||
| tokay2 | Windows Server 2012 R2 Standard / x64 | OK | OK | WARNINGS | OK | |||||||||
| machv2 | macOS 10.14.6 Mojave / x86_64 | OK | OK | WARNINGS | OK | |||||||||
| Package: ChIPQC |
| Version: 1.30.0 |
| Command: /home/biocbuild/bbs-3.14-bioc/R/bin/R CMD check --install=check:ChIPQC.install-out.txt --library=/home/biocbuild/bbs-3.14-bioc/R/library --no-vignettes --timings ChIPQC_1.30.0.tar.gz |
| StartedAt: 2022-04-12 06:47:37 -0400 (Tue, 12 Apr 2022) |
| EndedAt: 2022-04-12 06:53:23 -0400 (Tue, 12 Apr 2022) |
| EllapsedTime: 346.2 seconds |
| RetCode: 0 |
| Status: WARNINGS |
| CheckDir: ChIPQC.Rcheck |
| Warnings: 1 |
##############################################################################
##############################################################################
###
### Running command:
###
### /home/biocbuild/bbs-3.14-bioc/R/bin/R CMD check --install=check:ChIPQC.install-out.txt --library=/home/biocbuild/bbs-3.14-bioc/R/library --no-vignettes --timings ChIPQC_1.30.0.tar.gz
###
##############################################################################
##############################################################################
* using log directory ‘/home/biocbuild/bbs-3.14-bioc/meat/ChIPQC.Rcheck’
* using R version 4.1.3 (2022-03-10)
* using platform: x86_64-pc-linux-gnu (64-bit)
* using session charset: UTF-8
* using option ‘--no-vignettes’
* checking for file ‘ChIPQC/DESCRIPTION’ ... OK
* checking extension type ... Package
* this is package ‘ChIPQC’ version ‘1.30.0’
* checking package namespace information ... OK
* checking package dependencies ... OK
* checking if this is a source package ... OK
* checking if there is a namespace ... OK
* checking for hidden files and directories ... OK
* checking for portable file names ... OK
* checking for sufficient/correct file permissions ... OK
* checking whether package ‘ChIPQC’ can be installed ... OK
* checking installed package size ... OK
* checking package directory ... OK
* checking ‘build’ directory ... OK
* checking DESCRIPTION meta-information ... OK
* checking top-level files ... OK
* checking for left-over files ... OK
* checking index information ... OK
* checking package subdirectories ... OK
* checking R files for non-ASCII characters ... OK
* checking R files for syntax errors ... OK
* checking whether the package can be loaded ... OK
* checking whether the package can be loaded with stated dependencies ... OK
* checking whether the package can be unloaded cleanly ... OK
* checking whether the namespace can be loaded with stated dependencies ... OK
* checking whether the namespace can be unloaded cleanly ... OK
* checking dependencies in R code ... NOTE
Unexported object imported by a ':::' call: ‘S4Vectors:::tabulate2’
See the note in ?`:::` about the use of this operator.
* checking S3 generic/method consistency ... OK
* checking replacement functions ... OK
* checking foreign function calls ... NOTE
Foreign function call to a different package:
.Call("rle_sum_any", ..., PACKAGE = "chipseq")
See chapter ‘System and foreign language interfaces’ in the ‘Writing R
Extensions’ manual.
* checking R code for possible problems ... NOTE
GetGRanges: no visible global function definition for ‘seqlevels<-’
findCovMaxPos: no visible global function definition for ‘seqlengths’
findCovMaxPos: no visible global function definition for ‘seqlengths<-’
getAnnotation: no visible binding for global variable
‘TxDb.Hsapiens.UCSC.hg38.knownGene’
getAnnotation: no visible global function definition for ‘seqlengths’
makeCCplot: no visible binding for global variable ‘Shift_Size’
makeCCplot: no visible binding for global variable ‘CC_Score’
makeCoveragePlot: no visible binding for global variable ‘Depth’
makeCoveragePlot: no visible binding for global variable ‘log10_bp’
makeCoveragePlot: no visible binding for global variable ‘Sample’
makeFriblPlot: no visible binding for global variable ‘Sample’
makeFriblPlot: no visible binding for global variable ‘FRIBL’
makeFriblPlot: no visible binding for global variable ‘Reads’
makeFripPlot: no visible binding for global variable ‘Sample’
makeFripPlot: no visible binding for global variable ‘FRIP’
makeFripPlot: no visible binding for global variable ‘Reads’
makePeakProfilePlot: no visible binding for global variable ‘Distance’
makePeakProfilePlot: no visible binding for global variable ‘Signal’
makeRapPlot: no visible binding for global variable ‘Sample’
makeRapPlot: no visible binding for global variable ‘CountsInPeaks’
makeRegiPlot: no visible binding for global variable ‘Sample’
makeRegiPlot: no visible binding for global variable ‘GenomicIntervals’
makeRegiPlot: no visible binding for global variable ‘log2_Enrichment’
makeSSDPlot: no visible binding for global variable ‘Sample’
makeSSDPlot: no visible binding for global variable ‘SSD’
makeSSDPlot: no visible global function definition for ‘geom_point’
sampleQC: no visible global function definition for ‘seqlevels<-’
plotCC,ChIPQCexperiment: no visible binding for global variable
‘Sample’
plotCC,list: no visible binding for global variable ‘Sample’
plotPeakProfile,ChIPQCexperiment: no visible binding for global
variable ‘Sample’
plotPeakProfile,list: no visible binding for global variable ‘Sample’
Undefined global functions or variables:
CC_Score CountsInPeaks Depth Distance FRIBL FRIP GenomicIntervals
Reads SSD Sample Shift_Size Signal TxDb.Hsapiens.UCSC.hg38.knownGene
geom_point log10_bp log2_Enrichment seqlengths seqlengths<-
seqlevels<-
Consider adding
importFrom("stats", "SSD")
to your NAMESPACE file.
* checking Rd files ... OK
* checking Rd metadata ... OK
* checking Rd cross-references ... OK
* checking for missing documentation entries ... OK
* checking for code/documentation mismatches ... OK
* checking Rd \usage sections ... OK
* checking Rd contents ... OK
* checking for unstated dependencies in examples ... OK
* checking contents of ‘data’ directory ... OK
* checking data for non-ASCII characters ... WARNING
Error loading dataset 'exampleExp':
Error in .requirePackage(package) :
unable to find required package 'ChIPQC'
Error loading dataset 'tamoxifen':
Error in .requirePackage(package) :
unable to find required package 'ChIPQC'
The dataset(s) may use package(s) not declared in the DESCRIPTION file.
* checking data for ASCII and uncompressed saves ... OK
* checking installed files from ‘inst/doc’ ... OK
* checking files in ‘vignettes’ ... OK
* checking examples ... OK
Examples with CPU (user + system) or elapsed time > 5s
user system elapsed
ChIPQCreport 19.727 0.469 20.195
* checking for unstated dependencies in vignettes ... OK
* checking package vignettes in ‘inst/doc’ ... OK
* checking running R code from vignettes ... SKIPPED
* checking re-building of vignette outputs ... SKIPPED
* checking PDF version of manual ... OK
* DONE
Status: 1 WARNING, 3 NOTEs
See
‘/home/biocbuild/bbs-3.14-bioc/meat/ChIPQC.Rcheck/00check.log’
for details.
ChIPQC.Rcheck/00install.out
############################################################################## ############################################################################## ### ### Running command: ### ### /home/biocbuild/bbs-3.14-bioc/R/bin/R CMD INSTALL ChIPQC ### ############################################################################## ############################################################################## * installing to library ‘/home/biocbuild/bbs-3.14-bioc/R/library’ * installing *source* package ‘ChIPQC’ ... ** using staged installation ** R ** data ** inst ** byte-compile and prepare package for lazy loading ** help *** installing help indices ** building package indices ** installing vignettes ‘ChIPQC.Rnw’ ** testing if installed package can be loaded from temporary location ** testing if installed package can be loaded from final location ** testing if installed package keeps a record of temporary installation path * DONE (ChIPQC)
ChIPQC.Rcheck/ChIPQC-Ex.timings
| name | user | system | elapsed | |
| ChIPQC-data | 1.000 | 0.024 | 1.024 | |
| ChIPQC | 0.340 | 0.012 | 0.352 | |
| ChIPQCexperiment-class | 1.469 | 0.087 | 1.557 | |
| ChIPQCreport | 19.727 | 0.469 | 20.195 | |
| ChIPQCsample-class | 0.975 | 0.028 | 1.003 | |
| FragmentLengthCrossCoverage-methods | 0.047 | 0.000 | 0.047 | |
| Normalisedaveragepeaksignal-methods | 0.021 | 0.004 | 0.025 | |
| QCannotation-methods | 0.014 | 0.000 | 0.015 | |
| QCcontrol-methods | 0.203 | 0.000 | 0.204 | |
| QCdba-methods | 0.096 | 0.007 | 0.104 | |
| QCmetadata-methods | 0.102 | 0.004 | 0.107 | |
| QCmetrics-methods | 0.328 | 0.008 | 0.337 | |
| QCsample-methods | 0.059 | 0.000 | 0.059 | |
| ReadLengthCrossCoverage-methods | 0.015 | 0.000 | 0.015 | |
| RelativeCrossCoverage-methods | 0.046 | 0.000 | 0.046 | |
| averagepeaksignal-methods | 0.026 | 0.000 | 0.026 | |
| coveragehistogram-methods | 0.020 | 0.004 | 0.024 | |
| crosscoverage-methods | 0.023 | 0.000 | 0.024 | |
| duplicateRate-methods | 0.015 | 0.000 | 0.014 | |
| duplicates-methods | 0.015 | 0.000 | 0.015 | |
| flagtagcounts-methods | 0.010 | 0.004 | 0.015 | |
| fragmentlength-methods | 0.044 | 0.004 | 0.047 | |
| frip-methods | 0.015 | 0.000 | 0.015 | |
| mapped-methods | 0.014 | 0.000 | 0.014 | |
| peaks-methods | 0.225 | 0.011 | 0.236 | |
| plotCC-methods | 0.909 | 0.013 | 0.920 | |
| plotCorHeatmap-methods | 0.169 | 0.012 | 0.181 | |
| plotCoverageHist-methods | 0.417 | 0.004 | 0.422 | |
| plotFribl-methods | 0.436 | 0.004 | 0.440 | |
| plotFrip-methods | 0.422 | 0.000 | 0.422 | |
| plotPeakProfile-methods | 1.095 | 0.008 | 1.102 | |
| plotPrincomp-methods | 0.196 | 0.000 | 0.196 | |
| plotRap-methods | 0.688 | 0.008 | 0.695 | |
| plotRegi-methods | 0.761 | 0.008 | 0.769 | |
| plotSSD-methods | 0.987 | 0.003 | 0.991 | |
| readlength-methods | 0.015 | 0.000 | 0.015 | |
| reads-methods | 0.014 | 0.000 | 0.015 | |
| regi-methods | 0.041 | 0.000 | 0.040 | |
| ribl-methods | 0.015 | 0.000 | 0.015 | |
| rip-methods | 0.015 | 0.000 | 0.015 | |
| ssd-methods | 0.015 | 0.000 | 0.015 | |