| Back to Multiple platform build/check report for BioC 3.14 |
|
This page was generated on 2022-04-13 12:06:09 -0400 (Wed, 13 Apr 2022).
| Hostname | OS | Arch (*) | R version | Installed pkgs |
|---|---|---|---|---|
| nebbiolo2 | Linux (Ubuntu 20.04.4 LTS) | x86_64 | 4.1.3 (2022-03-10) -- "One Push-Up" | 4324 |
| tokay2 | Windows Server 2012 R2 Standard | x64 | 4.1.3 (2022-03-10) -- "One Push-Up" | 4077 |
| machv2 | macOS 10.14.6 Mojave | x86_64 | 4.1.3 (2022-03-10) -- "One Push-Up" | 4137 |
| Click on any hostname to see more info about the system (e.g. compilers) (*) as reported by 'uname -p', except on Windows and Mac OS X | ||||
|
To the developers/maintainers of the AlphaBeta package: - Please allow up to 24 hours (and sometimes 48 hours) for your latest push to git@git.bioconductor.org:packages/AlphaBeta.git to reflect on this report. See How and When does the builder pull? When will my changes propagate? for more information. - Make sure to use the following settings in order to reproduce any error or warning you see on this page. |
| Package 43/2083 | Hostname | OS / Arch | INSTALL | BUILD | CHECK | BUILD BIN | ||||||||
| AlphaBeta 1.8.0 (landing page) Yadollah Shahryary Dizaji
| nebbiolo2 | Linux (Ubuntu 20.04.4 LTS) / x86_64 | OK | OK | ERROR | |||||||||
| tokay2 | Windows Server 2012 R2 Standard / x64 | OK | OK | ERROR | OK | |||||||||
| machv2 | macOS 10.14.6 Mojave / x86_64 | OK | OK | ERROR | OK | |||||||||
| Package: AlphaBeta |
| Version: 1.8.0 |
| Command: C:\Users\biocbuild\bbs-3.14-bioc\R\bin\R.exe CMD check --force-multiarch --install=check:AlphaBeta.install-out.txt --library=C:\Users\biocbuild\bbs-3.14-bioc\R\library --no-vignettes --timings AlphaBeta_1.8.0.tar.gz |
| StartedAt: 2022-04-12 15:29:41 -0400 (Tue, 12 Apr 2022) |
| EndedAt: 2022-04-12 15:42:27 -0400 (Tue, 12 Apr 2022) |
| EllapsedTime: 766.2 seconds |
| RetCode: 1 |
| Status: ERROR |
| CheckDir: AlphaBeta.Rcheck |
| Warnings: NA |
##############################################################################
##############################################################################
###
### Running command:
###
### C:\Users\biocbuild\bbs-3.14-bioc\R\bin\R.exe CMD check --force-multiarch --install=check:AlphaBeta.install-out.txt --library=C:\Users\biocbuild\bbs-3.14-bioc\R\library --no-vignettes --timings AlphaBeta_1.8.0.tar.gz
###
##############################################################################
##############################################################################
* using log directory 'C:/Users/biocbuild/bbs-3.14-bioc/meat/AlphaBeta.Rcheck'
* using R version 4.1.3 (2022-03-10)
* using platform: x86_64-w64-mingw32 (64-bit)
* using session charset: ISO8859-1
* using option '--no-vignettes'
* checking for file 'AlphaBeta/DESCRIPTION' ... OK
* checking extension type ... Package
* this is package 'AlphaBeta' version '1.8.0'
* package encoding: UTF-8
* checking package namespace information ... OK
* checking package dependencies ... OK
* checking if this is a source package ... OK
* checking if there is a namespace ... OK
* checking for hidden files and directories ... OK
* checking for portable file names ... OK
* checking whether package 'AlphaBeta' can be installed ... OK
* checking installed package size ... OK
* checking package directory ... OK
* checking 'build' directory ... OK
* checking DESCRIPTION meta-information ... OK
* checking top-level files ... NOTE
File
LICENSE
is not mentioned in the DESCRIPTION file.
* checking for left-over files ... OK
* checking index information ... OK
* checking package subdirectories ... OK
* checking R files for non-ASCII characters ... OK
* checking R files for syntax errors ... OK
* loading checks for arch 'i386'
** checking whether the package can be loaded ... OK
** checking whether the package can be loaded with stated dependencies ... OK
** checking whether the package can be unloaded cleanly ... OK
** checking whether the namespace can be loaded with stated dependencies ... OK
** checking whether the namespace can be unloaded cleanly ... OK
* loading checks for arch 'x64'
** checking whether the package can be loaded ... OK
** checking whether the package can be loaded with stated dependencies ... OK
** checking whether the package can be unloaded cleanly ... OK
** checking whether the namespace can be loaded with stated dependencies ... OK
** checking whether the namespace can be unloaded cleanly ... OK
* checking dependencies in R code ... OK
* checking S3 generic/method consistency ... OK
* checking replacement functions ... OK
* checking foreign function calls ... OK
* checking R code for possible problems ... NOTE
ABplot: no visible binding for global variable 'delta.t'
ABplot: no visible binding for global variable 'div.obs'
BOOTmodel : LSE_intercept: no visible binding for global variable 'sel'
BOOTmodel: no visible binding for global variable 'sel'
BOOTmodel: multiple local function definitions for 'divergence' with
different formal arguments
plotPedigree: no visible binding for global variable 'meth'
plotPedigree: no visible binding for global variable 'V1'
plotPedigree: no visible binding for global variable 'V2'
Undefined global functions or variables:
V1 V2 delta.t div.obs meth sel
* checking Rd files ... OK
* checking Rd metadata ... OK
* checking Rd cross-references ... OK
* checking for missing documentation entries ... OK
* checking for code/documentation mismatches ... OK
* checking Rd \usage sections ... OK
* checking Rd contents ... OK
* checking for unstated dependencies in examples ... OK
* checking files in 'vignettes' ... OK
* checking examples ...
** running examples for arch 'i386' ... ERROR
Running examples in 'AlphaBeta-Ex.R' failed
The error most likely occurred in:
> base::assign(".ptime", proc.time(), pos = "CheckExEnv")
> ### Name: plotPedigree
> ### Title: Plot Pedigree
> ### Aliases: plotPedigree
>
> ### ** Examples
>
> # Get some toy data
> file <- system.file("extdata/dm/","nodelist.fn", package="AlphaBeta")
> file2 <- system.file("extdata/dm/","edgelist.fn", package="AlphaBeta")
> plotPedigree(nodelist = file, edgelist=file2, sampling.design="sibling",vertex.label=TRUE,
+ out.pdf="Plot", output.dir=getwd() )
Error in symbols(x = coords[, 1], y = coords[, 2], bg = vertex.color, :
invalid value specified for graphical parameter "lwd"
Calls: plotPedigree -> plot.igraph -> <Anonymous> -> symbols
Execution halted
** running examples for arch 'x64' ... ERROR
Running examples in 'AlphaBeta-Ex.R' failed
The error most likely occurred in:
> base::assign(".ptime", proc.time(), pos = "CheckExEnv")
> ### Name: plotPedigree
> ### Title: Plot Pedigree
> ### Aliases: plotPedigree
>
> ### ** Examples
>
> # Get some toy data
> file <- system.file("extdata/dm/","nodelist.fn", package="AlphaBeta")
> file2 <- system.file("extdata/dm/","edgelist.fn", package="AlphaBeta")
> plotPedigree(nodelist = file, edgelist=file2, sampling.design="sibling",vertex.label=TRUE,
+ out.pdf="Plot", output.dir=getwd() )
Error in symbols(x = coords[, 1], y = coords[, 2], bg = vertex.color, :
invalid value specified for graphical parameter "lwd"
Calls: plotPedigree -> plot.igraph -> <Anonymous> -> symbols
Execution halted
* checking for unstated dependencies in vignettes ... OK
* checking package vignettes in 'inst/doc' ... OK
* checking running R code from vignettes ... SKIPPED
* checking re-building of vignette outputs ... SKIPPED
* checking PDF version of manual ... OK
* DONE
Status: 2 ERRORs, 2 NOTEs
See
'C:/Users/biocbuild/bbs-3.14-bioc/meat/AlphaBeta.Rcheck/00check.log'
for details.
AlphaBeta.Rcheck/00install.out
##############################################################################
##############################################################################
###
### Running command:
###
### C:\cygwin\bin\curl.exe -O http://155.52.207.166/BBS/3.14/bioc/src/contrib/AlphaBeta_1.8.0.tar.gz && rm -rf AlphaBeta.buildbin-libdir && mkdir AlphaBeta.buildbin-libdir && C:\Users\biocbuild\bbs-3.14-bioc\R\bin\R.exe CMD INSTALL --merge-multiarch --build --library=AlphaBeta.buildbin-libdir AlphaBeta_1.8.0.tar.gz && C:\Users\biocbuild\bbs-3.14-bioc\R\bin\R.exe CMD INSTALL AlphaBeta_1.8.0.zip && rm AlphaBeta_1.8.0.tar.gz AlphaBeta_1.8.0.zip
###
##############################################################################
##############################################################################
% Total % Received % Xferd Average Speed Time Time Time Current
Dload Upload Total Spent Left Speed
0 0 0 0 0 0 0 0 --:--:-- --:--:-- --:--:-- 0
30 2530k 30 771k 0 0 860k 0 0:00:02 --:--:-- 0:00:02 860k
99 2530k 99 2512k 0 0 1324k 0 0:00:01 0:00:01 --:--:-- 1324k
100 2530k 100 2530k 0 0 1333k 0 0:00:01 0:00:01 --:--:-- 1333k
install for i386
* installing *source* package 'AlphaBeta' ...
** using staged installation
** R
** inst
** byte-compile and prepare package for lazy loading
** help
*** installing help indices
converting help for package 'AlphaBeta'
finding HTML links ... done
ABneutral html
ABneutralSOMA html
ABnull html
ABplot html
ABselectMM html
ABselectMMSOMA html
ABselectUU html
ABselectUUSOMA html
BOOTmodel html
FtestRSS html
buildPedigree html
dMatrix html
plotPedigree html
rc.meth.lvl html
** building package indices
** installing vignettes
** testing if installed package can be loaded from temporary location
** testing if installed package can be loaded from final location
** testing if installed package keeps a record of temporary installation path
install for x64
* installing *source* package 'AlphaBeta' ...
** testing if installed package can be loaded
* MD5 sums
packaged installation of 'AlphaBeta' as AlphaBeta_1.8.0.zip
* DONE (AlphaBeta)
* installing to library 'C:/Users/biocbuild/bbs-3.14-bioc/R/library'
package 'AlphaBeta' successfully unpacked and MD5 sums checked
|
AlphaBeta.Rcheck/examples_i386/AlphaBeta-Ex.timings
|
AlphaBeta.Rcheck/examples_x64/AlphaBeta-Ex.timings
|