| Back to Multiple platform build/check report for BioC 3.13 |
|
This page was generated on 2021-10-15 15:06:22 -0400 (Fri, 15 Oct 2021).
|
To the developers/maintainers of the seq2pathway package: - Please allow up to 24 hours (and sometimes 48 hours) for your latest push to git@git.bioconductor.org:packages/seq2pathway.git to reflect on this report. See How and When does the builder pull? When will my changes propagate? here for more information. - Make sure to use the following settings in order to reproduce any error or warning you see on this page. |
| Package 1730/2041 | Hostname | OS / Arch | INSTALL | BUILD | CHECK | BUILD BIN | ||||||||
| seq2pathway 1.24.0 (landing page) Arjun Kinstlick
| nebbiolo1 | Linux (Ubuntu 20.04.2 LTS) / x86_64 | OK | OK | WARNINGS | |||||||||
| tokay2 | Windows Server 2012 R2 Standard / x64 | OK | OK | WARNINGS | OK | |||||||||
| machv2 | macOS 10.14.6 Mojave / x86_64 | OK | OK | WARNINGS | OK | |||||||||
| Package: seq2pathway |
| Version: 1.24.0 |
| Command: C:\Users\biocbuild\bbs-3.13-bioc\R\bin\R.exe CMD check --force-multiarch --install=check:seq2pathway.install-out.txt --library=C:\Users\biocbuild\bbs-3.13-bioc\R\library --no-vignettes --timings seq2pathway_1.24.0.tar.gz |
| StartedAt: 2021-10-15 05:28:53 -0400 (Fri, 15 Oct 2021) |
| EndedAt: 2021-10-15 05:34:53 -0400 (Fri, 15 Oct 2021) |
| EllapsedTime: 359.8 seconds |
| RetCode: 0 |
| Status: WARNINGS |
| CheckDir: seq2pathway.Rcheck |
| Warnings: 2 |
##############################################################################
##############################################################################
###
### Running command:
###
### C:\Users\biocbuild\bbs-3.13-bioc\R\bin\R.exe CMD check --force-multiarch --install=check:seq2pathway.install-out.txt --library=C:\Users\biocbuild\bbs-3.13-bioc\R\library --no-vignettes --timings seq2pathway_1.24.0.tar.gz
###
##############################################################################
##############################################################################
* using log directory 'C:/Users/biocbuild/bbs-3.13-bioc/meat/seq2pathway.Rcheck'
* using R version 4.1.1 (2021-08-10)
* using platform: x86_64-w64-mingw32 (64-bit)
* using session charset: ISO8859-1
* using option '--no-vignettes'
* checking for file 'seq2pathway/DESCRIPTION' ... OK
* checking extension type ... Package
* this is package 'seq2pathway' version '1.24.0'
* checking package namespace information ... OK
* checking package dependencies ... OK
* checking if this is a source package ... OK
* checking if there is a namespace ... OK
* checking for hidden files and directories ... NOTE
Found the following hidden files and directories:
vignettes/.RData
These were most likely included in error. See section 'Package
structure' in the 'Writing R Extensions' manual.
* checking for portable file names ... OK
* checking whether package 'seq2pathway' can be installed ... WARNING
Found the following significant warnings:
Warning: replacing previous import 'WGCNA::cor' by 'stats::cor' when loading 'seq2pathway'
See 'C:/Users/biocbuild/bbs-3.13-bioc/meat/seq2pathway.Rcheck/00install.out' for details.
* checking installed package size ... OK
* checking package directory ... OK
* checking 'build' directory ... OK
* checking DESCRIPTION meta-information ... OK
* checking top-level files ... OK
* checking for left-over files ... OK
* checking index information ... OK
* checking package subdirectories ... NOTE
Found the following CITATION file in a non-standard place:
CITATION
Most likely 'inst/CITATION' should be used instead.
* checking R files for non-ASCII characters ... OK
* checking R files for syntax errors ... OK
* loading checks for arch 'i386'
** checking whether the package can be loaded ... OK
** checking whether the package can be loaded with stated dependencies ... OK
** checking whether the package can be unloaded cleanly ... OK
** checking whether the namespace can be loaded with stated dependencies ... OK
** checking whether the namespace can be unloaded cleanly ... OK
* loading checks for arch 'x64'
** checking whether the package can be loaded ... OK
** checking whether the package can be loaded with stated dependencies ... OK
** checking whether the package can be unloaded cleanly ... OK
** checking whether the namespace can be loaded with stated dependencies ... OK
** checking whether the namespace can be unloaded cleanly ... OK
* checking dependencies in R code ... WARNING
'library' or 'require' call not declared from: 'biomaRt'
'library' or 'require' call to 'biomaRt' in package code.
Please use :: or requireNamespace() instead.
See section 'Suggested packages' in the 'Writing R Extensions' manual.
* checking S3 generic/method consistency ... OK
* checking replacement functions ... OK
* checking foreign function calls ... OK
* checking R code for possible problems ... NOTE
FAIME_EmpiricalP: no visible global function definition for 'data'
FAIME_EmpiricalP: no visible binding for global variable
'gencode_coding'
FisherTest_GO_BP_MF_CC: no visible global function definition for
'data'
FisherTest_GO_BP_MF_CC: no visible binding for global variable
'GO_BP_list'
FisherTest_GO_BP_MF_CC: no visible binding for global variable
'GO_MF_list'
FisherTest_GO_BP_MF_CC: no visible binding for global variable
'GO_CC_list'
FisherTest_GO_BP_MF_CC: no visible binding for global variable
'Des_BP_list'
FisherTest_GO_BP_MF_CC: no visible binding for global variable
'Des_MF_list'
FisherTest_GO_BP_MF_CC: no visible binding for global variable
'Des_CC_list'
FisherTest_GO_BP_MF_CC: no visible binding for global variable
'GO_GENCODE_df_hg_v36'
FisherTest_GO_BP_MF_CC: no visible binding for global variable
'GO_GENCODE_df_hg_v19'
FisherTest_GO_BP_MF_CC: no visible binding for global variable
'GO_GENCODE_df_mm_vM25'
FisherTest_GO_BP_MF_CC: no visible binding for global variable
'GO_GENCODE_df_mm_vM1'
FisherTest_MsigDB: no visible global function definition for 'data'
FisherTest_MsigDB: no visible binding for global variable
'Msig_GENCODE_df_hg_v36'
FisherTest_MsigDB: no visible binding for global variable
'Msig_GENCODE_df_hg_v19'
FisherTest_MsigDB: no visible binding for global variable
'Msig_GENCODE_df_mm_vM25'
FisherTest_MsigDB: no visible binding for global variable
'Msig_GENCODE_df_mm_vM1'
KSrank_EmpiricalP: no visible global function definition for 'data'
KSrank_EmpiricalP: no visible binding for global variable
'gencode_coding'
Normalize_F: no visible global function definition for 'head'
cumulativerank_EmpiricalP: no visible global function definition for
'data'
cumulativerank_EmpiricalP: no visible binding for global variable
'gencode_coding'
gene2pathway_test: no visible global function definition for 'data'
gene2pathway_test: no visible binding for global variable 'GO_BP_list'
gene2pathway_test: no visible binding for global variable 'GO_MF_list'
gene2pathway_test: no visible binding for global variable 'GO_CC_list'
gene2pathway_test: no visible binding for global variable 'Des_BP_list'
gene2pathway_test: no visible binding for global variable 'Des_CC_list'
gene2pathway_test: no visible binding for global variable 'Des_MF_list'
plotTop10: no visible binding for global variable 'Fisher_odds'
plotTop10: no visible binding for global variable 'FDR'
plotTop10: no visible global function definition for 'barplot'
plotTop10: no visible global function definition for 'lines'
plotTop10: no visible global function definition for 'text'
plotTop10: no visible global function definition for 'abline'
rungene2pathway_EmpiricalP: no visible global function definition for
'txtProgressBar'
rungene2pathway_EmpiricalP: no visible global function definition for
'setTxtProgressBar'
runseq2gene: no visible global function definition for 'write.table'
runseq2gene: no visible global function definition for 'read.table'
runseq2pathway: no visible global function definition for 'data'
runseq2pathway: no visible binding for global variable 'GO_BP_list'
runseq2pathway: no visible binding for global variable 'GO_MF_list'
runseq2pathway: no visible binding for global variable 'GO_CC_list'
runseq2pathway: no visible binding for global variable 'Des_BP_list'
runseq2pathway: no visible binding for global variable 'Des_CC_list'
runseq2pathway: no visible binding for global variable 'Des_MF_list'
runseq2pathway: no visible global function definition for 'write.table'
runseq2pathway: no visible global function definition for 'read.table'
Undefined global functions or variables:
Des_BP_list Des_CC_list Des_MF_list FDR Fisher_odds GO_BP_list
GO_CC_list GO_GENCODE_df_hg_v19 GO_GENCODE_df_hg_v36
GO_GENCODE_df_mm_vM1 GO_GENCODE_df_mm_vM25 GO_MF_list
Msig_GENCODE_df_hg_v19 Msig_GENCODE_df_hg_v36 Msig_GENCODE_df_mm_vM1
Msig_GENCODE_df_mm_vM25 abline barplot data gencode_coding head lines
read.table setTxtProgressBar text txtProgressBar write.table
Consider adding
importFrom("graphics", "abline", "barplot", "lines", "text")
importFrom("utils", "data", "head", "read.table", "setTxtProgressBar",
"txtProgressBar", "write.table")
to your NAMESPACE file.
* checking Rd files ... OK
* checking Rd metadata ... OK
* checking Rd cross-references ... OK
* checking for missing documentation entries ... OK
* checking for code/documentation mismatches ... OK
* checking Rd \usage sections ... OK
* checking Rd contents ... OK
* checking for unstated dependencies in examples ... OK
* checking contents of 'data' directory ... OK
* checking data for non-ASCII characters ... OK
* checking data for ASCII and uncompressed saves ... OK
* checking files in 'vignettes' ... OK
* checking examples ...
** running examples for arch 'i386' ... OK
Examples with CPU (user + system) or elapsed time > 5s
user system elapsed
addDescription 4.28 0.00 5.44
runseq2pathway 1.74 0.04 31.89
runseq2gene 0.01 0.00 36.90
** running examples for arch 'x64' ... OK
Examples with CPU (user + system) or elapsed time > 5s
user system elapsed
runseq2pathway 1.46 0.03 29.81
runseq2gene 0.00 0.01 29.78
* checking for unstated dependencies in vignettes ... OK
* checking package vignettes in 'inst/doc' ... OK
* checking running R code from vignettes ... SKIPPED
* checking re-building of vignette outputs ... SKIPPED
* checking PDF version of manual ... OK
* DONE
Status: 2 WARNINGs, 3 NOTEs
See
'C:/Users/biocbuild/bbs-3.13-bioc/meat/seq2pathway.Rcheck/00check.log'
for details.
seq2pathway.Rcheck/00install.out
##############################################################################
##############################################################################
###
### Running command:
###
### C:\cygwin\bin\curl.exe -O http://155.52.207.165/BBS/3.13/bioc/src/contrib/seq2pathway_1.24.0.tar.gz && rm -rf seq2pathway.buildbin-libdir && mkdir seq2pathway.buildbin-libdir && C:\Users\biocbuild\bbs-3.13-bioc\R\bin\R.exe CMD INSTALL --merge-multiarch --build --library=seq2pathway.buildbin-libdir seq2pathway_1.24.0.tar.gz && C:\Users\biocbuild\bbs-3.13-bioc\R\bin\R.exe CMD INSTALL seq2pathway_1.24.0.zip && rm seq2pathway_1.24.0.tar.gz seq2pathway_1.24.0.zip
###
##############################################################################
##############################################################################
% Total % Received % Xferd Average Speed Time Time Time Current
Dload Upload Total Spent Left Speed
0 0 0 0 0 0 0 0 --:--:-- --:--:-- --:--:-- 0
100 815k 100 815k 0 0 1543k 0 --:--:-- --:--:-- --:--:-- 1547k
install for i386
* installing *source* package 'seq2pathway' ...
** using staged installation
** R
** data
** inst
** byte-compile and prepare package for lazy loading
Warning: replacing previous import 'WGCNA::cor' by 'stats::cor' when loading 'seq2pathway'
** help
*** installing help indices
converting help for package 'seq2pathway'
finding HTML links ... done
Chipseq_Peak_demo html
FisherTest_GO_BP_MF_CC html
FisherTest_MsigDB html
GRanges_demo html
addDescription html
dat_RNA html
dat_chip html
gene2pathway_test html
plotTop10 html
runseq2gene html
runseq2pathway html
** building package indices
** installing vignettes
** testing if installed package can be loaded from temporary location
Warning: replacing previous import 'WGCNA::cor' by 'stats::cor' when loading 'seq2pathway'
** testing if installed package can be loaded from final location
Warning: replacing previous import 'WGCNA::cor' by 'stats::cor' when loading 'seq2pathway'
** testing if installed package keeps a record of temporary installation path
install for x64
* installing *source* package 'seq2pathway' ...
** testing if installed package can be loaded
Warning: replacing previous import 'WGCNA::cor' by 'stats::cor' when loading 'seq2pathway'
* MD5 sums
packaged installation of 'seq2pathway' as seq2pathway_1.24.0.zip
* DONE (seq2pathway)
* installing to library 'C:/Users/biocbuild/bbs-3.13-bioc/R/library'
package 'seq2pathway' successfully unpacked and MD5 sums checked
|
seq2pathway.Rcheck/examples_i386/seq2pathway-Ex.timings
|
seq2pathway.Rcheck/examples_x64/seq2pathway-Ex.timings
|