| Back to Multiple platform build/check report for BioC 3.13 |
|
This page was generated on 2021-10-15 15:06:49 -0400 (Fri, 15 Oct 2021).
|
To the developers/maintainers of the rebook package: - Please allow up to 24 hours (and sometimes 48 hours) for your latest push to git@git.bioconductor.org:packages/rebook.git to reflect on this report. See How and When does the builder pull? When will my changes propagate? here for more information. - Make sure to use the following settings in order to reproduce any error or warning you see on this page. |
| Package 1538/2041 | Hostname | OS / Arch | INSTALL | BUILD | CHECK | BUILD BIN | ||||||||
| rebook 1.2.1 (landing page) Aaron Lun
| nebbiolo1 | Linux (Ubuntu 20.04.2 LTS) / x86_64 | OK | OK | WARNINGS | |||||||||
| tokay2 | Windows Server 2012 R2 Standard / x64 | OK | OK | WARNINGS | OK | |||||||||
| machv2 | macOS 10.14.6 Mojave / x86_64 | OK | OK | WARNINGS | OK | |||||||||
| Package: rebook |
| Version: 1.2.1 |
| Command: /Library/Frameworks/R.framework/Versions/Current/Resources/bin/R CMD check --install=check:rebook.install-out.txt --library=/Library/Frameworks/R.framework/Versions/Current/Resources/library --no-vignettes --timings rebook_1.2.1.tar.gz |
| StartedAt: 2021-10-14 22:58:14 -0400 (Thu, 14 Oct 2021) |
| EndedAt: 2021-10-14 23:00:45 -0400 (Thu, 14 Oct 2021) |
| EllapsedTime: 151.7 seconds |
| RetCode: 0 |
| Status: WARNINGS |
| CheckDir: rebook.Rcheck |
| Warnings: 1 |
##############################################################################
##############################################################################
###
### Running command:
###
### /Library/Frameworks/R.framework/Versions/Current/Resources/bin/R CMD check --install=check:rebook.install-out.txt --library=/Library/Frameworks/R.framework/Versions/Current/Resources/library --no-vignettes --timings rebook_1.2.1.tar.gz
###
##############################################################################
##############################################################################
* using log directory ‘/Users/biocbuild/bbs-3.13-bioc/meat/rebook.Rcheck’
* using R version 4.1.1 (2021-08-10)
* using platform: x86_64-apple-darwin17.0 (64-bit)
* using session charset: UTF-8
* using option ‘--no-vignettes’
* checking for file ‘rebook/DESCRIPTION’ ... OK
* this is package ‘rebook’ version ‘1.2.1’
* checking package namespace information ... OK
* checking package dependencies ... OK
* checking if this is a source package ... OK
* checking if there is a namespace ... OK
* checking for hidden files and directories ... NOTE
Found the following hidden files and directories:
.git_fetch_output.txt
.git_merge_output.txt
These were most likely included in error. See section ‘Package
structure’ in the ‘Writing R Extensions’ manual.
* checking for portable file names ... OK
* checking for sufficient/correct file permissions ... OK
* checking whether package ‘rebook’ can be installed ... OK
* checking installed package size ... OK
* checking package directory ... OK
* checking ‘build’ directory ... OK
* checking DESCRIPTION meta-information ... OK
* checking top-level files ... OK
* checking for left-over files ... OK
* checking index information ... OK
* checking package subdirectories ... OK
* checking R files for non-ASCII characters ... OK
* checking R files for syntax errors ... OK
* checking whether the package can be loaded ... OK
* checking whether the package can be loaded with stated dependencies ... OK
* checking whether the package can be unloaded cleanly ... OK
* checking whether the namespace can be loaded with stated dependencies ... OK
* checking whether the namespace can be unloaded cleanly ... OK
* checking dependencies in R code ... OK
* checking S3 generic/method consistency ... OK
* checking replacement functions ... OK
* checking foreign function calls ... OK
* checking R code for possible problems ... OK
* checking Rd files ... OK
* checking Rd metadata ... OK
* checking Rd cross-references ... OK
* checking for missing documentation entries ... OK
* checking for code/documentation mismatches ... OK
* checking Rd \usage sections ... OK
* checking Rd contents ... OK
* checking for unstated dependencies in examples ... OK
* checking files in ‘vignettes’ ... OK
* checking examples ... WARNING
Found the following significant warnings:
Warning: 'createMakefile' is deprecated.
Deprecated functions may be defunct as soon as of the next release of
R.
See ?Deprecated.
Examples with CPU (user + system) or elapsed time > 5s
user system elapsed
scrapeReferences 8.069 1.01 9.44
* checking for unstated dependencies in ‘tests’ ... OK
* checking tests ...
Running ‘testthat.R’
OK
* checking for unstated dependencies in vignettes ... OK
* checking package vignettes in ‘inst/doc’ ... OK
* checking running R code from vignettes ... SKIPPED
* checking re-building of vignette outputs ... SKIPPED
* checking PDF version of manual ... OK
* DONE
Status: 1 WARNING, 1 NOTE
See
‘/Users/biocbuild/bbs-3.13-bioc/meat/rebook.Rcheck/00check.log’
for details.
rebook.Rcheck/00install.out
############################################################################## ############################################################################## ### ### Running command: ### ### /Library/Frameworks/R.framework/Versions/Current/Resources/bin/R CMD INSTALL rebook ### ############################################################################## ############################################################################## * installing to library ‘/Library/Frameworks/R.framework/Versions/4.1/Resources/library’ * installing *source* package ‘rebook’ ... ** using staged installation ** R ** inst ** byte-compile and prepare package for lazy loading ** help *** installing help indices ** building package indices ** installing vignettes ** testing if installed package can be loaded from temporary location ** testing if installed package can be loaded from final location ** testing if installed package keeps a record of temporary installation path * DONE (rebook)
rebook.Rcheck/tests/testthat.Rout
R version 4.1.1 (2021-08-10) -- "Kick Things"
Copyright (C) 2021 The R Foundation for Statistical Computing
Platform: x86_64-apple-darwin17.0 (64-bit)
R is free software and comes with ABSOLUTELY NO WARRANTY.
You are welcome to redistribute it under certain conditions.
Type 'license()' or 'licence()' for distribution details.
R is a collaborative project with many contributors.
Type 'contributors()' for more information and
'citation()' on how to cite R or R packages in publications.
Type 'demo()' for some demos, 'help()' for on-line help, or
'help.start()' for an HTML browser interface to help.
Type 'q()' to quit R.
> library(testthat)
> library(rebook)
> test_check("rebook")
<button class="rebook-collapse">View set-up code (Chapter \@ref(test-chapter))</button>
<div class="rebook-content">
```r
#--- godzilla-1954 ---#
godzilla <- "RAWR!"
```
</div>
<button class="rebook-collapse">View set-up code (Chapter \@ref(test-chapter))</button>
<div class="rebook-content">
```r
#--- godzilla-1954 ---#
godzilla <- "RAWR!"
#--- ghidorah-1964 ---#
godzilla <- "GAO GAO"
ghidorah <- "pew pew"
mothra = "Oh, I'm not in this one." # WRONG!
#--- godzilla-1978 ---#
godzilla <- "rawr rawr"
mechagodzilla <- "beep beep"
#--- godzilla-2014 ---#
godzilla <- "I'm back."
muto <- "Hi."
```
</div>
processing file: test.Rmd
ordinary text without R code
label: unnamed-chunk-1 (with options)
List of 2
$ echo : logi FALSE
$ results: chr "asis"
ordinary text without R code
label: godzilla-1954
ordinary text without R code
label: unnamed-chunk-2
ordinary text without R code
label: unref-figure (with options)
List of 1
$ fig.cap: chr "BLAH BLAH BLAH"
ordinary text without R code
label: ghidorah-1964
ordinary text without R code
label: godzilla-1978
ordinary text without R code
label: godzilla-2014
output file: test.knit.md
/usr/local/bin/pandoc +RTS -K512m -RTS Test-book.md --to html4 --from markdown+autolink_bare_uris+tex_math_single_backslash --output Test-book.html --lua-filter /Library/Frameworks/R.framework/Versions/4.1/Resources/library/bookdown/rmarkdown/lua/custom-environment.lua --lua-filter /Library/Frameworks/R.framework/Versions/4.1/Resources/library/rmarkdown/rmarkdown/lua/pagebreak.lua --lua-filter /Library/Frameworks/R.framework/Versions/4.1/Resources/library/rmarkdown/rmarkdown/lua/latex-div.lua --metadata-file /tmp/RtmpA6YJiM/file14b9522cae58b --wrap preserve --standalone --section-divs --table-of-contents --toc-depth 3 --template /Library/Frameworks/R.framework/Versions/4.1/Resources/library/bookdown/templates/gitbook.html --highlight-style pygments --number-sections --include-in-header /tmp/RtmpA6YJiM/rmarkdown-str14b9536a41a85.html --mathjax
[WARNING] This document format requires a nonempty <title> element.
Please specify either 'title' or 'pagetitle' in the metadata,
e.g. by using --metadata pagetitle="..." on the command line.
Falling back to 'Test-book'
processing file: test.Rmd
ordinary text without R code
label: unnamed-chunk-1 (with options)
List of 2
$ echo : logi FALSE
$ results: chr "asis"
ordinary text without R code
label: godzilla-1954
ordinary text without R code
label: unnamed-chunk-2
ordinary text without R code
label: unref-figure (with options)
List of 1
$ fig.cap: chr "BLAH BLAH BLAH"
ordinary text without R code
label: ghidorah-1964
ordinary text without R code
label: godzilla-1978
ordinary text without R code
label: godzilla-2014
output file: test.knit.md
[WARNING] This document format requires a nonempty <title> element.
Please specify either 'title' or 'pagetitle' in the metadata,
e.g. by using --metadata pagetitle="..." on the command line.
Falling back to 'Test-book'
processing file: test.Rmd
ordinary text without R code
label: unnamed-chunk-1 (with options)
List of 2
$ echo : logi FALSE
$ results: chr "asis"
ordinary text without R code
label: godzilla-1954
ordinary text without R code
label: unnamed-chunk-2
ordinary text without R code
label: unref-figure (with options)
List of 1
$ fig.cap: chr "BLAH BLAH BLAH"
ordinary text without R code
label: ghidorah-1964
ordinary text without R code
label: godzilla-1978
ordinary text without R code
label: godzilla-2014
output file: test.knit.md
/usr/local/bin/pandoc +RTS -K512m -RTS Test-book.md --to html4 --from markdown+autolink_bare_uris+tex_math_single_backslash --output Test-book.html --lua-filter /Library/Frameworks/R.framework/Versions/4.1/Resources/library/bookdown/rmarkdown/lua/custom-environment.lua --lua-filter /Library/Frameworks/R.framework/Versions/4.1/Resources/library/rmarkdown/rmarkdown/lua/pagebreak.lua --lua-filter /Library/Frameworks/R.framework/Versions/4.1/Resources/library/rmarkdown/rmarkdown/lua/latex-div.lua --metadata-file /tmp/RtmpA6YJiM/file14b956d2e6d57 --wrap preserve --standalone --section-divs --table-of-contents --toc-depth 3 --template /Library/Frameworks/R.framework/Versions/4.1/Resources/library/bookdown/templates/gitbook.html --highlight-style pygments --number-sections --include-in-header /tmp/RtmpA6YJiM/rmarkdown-str14b9530ca2c1.html --mathjax
[WARNING] This document format requires a nonempty <title> element.
Please specify either 'title' or 'pagetitle' in the metadata,
e.g. by using --metadata pagetitle="..." on the command line.
Falling back to 'Test-book'
ordinary text without R code
label: unnamed-chunk-1 (with options)
List of 1
$ echo: logi FALSE
inline R code fragments
/usr/local/bin/pandoc +RTS -K512m -RTS stub.knit.md --to html4 --from markdown+autolink_bare_uris+tex_math_single_backslash --output stub.html --lua-filter /Library/Frameworks/R.framework/Versions/4.1/Resources/library/rmarkdown/rmarkdown/lua/pagebreak.lua --lua-filter /Library/Frameworks/R.framework/Versions/4.1/Resources/library/rmarkdown/rmarkdown/lua/latex-div.lua --self-contained --variable bs3=TRUE --standalone --section-divs --template /Library/Frameworks/R.framework/Versions/4.1/Resources/library/rmarkdown/rmd/h/default.html --no-highlight --variable highlightjs=1 --variable theme=bootstrap --include-in-header /tmp/RtmpA6YJiM/rmarkdown-str14b952c5384ae.html --mathjax --variable 'mathjax-url:https://mathjax.rstudio.com/latest/MathJax.js?config=TeX-AMS-MML_HTMLorMML'
[WARNING] This document format requires a nonempty <title> element.
Please specify either 'title' or 'pagetitle' in the metadata,
e.g. by using --metadata pagetitle="..." on the command line.
Falling back to 'stub.knit'
processing file: test.Rmd
ordinary text without R code
label: unnamed-chunk-1 (with options)
List of 2
$ echo : logi FALSE
$ results: chr "asis"
ordinary text without R code
label: godzilla-1954
ordinary text without R code
label: unnamed-chunk-2
ordinary text without R code
label: unref-figure (with options)
List of 1
$ fig.cap: chr "BLAH BLAH BLAH"
ordinary text without R code
label: ghidorah-1964
ordinary text without R code
label: godzilla-1978
ordinary text without R code
label: godzilla-2014
output file: test.knit.md
/usr/local/bin/pandoc +RTS -K512m -RTS Test-book.md --to html4 --from markdown+autolink_bare_uris+tex_math_single_backslash --output Test-book.html --lua-filter /Library/Frameworks/R.framework/Versions/4.1/Resources/library/bookdown/rmarkdown/lua/custom-environment.lua --lua-filter /Library/Frameworks/R.framework/Versions/4.1/Resources/library/rmarkdown/rmarkdown/lua/pagebreak.lua --lua-filter /Library/Frameworks/R.framework/Versions/4.1/Resources/library/rmarkdown/rmarkdown/lua/latex-div.lua --metadata-file /tmp/RtmpA6YJiM/file14b95221ebfd --wrap preserve --standalone --section-divs --table-of-contents --toc-depth 3 --template /Library/Frameworks/R.framework/Versions/4.1/Resources/library/bookdown/templates/gitbook.html --highlight-style pygments --number-sections --include-in-header /tmp/RtmpA6YJiM/rmarkdown-str14b9510c3023.html --mathjax
[WARNING] This document format requires a nonempty <title> element.
Please specify either 'title' or 'pagetitle' in the metadata,
e.g. by using --metadata pagetitle="..." on the command line.
Falling back to 'Test-book'
<button class="rebook-collapse">View set-up code</button>
<div class="rebook-content">
```r
#--- godzilla-1954 ---#
godzilla <- "RAWR!"
#--- ghidorah-1964 ---#
godzilla <- "GAO GAO"
ghidorah <- "pew pew"
mothra = "Oh, I'm not in this one." # WRONG!
```
</div>
<button class="rebook-collapse">View set-up code</button>
<div class="rebook-content">
```r
#--- godzilla-1954 ---#
godzilla <- "RAWR!"
#--- ghidorah-1964 ---#
godzilla <- "GAO GAO"
ghidorah <- "pew pew"
mothra = "Oh, I'm not in this one." # WRONG!
```
</div>
<button class="rebook-collapse">View set-up code</button>
<div class="rebook-content">
```r
#--- godzilla-1954 ---#
godzilla <- "RAWR!"
#--- ghidorah-1964 ---#
godzilla <- "GAO GAO"
ghidorah <- "pew pew"
mothra = "Oh, I'm not in this one." # WRONG!
```
</div>
<button class="rebook-collapse">View set-up code</button>
<div class="rebook-content">
```r
#--- godzilla-1954 ---#
godzilla <- "RAWR!"
#--- ghidorah-1964 ---#
godzilla <- "GAO GAO"
ghidorah <- "pew pew"
mothra = "Oh, I'm not in this one." # WRONG!
```
</div>
<button class="rebook-collapse">View set-up code</button>
<div class="rebook-content">
```r
#--- godzilla-1954 ---#
godzilla <- "RAWR!"
#--- ghidorah-1964 ---#
godzilla <- "GAO GAO"
ghidorah <- "pew pew"
mothra = "Oh, I'm not in this one." # WRONG!
```
</div>
[ FAIL 0 | WARN 6 | SKIP 0 | PASS 115 ]
>
> proc.time()
user system elapsed
71.33 10.13 84.28
rebook.Rcheck/rebook-Ex.timings
| name | user | system | elapsed | |
| bioc-images | 0.001 | 0.000 | 0.001 | |
| bookCache | 0.004 | 0.001 | 0.006 | |
| buildChapterGraph | 0.201 | 0.015 | 0.218 | |
| chapterPreamble | 0.573 | 0.102 | 0.774 | |
| collapseStart | 0.001 | 0.000 | 0.000 | |
| compileChapter | 1.825 | 0.244 | 2.124 | |
| createMakefile | 0.036 | 0.003 | 0.039 | |
| createRedirects | 0.002 | 0.001 | 0.004 | |
| deployCustomCSS | 0.001 | 0.001 | 0.001 | |
| extractCached | 1.880 | 0.312 | 2.358 | |
| extractFromPackage | 2.485 | 0.344 | 2.953 | |
| link | 0.004 | 0.001 | 0.005 | |
| openingDetails | 0.006 | 0.001 | 0.007 | |
| prettySessionInfo | 0.410 | 0.058 | 0.534 | |
| rmd2id | 0.001 | 0.001 | 0.003 | |
| scrapeDependencies | 0.207 | 0.026 | 0.234 | |
| scrapeReferences | 8.069 | 1.010 | 9.440 | |
| setupHTML | 0.001 | 0.001 | 0.000 | |
| updateDependencies | 0.027 | 0.004 | 0.030 | |