| Back to Multiple platform build/check report for BioC 3.13 |
|
This page was generated on 2021-10-15 15:06:14 -0400 (Fri, 15 Oct 2021).
|
To the developers/maintainers of the oposSOM package: - Please allow up to 24 hours (and sometimes 48 hours) for your latest push to git@git.bioconductor.org:packages/oposSOM.git to reflect on this report. See How and When does the builder pull? When will my changes propagate? here for more information. - Make sure to use the following settings in order to reproduce any error or warning you see on this page. |
| Package 1316/2041 | Hostname | OS / Arch | INSTALL | BUILD | CHECK | BUILD BIN | ||||||||
| oposSOM 2.10.0 (landing page) Henry Loeffler-Wirth
| nebbiolo1 | Linux (Ubuntu 20.04.2 LTS) / x86_64 | OK | OK | WARNINGS | |||||||||
| tokay2 | Windows Server 2012 R2 Standard / x64 | OK | OK | WARNINGS | OK | |||||||||
| machv2 | macOS 10.14.6 Mojave / x86_64 | OK | OK | WARNINGS | OK | |||||||||
| Package: oposSOM |
| Version: 2.10.0 |
| Command: C:\Users\biocbuild\bbs-3.13-bioc\R\bin\R.exe CMD check --force-multiarch --install=check:oposSOM.install-out.txt --library=C:\Users\biocbuild\bbs-3.13-bioc\R\library --no-vignettes --timings oposSOM_2.10.0.tar.gz |
| StartedAt: 2021-10-15 02:59:34 -0400 (Fri, 15 Oct 2021) |
| EndedAt: 2021-10-15 03:09:09 -0400 (Fri, 15 Oct 2021) |
| EllapsedTime: 574.8 seconds |
| RetCode: 0 |
| Status: WARNINGS |
| CheckDir: oposSOM.Rcheck |
| Warnings: 3 |
##############################################################################
##############################################################################
###
### Running command:
###
### C:\Users\biocbuild\bbs-3.13-bioc\R\bin\R.exe CMD check --force-multiarch --install=check:oposSOM.install-out.txt --library=C:\Users\biocbuild\bbs-3.13-bioc\R\library --no-vignettes --timings oposSOM_2.10.0.tar.gz
###
##############################################################################
##############################################################################
* using log directory 'C:/Users/biocbuild/bbs-3.13-bioc/meat/oposSOM.Rcheck'
* using R version 4.1.1 (2021-08-10)
* using platform: x86_64-w64-mingw32 (64-bit)
* using session charset: ISO8859-1
* using option '--no-vignettes'
* checking for file 'oposSOM/DESCRIPTION' ... OK
* this is package 'oposSOM' version '2.10.0'
* checking package namespace information ... OK
* checking package dependencies ... OK
* checking if this is a source package ... OK
* checking if there is a namespace ... OK
* checking for hidden files and directories ... OK
* checking for portable file names ... OK
* checking whether package 'oposSOM' can be installed ... OK
* checking installed package size ... NOTE
installed size is 19.6Mb
sub-directories of 1Mb or more:
data 17.0Mb
libs 2.1Mb
* checking package directory ... OK
* checking 'build' directory ... OK
* checking DESCRIPTION meta-information ... OK
* checking top-level files ... OK
* checking for left-over files ... OK
* checking index information ... OK
* checking package subdirectories ... OK
* checking R files for non-ASCII characters ... OK
* checking R files for syntax errors ... OK
* loading checks for arch 'i386'
** checking whether the package can be loaded ... OK
** checking whether the package can be loaded with stated dependencies ... OK
** checking whether the package can be unloaded cleanly ... OK
** checking whether the namespace can be loaded with stated dependencies ... OK
** checking whether the namespace can be unloaded cleanly ... OK
* loading checks for arch 'x64'
** checking whether the package can be loaded ... OK
** checking whether the package can be loaded with stated dependencies ... OK
** checking whether the package can be unloaded cleanly ... OK
** checking whether the namespace can be loaded with stated dependencies ... OK
** checking whether the namespace can be unloaded cleanly ... OK
* checking dependencies in R code ... NOTE
Unexported object imported by a ':::' call: 'tools:::makeLazyLoadDB'
See the note in ?`:::` about the use of this operator.
* checking S3 generic/method consistency ... WARNING
plot:
function(x, ...)
plot.psf.pathway.keggrest:
function(kegg.pathway, signal.values, signal.values.lim, main,
highlight.genes, color.palette)
plot:
function(x, ...)
plot.psf.titlepage:
function(env, psf.object, signal.values, bar.colors)
sort:
function(x, decreasing, ...)
sort.label:
function(x)
See section 'Generic functions and methods' in the 'Writing R
Extensions' manual.
Found the following apparent S3 methods exported but not registered:
plot.psf.pathway.keggrest plot.psf.titlepage sort.label
See section 'Registering S3 methods' in the 'Writing R Extensions'
manual.
* checking replacement functions ... OK
* checking foreign function calls ... OK
* checking R code for possible problems ... NOTE
psf.overview.heatmaps: warning in heatmap(x =
log1p(log1p(mean.psf.matrix)), cex.main = 2, col =
color.palette(1000), scale = "r", mar = c(10, 20), ColSideColors =
group.colors, cexDend = 0.6): partial argument match of 'mar' to
'margins'
psf.overview.heatmaps: warning in heatmap(x =
log1p(log1p(mean.psf.matrix)), cex.main = 2, col =
color.palette(1000), scale = "r", mar = c(10, 20), ColSideColors =
group.colors, Colv = NA, cexDend = 0.6): partial argument match of
'mar' to 'margins'
Smooth.Matrix: no visible binding for global variable 'v'
modules.relations: no visible global function definition for
'graph.empty'
modules.relations: no visible global function definition for
'add_edges'
pipeline.PSFcalculation: no visible binding for global variable
'kegg.collection'
pipeline.checkInputParameters: no visible binding for global variable
'preferences'
pipeline.htmlPsfAnalysis: no visible binding for global variable
'kegg.collection'
pipeline.prepareAnnotation: no visible binding for global variable
'opossom.genesets'
pipeline.sampleSimilarityAnalysisCor: no visible global function
definition for 'get.edgelist'
pipeline.topologyProfiles: no visible binding for global variable
'group.labels'
plot.psf.pathway.keggrest: no visible global function definition for
'rasterImage'
psf.report.sheets: no visible binding for global variable 'kegg.data'
Undefined global functions or variables:
add_edges get.edgelist graph.empty group.labels kegg.collection
kegg.data opossom.genesets preferences rasterImage v
Consider adding
importFrom("graphics", "rasterImage")
to your NAMESPACE file.
* checking Rd files ... OK
* checking Rd metadata ... OK
* checking Rd cross-references ... OK
* checking for missing documentation entries ... WARNING
Undocumented code objects:
'GeneSet.Fisher' 'GeneSet.maxmean' 'Get.Running.Average'
'Quantile.Normalization' 'Sample.GSZ' 'Smooth.Matrix'
'_oposSOM_calculateDelta' '_oposSOM_calculateEuclideanDistances'
'_oposSOM_calculateNeighborhoodMatrix'
'_oposSOM_matrixToCodebookMatrix' 'biomart.available'
'calculateDelta' 'calculateEuclideanDistances'
'calculateNeighborhoodMatrix' 'circle' 'col.pix'
'color.palette.discrete' 'color.palette.heatmaps'
'color.palette.portraits' 'get.beta.statistic' 'get.neighbors'
'heatmap' 'heatmap.A4' 'matrixToCodebookMatrix' 'modules.CSV.sheets'
'modules.chromosomes' 'modules.profiles' 'modules.relations'
'modules.report.sheets' 'newProgressBar' 'pathway.expression.mapping'
'pipeline.PSFcalculation' 'pipeline.PSFoutput'
'pipeline.affymetrixQualityCheck' 'pipeline.calcStatistics'
'pipeline.cancerHallmarks' 'pipeline.checkInputParameters'
'pipeline.chromosomeExpressionReports'
'pipeline.detectEnsemblDataset' 'pipeline.detectSpotsIntegral'
'pipeline.detectSpotsSamples' 'pipeline.differenceAnalyses'
'pipeline.entropyProfiles' 'pipeline.geneLists'
'pipeline.generateSOM' 'pipeline.genesetOverviews'
'pipeline.genesetProfilesAndMaps' 'pipeline.genesetStatisticIntegral'
'pipeline.genesetStatisticSamples' 'pipeline.groupAnalysis'
'pipeline.groupAssignment' 'pipeline.groupSpecificGenesets'
'pipeline.htmlDifferencesSummary' 'pipeline.htmlGenesetAnalysis'
'pipeline.htmlGroupSummary' 'pipeline.htmlModuleSummary'
'pipeline.htmlPsfAnalysis' 'pipeline.htmlSampleSummary'
'pipeline.htmlSummary' 'pipeline.moduleCorrelationMap'
'pipeline.patAssignment' 'pipeline.prepareAnnotation'
'pipeline.prepareIndata' 'pipeline.qualityCheck'
'pipeline.sampleExpressionPortraits'
'pipeline.sampleSimilarityAnalysisCor'
'pipeline.sampleSimilarityAnalysisED'
'pipeline.sampleSimilarityAnalysisICA'
'pipeline.sampleSimilarityAnalysisSOM' 'pipeline.summarySheetsGroups'
'pipeline.summarySheetsModules' 'pipeline.summarySheetsPATs'
'pipeline.summarySheetsSamples' 'pipeline.supportingMaps'
'pipeline.topologyProfiles' 'plot.psf.pathway.keggrest'
'plot.psf.titlepage' 'psf.flow' 'psf.overview.heatmaps'
'psf.report.sheets' 'radarchart' 'som.linear.init'
'som.linear.init.subdata' 'som.training' 'som.training.phase'
'sort.label' 'util.call' 'util.cat' 'util.fatal' 'util.info'
'util.load' 'util.log' 'util.progress' 'util.progress.terminate'
'util.save' 'util.warn'
Undocumented data sets:
'hsa03320.RData' 'hsa04010.RData' 'hsa04012.RData' 'hsa04014.RData'
'hsa04015.RData' 'hsa04020.RData' 'hsa04022.RData' 'hsa04024.RData'
'hsa04062.RData' 'hsa04064.RData' 'hsa04066.RData' 'hsa04068.RData'
'hsa04070.RData' 'hsa04071.RData' 'hsa04072.RData' 'hsa04115.RData'
'hsa04150.RData' 'hsa04151.RData' 'hsa04152.RData' 'hsa04261.RData'
'hsa04310.RData' 'hsa04330.RData' 'hsa04340.RData' 'hsa04350.RData'
'hsa04370.RData' 'hsa04371.RData' 'hsa04390.RData' 'hsa04392.RData'
'hsa04550.RData' 'hsa04620.RData' 'hsa04621.RData' 'hsa04622.RData'
'hsa04625.RData' 'hsa04630.RData' 'hsa04657.RData' 'hsa04660.RData'
'hsa04662.RData' 'hsa04664.RData' 'hsa04668.RData' 'hsa04722.RData'
'hsa04723.RData' 'hsa04910.RData' 'hsa04912.RData' 'hsa04915.RData'
'hsa04917.RData' 'hsa04919.RData' 'hsa04920.RData' 'hsa04921.RData'
'hsa04922.RData' 'hsa04926.RData' 'hsa04933.RData' 'hsa05120.RData'
'kegg.collection.RData'
All user-level objects in a package should have documentation entries.
See chapter 'Writing R documentation files' in the 'Writing R
Extensions' manual.
* checking for code/documentation mismatches ... OK
* checking Rd \usage sections ... OK
* checking Rd contents ... OK
* checking for unstated dependencies in examples ... OK
* checking contents of 'data' directory ... OK
* checking data for non-ASCII characters ... OK
* checking data for ASCII and uncompressed saves ... OK
* checking line endings in C/C++/Fortran sources/headers ... OK
* checking line endings in Makefiles ... OK
* checking compilation flags in Makevars ... OK
* checking for GNU extensions in Makefiles ... WARNING
Found the following file(s) containing GNU extensions:
src/Makevars
Portable Makefiles do not use GNU extensions such as +=, :=, $(shell),
$(wildcard), ifeq ... endif, .NOTPARALLEL See section 'Writing portable
packages' in the 'Writing R Extensions' manual.
* checking for portable use of $(BLAS_LIBS) and $(LAPACK_LIBS) ... OK
* checking use of PKG_*FLAGS in Makefiles ... OK
* checking compiled code ... NOTE
Note: information on .o files for i386 is not available
Note: information on .o files for x64 is not available
File 'C:/Users/biocbuild/bbs-3.13-bioc/R/library/oposSOM/libs/i386/oposSOM.dll':
Found 'abort', possibly from 'abort' (C), 'runtime' (Fortran)
Found 'exit', possibly from 'exit' (C), 'stop' (Fortran)
Found 'printf', possibly from 'printf' (C)
File 'C:/Users/biocbuild/bbs-3.13-bioc/R/library/oposSOM/libs/x64/oposSOM.dll':
Found 'abort', possibly from 'abort' (C), 'runtime' (Fortran)
Found 'exit', possibly from 'exit' (C), 'stop' (Fortran)
Found 'printf', possibly from 'printf' (C)
Compiled code should not call entry points which might terminate R nor
write to stdout/stderr instead of to the console, nor use Fortran I/O
nor system RNGs. The detected symbols are linked into the code but
might come from libraries and not actually be called.
See 'Writing portable packages' in the 'Writing R Extensions' manual.
* checking files in 'vignettes' ... OK
* checking examples ...
** running examples for arch 'i386' ... OK
Examples with CPU (user + system) or elapsed time > 5s
user system elapsed
oposSOM-package 174.35 9.69 74.25
opossom.run 75.13 2.62 64.97
** running examples for arch 'x64' ... OK
Examples with CPU (user + system) or elapsed time > 5s
user system elapsed
oposSOM-package 208.35 14.85 63.53
opossom.run 64.80 1.50 126.70
* checking for unstated dependencies in vignettes ... OK
* checking package vignettes in 'inst/doc' ... OK
* checking running R code from vignettes ... SKIPPED
* checking re-building of vignette outputs ... SKIPPED
* checking PDF version of manual ... OK
* DONE
Status: 3 WARNINGs, 4 NOTEs
See
'C:/Users/biocbuild/bbs-3.13-bioc/meat/oposSOM.Rcheck/00check.log'
for details.
oposSOM.Rcheck/00install.out
##############################################################################
##############################################################################
###
### Running command:
###
### C:\cygwin\bin\curl.exe -O http://155.52.207.165/BBS/3.13/bioc/src/contrib/oposSOM_2.10.0.tar.gz && rm -rf oposSOM.buildbin-libdir && mkdir oposSOM.buildbin-libdir && C:\Users\biocbuild\bbs-3.13-bioc\R\bin\R.exe CMD INSTALL --merge-multiarch --build --library=oposSOM.buildbin-libdir oposSOM_2.10.0.tar.gz && C:\Users\biocbuild\bbs-3.13-bioc\R\bin\R.exe CMD INSTALL oposSOM_2.10.0.zip && rm oposSOM_2.10.0.tar.gz oposSOM_2.10.0.zip
###
##############################################################################
##############################################################################
% Total % Received % Xferd Average Speed Time Time Time Current
Dload Upload Total Spent Left Speed
0 0 0 0 0 0 0 0 --:--:-- --:--:-- --:--:-- 0
2 12.7M 2 338k 0 0 788k 0 0:00:16 --:--:-- 0:00:16 787k
17 12.7M 17 2239k 0 0 1553k 0 0:00:08 0:00:01 0:00:07 1553k
37 12.7M 37 4942k 0 0 2024k 0 0:00:06 0:00:02 0:00:04 2023k
65 12.7M 65 8500k 0 0 2493k 0 0:00:05 0:00:03 0:00:02 2493k
99 12.7M 99 12.6M 0 0 2935k 0 0:00:04 0:00:04 --:--:-- 2935k
100 12.7M 100 12.7M 0 0 2949k 0 0:00:04 0:00:04 --:--:-- 3182k
install for i386
* installing *source* package 'oposSOM' ...
** using staged installation
** libs
"C:/rtools40/mingw32/bin/"g++ -std=gnu++11 -I"C:/Users/BIOCBU~1/BBS-3~1.13-/R/include" -DNDEBUG -I'C:/Users/biocbuild/bbs-3.13-bioc/R/library/RcppParallel/include' -I'C:/Users/biocbuild/bbs-3.13-bioc/R/library/Rcpp/include' -I"c:/extsoft/include" -DRCPP_PARALLEL_USE_TBB=1 -O2 -Wall -mfpmath=sse -msse2 -mstackrealign -c DeltaMatrix.cpp -o DeltaMatrix.o
"C:/rtools40/mingw32/bin/"g++ -std=gnu++11 -I"C:/Users/BIOCBU~1/BBS-3~1.13-/R/include" -DNDEBUG -I'C:/Users/biocbuild/bbs-3.13-bioc/R/library/RcppParallel/include' -I'C:/Users/biocbuild/bbs-3.13-bioc/R/library/Rcpp/include' -I"c:/extsoft/include" -DRCPP_PARALLEL_USE_TBB=1 -O2 -Wall -mfpmath=sse -msse2 -mstackrealign -c DistanceCalculator.cpp -o DistanceCalculator.o
"C:/rtools40/mingw32/bin/"g++ -std=gnu++11 -I"C:/Users/BIOCBU~1/BBS-3~1.13-/R/include" -DNDEBUG -I'C:/Users/biocbuild/bbs-3.13-bioc/R/library/RcppParallel/include' -I'C:/Users/biocbuild/bbs-3.13-bioc/R/library/Rcpp/include' -I"c:/extsoft/include" -DRCPP_PARALLEL_USE_TBB=1 -O2 -Wall -mfpmath=sse -msse2 -mstackrealign -c NeighborhoodMatrix.cpp -o NeighborhoodMatrix.o
"C:/rtools40/mingw32/bin/"g++ -std=gnu++11 -I"C:/Users/BIOCBU~1/BBS-3~1.13-/R/include" -DNDEBUG -I'C:/Users/biocbuild/bbs-3.13-bioc/R/library/RcppParallel/include' -I'C:/Users/biocbuild/bbs-3.13-bioc/R/library/Rcpp/include' -I"c:/extsoft/include" -DRCPP_PARALLEL_USE_TBB=1 -O2 -Wall -mfpmath=sse -msse2 -mstackrealign -c RcppExports.cpp -o RcppExports.o
C:/rtools40/mingw32/bin/g++ -shared -s -static-libgcc -o oposSOM.dll tmp.def DeltaMatrix.o DistanceCalculator.o NeighborhoodMatrix.o RcppExports.o -LC:/Users/biocbuild/bbs-3.13-bioc/R/library/RcppParallel/lib/i386 -ltbb -ltbbmalloc -Lc:/extsoft/lib/i386 -Lc:/extsoft/lib -LC:/Users/BIOCBU~1/BBS-3~1.13-/R/bin/i386 -lR
installing to C:/Users/biocbuild/bbs-3.13-bioc/meat/oposSOM.buildbin-libdir/00LOCK-oposSOM/00new/oposSOM/libs/i386
** R
** data
** inst
** byte-compile and prepare package for lazy loading
** help
*** installing help indices
converting help for package 'oposSOM'
finding HTML links ... done
oposSOM-package html
opossom.genesets html
opossom.new html
opossom.run html
opossom.tissues html
** building package indices
** installing vignettes
** testing if installed package can be loaded from temporary location
** testing if installed package can be loaded from final location
** testing if installed package keeps a record of temporary installation path
install for x64
* installing *source* package 'oposSOM' ...
** libs
"C:/rtools40/mingw64/bin/"g++ -std=gnu++11 -I"C:/Users/BIOCBU~1/BBS-3~1.13-/R/include" -DNDEBUG -I'C:/Users/biocbuild/bbs-3.13-bioc/R/library/RcppParallel/include' -I'C:/Users/biocbuild/bbs-3.13-bioc/R/library/Rcpp/include' -I"C:/extsoft/include" -DRCPP_PARALLEL_USE_TBB=1 -O2 -Wall -mfpmath=sse -msse2 -mstackrealign -c DeltaMatrix.cpp -o DeltaMatrix.o
"C:/rtools40/mingw64/bin/"g++ -std=gnu++11 -I"C:/Users/BIOCBU~1/BBS-3~1.13-/R/include" -DNDEBUG -I'C:/Users/biocbuild/bbs-3.13-bioc/R/library/RcppParallel/include' -I'C:/Users/biocbuild/bbs-3.13-bioc/R/library/Rcpp/include' -I"C:/extsoft/include" -DRCPP_PARALLEL_USE_TBB=1 -O2 -Wall -mfpmath=sse -msse2 -mstackrealign -c DistanceCalculator.cpp -o DistanceCalculator.o
"C:/rtools40/mingw64/bin/"g++ -std=gnu++11 -I"C:/Users/BIOCBU~1/BBS-3~1.13-/R/include" -DNDEBUG -I'C:/Users/biocbuild/bbs-3.13-bioc/R/library/RcppParallel/include' -I'C:/Users/biocbuild/bbs-3.13-bioc/R/library/Rcpp/include' -I"C:/extsoft/include" -DRCPP_PARALLEL_USE_TBB=1 -O2 -Wall -mfpmath=sse -msse2 -mstackrealign -c NeighborhoodMatrix.cpp -o NeighborhoodMatrix.o
"C:/rtools40/mingw64/bin/"g++ -std=gnu++11 -I"C:/Users/BIOCBU~1/BBS-3~1.13-/R/include" -DNDEBUG -I'C:/Users/biocbuild/bbs-3.13-bioc/R/library/RcppParallel/include' -I'C:/Users/biocbuild/bbs-3.13-bioc/R/library/Rcpp/include' -I"C:/extsoft/include" -DRCPP_PARALLEL_USE_TBB=1 -O2 -Wall -mfpmath=sse -msse2 -mstackrealign -c RcppExports.cpp -o RcppExports.o
C:/rtools40/mingw64/bin/g++ -shared -s -static-libgcc -o oposSOM.dll tmp.def DeltaMatrix.o DistanceCalculator.o NeighborhoodMatrix.o RcppExports.o -LC:/Users/biocbuild/bbs-3.13-bioc/R/library/RcppParallel/lib/x64 -ltbb -ltbbmalloc -LC:/extsoft/lib/x64 -LC:/extsoft/lib -LC:/Users/BIOCBU~1/BBS-3~1.13-/R/bin/x64 -lR
installing to C:/Users/biocbuild/bbs-3.13-bioc/meat/oposSOM.buildbin-libdir/oposSOM/libs/x64
** testing if installed package can be loaded
* MD5 sums
packaged installation of 'oposSOM' as oposSOM_2.10.0.zip
* DONE (oposSOM)
* installing to library 'C:/Users/biocbuild/bbs-3.13-bioc/R/library'
package 'oposSOM' successfully unpacked and MD5 sums checked
|
oposSOM.Rcheck/examples_i386/oposSOM-Ex.timings
|
oposSOM.Rcheck/examples_x64/oposSOM-Ex.timings
|