| Back to Multiple platform build/check report for BioC 3.13 |
|
This page was generated on 2021-10-15 15:05:45 -0400 (Fri, 15 Oct 2021).
|
To the developers/maintainers of the mina package: - Please allow up to 24 hours (and sometimes 48 hours) for your latest push to git@git.bioconductor.org:packages/mina.git to reflect on this report. See How and When does the builder pull? When will my changes propagate? here for more information. - Make sure to use the following settings in order to reproduce any error or warning you see on this page. |
| Package 1137/2041 | Hostname | OS / Arch | INSTALL | BUILD | CHECK | BUILD BIN | ||||||||
| mina 1.0.0 (landing page) Rui Guan
| nebbiolo1 | Linux (Ubuntu 20.04.2 LTS) / x86_64 | OK | OK | WARNINGS | |||||||||
| tokay2 | Windows Server 2012 R2 Standard / x64 | OK | OK | WARNINGS | OK | |||||||||
| machv2 | macOS 10.14.6 Mojave / x86_64 | OK | OK | WARNINGS | OK | |||||||||
| Package: mina |
| Version: 1.0.0 |
| Command: /home/biocbuild/bbs-3.13-bioc/R/bin/R CMD check --install=check:mina.install-out.txt --library=/home/biocbuild/bbs-3.13-bioc/R/library --no-vignettes --timings mina_1.0.0.tar.gz |
| StartedAt: 2021-10-14 10:36:20 -0400 (Thu, 14 Oct 2021) |
| EndedAt: 2021-10-14 10:39:05 -0400 (Thu, 14 Oct 2021) |
| EllapsedTime: 164.7 seconds |
| RetCode: 0 |
| Status: WARNINGS |
| CheckDir: mina.Rcheck |
| Warnings: 1 |
##############################################################################
##############################################################################
###
### Running command:
###
### /home/biocbuild/bbs-3.13-bioc/R/bin/R CMD check --install=check:mina.install-out.txt --library=/home/biocbuild/bbs-3.13-bioc/R/library --no-vignettes --timings mina_1.0.0.tar.gz
###
##############################################################################
##############################################################################
* using log directory ‘/home/biocbuild/bbs-3.13-bioc/meat/mina.Rcheck’
* using R version 4.1.1 (2021-08-10)
* using platform: x86_64-pc-linux-gnu (64-bit)
* using session charset: UTF-8
* using option ‘--no-vignettes’
* checking for file ‘mina/DESCRIPTION’ ... OK
* this is package ‘mina’ version ‘1.0.0’
* package encoding: UTF-8
* checking package namespace information ... OK
* checking package dependencies ... NOTE
Package which this enhances but not available for checking: ‘doMC’
* checking if this is a source package ... OK
* checking if there is a namespace ... OK
* checking for hidden files and directories ... OK
* checking for portable file names ... OK
* checking for sufficient/correct file permissions ... OK
* checking whether package ‘mina’ can be installed ... OK
* checking installed package size ... NOTE
installed size is 8.5Mb
sub-directories of 1Mb or more:
data 7.4Mb
* checking package directory ... OK
* checking ‘build’ directory ... OK
* checking DESCRIPTION meta-information ... OK
* checking top-level files ... OK
* checking for left-over files ... OK
* checking index information ... OK
* checking package subdirectories ... OK
* checking R files for non-ASCII characters ... OK
* checking R files for syntax errors ... OK
* checking whether the package can be loaded ... OK
* checking whether the package can be loaded with stated dependencies ... OK
* checking whether the package can be unloaded cleanly ... OK
* checking whether the namespace can be loaded with stated dependencies ... OK
* checking whether the namespace can be unloaded cleanly ... OK
* checking dependencies in R code ... OK
* checking S3 generic/method consistency ... OK
* checking replacement functions ... OK
* checking foreign function calls ... OK
* checking R code for possible problems ... NOTE
sparcc: no visible binding for global variable ‘i’
net_dis_indi,character-character: no visible binding for global
variable ‘out_dir’
Undefined global functions or variables:
i out_dir
* checking Rd files ... OK
* checking Rd metadata ... OK
* checking Rd cross-references ... OK
* checking for missing documentation entries ... OK
* checking for code/documentation mismatches ... OK
* checking Rd \usage sections ... OK
* checking Rd contents ... OK
* checking for unstated dependencies in examples ... OK
* checking contents of ‘data’ directory ... OK
* checking data for non-ASCII characters ... OK
* checking LazyData ... WARNING
LazyData DB of 7.4 MB without LazyDataCompression set
See §1.1.6 of 'Writing R Extensions'
* checking data for ASCII and uncompressed saves ... OK
* checking line endings in C/C++/Fortran sources/headers ... OK
* checking compiled code ... NOTE
Note: information on .o files is not available
* checking files in ‘vignettes’ ... OK
* checking examples ... OK
Examples with CPU (user + system) or elapsed time > 5s
user system elapsed
net_dis-mina 20.619 1.761 14.193
dis_stat_accessor 17.473 2.576 12.648
com_plot-mina 15.120 0.235 1.788
net_dis 13.260 1.239 5.015
bs_pm-mina 12.505 1.112 6.625
bs_pm 9.645 1.090 4.450
net_cls-mina 9.575 0.095 9.198
net_cls-matrix 6.207 0.189 5.775
net_cls 6.244 0.014 5.812
* checking for unstated dependencies in vignettes ... OK
* checking package vignettes in ‘inst/doc’ ... OK
* checking running R code from vignettes ... SKIPPED
* checking re-building of vignette outputs ... SKIPPED
* checking PDF version of manual ... OK
* DONE
Status: 1 WARNING, 4 NOTEs
See
‘/home/biocbuild/bbs-3.13-bioc/meat/mina.Rcheck/00check.log’
for details.
mina.Rcheck/00install.out
############################################################################## ############################################################################## ### ### Running command: ### ### /home/biocbuild/bbs-3.13-bioc/R/bin/R CMD INSTALL mina ### ############################################################################## ############################################################################## * installing to library ‘/home/biocbuild/bbs-3.13-bioc/R/library’ * installing *source* package ‘mina’ ... ** using staged installation ** libs g++ -std=gnu++14 -I"/home/biocbuild/bbs-3.13-bioc/R/include" -DNDEBUG -I'/home/biocbuild/bbs-3.13-bioc/R/library/Rcpp/include' -I'/home/biocbuild/bbs-3.13-bioc/R/library/RcppParallel/include' -I'/home/biocbuild/bbs-3.13-bioc/R/library/RcppArmadillo/include' -I/usr/local/include -fpic -g -O2 -Wall -c RcppExports.cpp -o RcppExports.o g++ -std=gnu++14 -I"/home/biocbuild/bbs-3.13-bioc/R/include" -DNDEBUG -I'/home/biocbuild/bbs-3.13-bioc/R/library/Rcpp/include' -I'/home/biocbuild/bbs-3.13-bioc/R/library/RcppParallel/include' -I'/home/biocbuild/bbs-3.13-bioc/R/library/RcppArmadillo/include' -I/usr/local/include -fpic -g -O2 -Wall -c cp_cor.cpp -o cp_cor.o g++ -std=gnu++14 -shared -L/home/biocbuild/bbs-3.13-bioc/R/lib -L/usr/local/lib -o mina.so RcppExports.o cp_cor.o -L/home/biocbuild/bbs-3.13-bioc/R/lib -lR installing to /home/biocbuild/bbs-3.13-bioc/R/library/00LOCK-mina/00new/mina/libs ** R ** data *** moving datasets to lazyload DB ** byte-compile and prepare package for lazy loading Creating a new generic function for ‘norm’ in package ‘mina’ ** help *** installing help indices ** building package indices ** installing vignettes ** testing if installed package can be loaded from temporary location ** checking absolute paths in shared objects and dynamic libraries ** testing if installed package can be loaded from final location ** testing if installed package keeps a record of temporary installation path * DONE (mina)
mina.Rcheck/mina-Ex.timings
| name | user | system | elapsed | |
| adj-matrix | 0.730 | 0.070 | 0.326 | |
| adj-mina | 0.896 | 0.024 | 0.432 | |
| adj | 1.149 | 0.040 | 0.711 | |
| adj_method_list | 0.066 | 0.010 | 0.080 | |
| bs_pm-mina | 12.505 | 1.112 | 6.625 | |
| bs_pm | 9.645 | 1.090 | 4.450 | |
| check_mina | 0.074 | 0.016 | 0.091 | |
| check_mina_de | 0.078 | 0.012 | 0.090 | |
| check_mina_qu | 0.069 | 0.057 | 0.125 | |
| cls_tab | 0.125 | 0.032 | 0.158 | |
| com_dis-matrix | 0.649 | 0.008 | 0.313 | |
| com_dis-mina | 0.423 | 0.000 | 0.059 | |
| com_dis | 0.611 | 0.010 | 0.286 | |
| com_dis_list | 0.072 | 0.012 | 0.083 | |
| com_plot-mina | 15.120 | 0.235 | 1.788 | |
| com_plot | 0.153 | 0.008 | 0.144 | |
| com_r2-mina | 0.860 | 0.000 | 0.504 | |
| com_r2 | 1.094 | 0.040 | 0.732 | |
| data-hmp | 0.000 | 0.002 | 0.002 | |
| data-maize | 0.001 | 0.001 | 0.002 | |
| des_accessor | 0.004 | 0.000 | 0.004 | |
| dis_accessor | 0.419 | 0.000 | 0.056 | |
| dis_stat_accessor | 17.473 | 2.576 | 12.648 | |
| dmr-matrix | 0.717 | 0.024 | 0.352 | |
| dmr-mina | 0.694 | 0.011 | 0.333 | |
| dmr | 0.683 | 0.003 | 0.321 | |
| dmr_accessor | 0.690 | 0.017 | 0.344 | |
| fit_tabs-mina | 0.507 | 0.067 | 0.573 | |
| fit_tabs | 0.854 | 0.032 | 0.887 | |
| get_net_cls_tab-matrix-data.frame-method | 1.460 | 0.010 | 1.006 | |
| get_net_cls_tab | 1.575 | 0.011 | 1.124 | |
| get_r2-mat | 0.782 | 0.003 | 0.409 | |
| get_r2 | 0.827 | 0.004 | 0.457 | |
| hmp_des | 0.001 | 0.000 | 0.002 | |
| hmp_otu | 0.000 | 0.000 | 0.001 | |
| maize_asv | 0.001 | 0.000 | 0.001 | |
| maize_asv2 | 0.001 | 0.000 | 0.001 | |
| maize_des | 0.001 | 0.000 | 0.000 | |
| maize_des2 | 0.001 | 0.000 | 0.001 | |
| mina-class | 0.001 | 0.000 | 0.001 | |
| net_cls-matrix | 6.207 | 0.189 | 5.775 | |
| net_cls-mina | 9.575 | 0.095 | 9.198 | |
| net_cls | 6.244 | 0.014 | 5.812 | |
| net_cls_tab-mina-method | 1.739 | 0.043 | 1.325 | |
| net_cls_tab | 1.490 | 0.055 | 1.080 | |
| net_dis-mina | 20.619 | 1.761 | 14.193 | |
| net_dis | 13.260 | 1.239 | 5.015 | |
| net_dis_indi | 0 | 0 | 0 | |
| norm_accessor | 0.023 | 0.002 | 0.025 | |
| norm_tab-matrix | 0.741 | 0.024 | 0.765 | |
| norm_tab-mina | 0.731 | 0.012 | 0.743 | |
| norm_tab | 0.024 | 0.000 | 0.025 | |
| norm_tab_method_list | 0.045 | 0.010 | 0.055 | |
| pcoa_plot | 1.411 | 0.004 | 0.688 | |
| sim_par | 0 | 0 | 0 | |
| sparcc | 0.000 | 0.000 | 0.001 | |
| tab_accessor | 0.001 | 0.000 | 0.001 | |
| tina-matrix-method | 0.001 | 0.000 | 0.000 | |
| tina | 0 | 0 | 0 | |