| Back to Multiple platform build/check report for BioC 3.13 |
|
This page was generated on 2021-10-15 15:05:44 -0400 (Fri, 15 Oct 2021).
|
To the developers/maintainers of the lumi package: - Please allow up to 24 hours (and sometimes 48 hours) for your latest push to git@git.bioconductor.org:packages/lumi.git to reflect on this report. See How and When does the builder pull? When will my changes propagate? here for more information. - Make sure to use the following settings in order to reproduce any error or warning you see on this page. |
| Package 1008/2041 | Hostname | OS / Arch | INSTALL | BUILD | CHECK | BUILD BIN | ||||||||
| lumi 2.44.0 (landing page) Lei Huang
| nebbiolo1 | Linux (Ubuntu 20.04.2 LTS) / x86_64 | OK | OK | WARNINGS | |||||||||
| tokay2 | Windows Server 2012 R2 Standard / x64 | OK | OK | WARNINGS | OK | |||||||||
| machv2 | macOS 10.14.6 Mojave / x86_64 | OK | OK | WARNINGS | OK | |||||||||
| Package: lumi |
| Version: 2.44.0 |
| Command: /home/biocbuild/bbs-3.13-bioc/R/bin/R CMD check --install=check:lumi.install-out.txt --library=/home/biocbuild/bbs-3.13-bioc/R/library --no-vignettes --timings lumi_2.44.0.tar.gz |
| StartedAt: 2021-10-14 10:24:22 -0400 (Thu, 14 Oct 2021) |
| EndedAt: 2021-10-14 10:30:35 -0400 (Thu, 14 Oct 2021) |
| EllapsedTime: 373.3 seconds |
| RetCode: 0 |
| Status: WARNINGS |
| CheckDir: lumi.Rcheck |
| Warnings: 3 |
##############################################################################
##############################################################################
###
### Running command:
###
### /home/biocbuild/bbs-3.13-bioc/R/bin/R CMD check --install=check:lumi.install-out.txt --library=/home/biocbuild/bbs-3.13-bioc/R/library --no-vignettes --timings lumi_2.44.0.tar.gz
###
##############################################################################
##############################################################################
* using log directory ‘/home/biocbuild/bbs-3.13-bioc/meat/lumi.Rcheck’
* using R version 4.1.1 (2021-08-10)
* using platform: x86_64-pc-linux-gnu (64-bit)
* using session charset: UTF-8
* using option ‘--no-vignettes’
* checking for file ‘lumi/DESCRIPTION’ ... OK
* checking extension type ... Package
* this is package ‘lumi’ version ‘2.44.0’
* checking package namespace information ... OK
* checking package dependencies ... OK
* checking if this is a source package ... OK
* checking if there is a namespace ... OK
* checking for hidden files and directories ... OK
* checking for portable file names ... OK
* checking for sufficient/correct file permissions ... OK
* checking whether package ‘lumi’ can be installed ... OK
* checking installed package size ... OK
* checking package directory ... OK
* checking DESCRIPTION meta-information ... OK
* checking top-level files ... OK
* checking for left-over files ... OK
* checking index information ... OK
* checking package subdirectories ... OK
* checking R files for non-ASCII characters ... OK
* checking R files for syntax errors ... OK
* checking whether the package can be loaded ... OK
* checking whether the package can be loaded with stated dependencies ... OK
* checking whether the package can be unloaded cleanly ... OK
* checking whether the namespace can be loaded with stated dependencies ... OK
* checking whether the namespace can be unloaded cleanly ... OK
* checking dependencies in R code ... WARNING
'::' or ':::' imports not declared from:
‘IRanges’ ‘bigmemoryExtras’
* checking S3 generic/method consistency ... OK
* checking replacement functions ... OK
* checking foreign function calls ... OK
* checking R code for possible problems ... OK
* checking Rd files ... OK
* checking Rd metadata ... OK
* checking Rd cross-references ... WARNING
Missing link or links in documentation object 'lumiN.Rd':
‘[vsn]{vsn}’
See section 'Cross-references' in the 'Writing R Extensions' manual.
* checking for missing documentation entries ... OK
* checking for code/documentation mismatches ... OK
* checking Rd \usage sections ... OK
* checking Rd contents ... OK
* checking for unstated dependencies in examples ... OK
* checking contents of ‘data’ directory ... OK
* checking data for non-ASCII characters ... OK
* checking data for ASCII and uncompressed saves ... OK
* checking files in ‘vignettes’ ... WARNING
Files in the 'vignettes' directory but no files in 'inst/doc':
‘IlluminaAnnotation.R’, ‘IlluminaAnnotation.pdf’, ‘lumi.R’,
‘lumi.pdf’, ‘lumi_VST_evaluation.R’, ‘lumi_VST_evaluation.pdf’,
‘methylationAnalysis.R’, ‘methylationAnalysis.pdf’
Package has no Sweave vignette sources and no VignetteBuilder field.
* checking examples ... OK
Examples with CPU (user + system) or elapsed time > 5s
user system elapsed
lumiMethyStatus 37.658 1.428 39.089
MAplot-methods 5.897 0.088 5.985
getChipInfo 5.086 0.312 5.522
* checking PDF version of manual ... OK
* DONE
Status: 3 WARNINGs
See
‘/home/biocbuild/bbs-3.13-bioc/meat/lumi.Rcheck/00check.log’
for details.
lumi.Rcheck/00install.out
############################################################################## ############################################################################## ### ### Running command: ### ### /home/biocbuild/bbs-3.13-bioc/R/bin/R CMD INSTALL lumi ### ############################################################################## ############################################################################## * installing to library ‘/home/biocbuild/bbs-3.13-bioc/R/library’ * installing *source* package ‘lumi’ ... ** using staged installation ** R ** data ** inst ** byte-compile and prepare package for lazy loading No methods found in package ‘RSQLite’ for request: ‘dbListFields’ when loading ‘lumi’ ** help *** installing help indices ** building package indices ** installing vignettes ** testing if installed package can be loaded from temporary location No methods found in package ‘RSQLite’ for request: ‘dbListFields’ when loading ‘lumi’ ** testing if installed package can be loaded from final location No methods found in package ‘RSQLite’ for request: ‘dbListFields’ when loading ‘lumi’ ** testing if installed package keeps a record of temporary installation path * DONE (lumi)
lumi.Rcheck/lumi-Ex.timings
| name | user | system | elapsed | |
| LumiBatch-class | 1.039 | 0.088 | 1.127 | |
| MAplot-methods | 5.897 | 0.088 | 5.985 | |
| addAnnotationInfo | 0.048 | 0.004 | 0.051 | |
| addControlData2lumi | 0.001 | 0.000 | 0.000 | |
| addNuID2lumi | 0 | 0 | 0 | |
| adjColorBias.quantile | 0.655 | 0.020 | 0.676 | |
| adjColorBias.ssn | 0.354 | 0.000 | 0.355 | |
| bgAdjust | 0.067 | 0.004 | 0.072 | |
| bgAdjustMethylation | 0.121 | 0.012 | 0.134 | |
| boxplot-MethyLumiM-methods | 0.410 | 0.032 | 0.443 | |
| boxplot-methods | 0.075 | 0.004 | 0.079 | |
| boxplotColorBias | 0.117 | 0.000 | 0.117 | |
| density-methods | 0.070 | 0.007 | 0.078 | |
| detectOutlier | 0.081 | 0.000 | 0.082 | |
| detectionCall | 0.140 | 0.000 | 0.139 | |
| estimateBeta | 0.140 | 0.004 | 0.144 | |
| estimateIntensity | 0.159 | 0.000 | 0.158 | |
| estimateLumiCV | 0.092 | 0.000 | 0.092 | |
| estimateM | 0.393 | 0.000 | 0.393 | |
| estimateMethylationBG | 1.362 | 0.012 | 1.374 | |
| example.lumi | 0.068 | 0.004 | 0.073 | |
| example.lumiMethy | 0.050 | 0.000 | 0.051 | |
| example.methyTitration | 0.182 | 0.016 | 0.198 | |
| gammaFitEM | 1.899 | 0.028 | 1.927 | |
| getChipInfo | 5.086 | 0.312 | 5.522 | |
| getControlData | 0.000 | 0.000 | 0.001 | |
| getControlProbe | 0.000 | 0.001 | 0.001 | |
| getControlType | 0.000 | 0.001 | 0.001 | |
| getNuIDMappingInfo | 0.763 | 0.059 | 0.848 | |
| hist-methods | 0.109 | 0.000 | 0.109 | |
| id2seq | 0.001 | 0.000 | 0.001 | |
| inverseVST | 0.346 | 0.000 | 0.346 | |
| is.nuID | 0.000 | 0.000 | 0.001 | |
| lumiB | 0.084 | 0.000 | 0.084 | |
| lumiExpresso | 0.290 | 0.016 | 0.306 | |
| lumiMethyB | 0.057 | 0.000 | 0.057 | |
| lumiMethyC | 0.920 | 0.012 | 0.933 | |
| lumiMethyN | 0.092 | 0.000 | 0.091 | |
| lumiMethyStatus | 37.658 | 1.428 | 39.089 | |
| lumiN | 0.385 | 0.012 | 0.397 | |
| lumiQ | 0.239 | 0.008 | 0.248 | |
| lumiR | 0.000 | 0.000 | 0.001 | |
| lumiR.batch | 0 | 0 | 0 | |
| lumiT | 0.317 | 0.016 | 0.333 | |
| methylationCall | 2.075 | 0.004 | 2.079 | |
| normalizeMethylation.quantile | 0.157 | 0.000 | 0.158 | |
| normalizeMethylation.ssn | 0.112 | 0.016 | 0.128 | |
| nuID2EntrezID | 0.702 | 0.024 | 0.725 | |
| nuID2IlluminaID | 3.308 | 0.084 | 3.391 | |
| nuID2RefSeqID | 2.105 | 0.008 | 2.112 | |
| nuID2probeID | 3.155 | 0.006 | 3.160 | |
| nuID2targetID | 3.044 | 0.000 | 3.044 | |
| pairs-methods | 0.762 | 0.004 | 0.766 | |
| plot-methods | 1.802 | 0.016 | 1.818 | |
| plotCDF | 0.140 | 0.004 | 0.143 | |
| plotColorBias1D | 0.211 | 0.004 | 0.215 | |
| plotColorBias2D | 0.181 | 0.000 | 0.181 | |
| plotControlData | 0.001 | 0.000 | 0.001 | |
| plotDensity | 0.102 | 0.008 | 0.110 | |
| plotGammaFit | 3.129 | 0.020 | 3.151 | |
| plotHousekeepingGene | 0.001 | 0.000 | 0.001 | |
| plotSampleRelation | 0.382 | 0.012 | 0.394 | |
| plotStringencyGene | 0.001 | 0.000 | 0.001 | |
| plotVST | 0.290 | 0.016 | 0.306 | |
| probeID2nuID | 3.218 | 0.008 | 3.226 | |
| produceGEOPlatformFile | 0 | 0 | 0 | |
| produceGEOSubmissionFile | 0 | 0 | 0 | |
| produceMethylationGEOSubmissionFile | 0 | 0 | 0 | |
| seq2id | 0.001 | 0.000 | 0.001 | |
| targetID2nuID | 4.208 | 0.000 | 4.209 | |
| vst | 0.164 | 0.000 | 0.164 | |