| Back to Multiple platform build/check report for BioC 3.13 |
|
This page was generated on 2021-10-15 15:06:40 -0400 (Fri, 15 Oct 2021).
|
To the developers/maintainers of the iSEEu package: - Please allow up to 24 hours (and sometimes 48 hours) for your latest push to git@git.bioconductor.org:packages/iSEEu.git to reflect on this report. See How and When does the builder pull? When will my changes propagate? here for more information. - Make sure to use the following settings in order to reproduce any error or warning you see on this page. |
| Package 946/2041 | Hostname | OS / Arch | INSTALL | BUILD | CHECK | BUILD BIN | ||||||||
| iSEEu 1.4.0 (landing page) Kevin Rue-Albrecht
| nebbiolo1 | Linux (Ubuntu 20.04.2 LTS) / x86_64 | OK | OK | WARNINGS | |||||||||
| tokay2 | Windows Server 2012 R2 Standard / x64 | OK | OK | WARNINGS | OK | |||||||||
| machv2 | macOS 10.14.6 Mojave / x86_64 | OK | OK | WARNINGS | OK | |||||||||
| Package: iSEEu |
| Version: 1.4.0 |
| Command: /Library/Frameworks/R.framework/Versions/Current/Resources/bin/R CMD check --install=check:iSEEu.install-out.txt --library=/Library/Frameworks/R.framework/Versions/Current/Resources/library --no-vignettes --timings iSEEu_1.4.0.tar.gz |
| StartedAt: 2021-10-14 20:19:26 -0400 (Thu, 14 Oct 2021) |
| EndedAt: 2021-10-14 20:27:58 -0400 (Thu, 14 Oct 2021) |
| EllapsedTime: 511.7 seconds |
| RetCode: 0 |
| Status: WARNINGS |
| CheckDir: iSEEu.Rcheck |
| Warnings: 1 |
##############################################################################
##############################################################################
###
### Running command:
###
### /Library/Frameworks/R.framework/Versions/Current/Resources/bin/R CMD check --install=check:iSEEu.install-out.txt --library=/Library/Frameworks/R.framework/Versions/Current/Resources/library --no-vignettes --timings iSEEu_1.4.0.tar.gz
###
##############################################################################
##############################################################################
* using log directory ‘/Users/biocbuild/bbs-3.13-bioc/meat/iSEEu.Rcheck’
* using R version 4.1.1 (2021-08-10)
* using platform: x86_64-apple-darwin17.0 (64-bit)
* using session charset: UTF-8
* using option ‘--no-vignettes’
* checking for file ‘iSEEu/DESCRIPTION’ ... OK
* checking extension type ... Package
* this is package ‘iSEEu’ version ‘1.4.0’
* package encoding: UTF-8
* checking package namespace information ... OK
* checking package dependencies ... OK
* checking if this is a source package ... OK
* checking if there is a namespace ... OK
* checking for hidden files and directories ... NOTE
Found the following hidden files and directories:
.git_fetch_output.txt
.git_merge_output.txt
These were most likely included in error. See section ‘Package
structure’ in the ‘Writing R Extensions’ manual.
* checking for portable file names ... OK
* checking for sufficient/correct file permissions ... OK
* checking whether package ‘iSEEu’ can be installed ... OK
* checking installed package size ... OK
* checking package directory ... OK
* checking ‘build’ directory ... OK
* checking DESCRIPTION meta-information ... OK
* checking top-level files ... OK
* checking for left-over files ... OK
* checking index information ... OK
* checking package subdirectories ... OK
* checking R files for non-ASCII characters ... OK
* checking R files for syntax errors ... OK
* checking whether the package can be loaded ... OK
* checking whether the package can be loaded with stated dependencies ... OK
* checking whether the package can be unloaded cleanly ... OK
* checking whether the namespace can be loaded with stated dependencies ... OK
* checking whether the namespace can be unloaded cleanly ... OK
* checking dependencies in R code ... OK
* checking S3 generic/method consistency ... OK
* checking replacement functions ... OK
* checking foreign function calls ... OK
* checking R code for possible problems ... OK
* checking Rd files ... OK
* checking Rd metadata ... OK
* checking Rd cross-references ... OK
* checking for missing documentation entries ... OK
* checking for code/documentation mismatches ... OK
* checking Rd \usage sections ... OK
* checking Rd contents ... OK
* checking for unstated dependencies in examples ... OK
* checking files in ‘vignettes’ ... OK
* checking examples ... WARNING
Found the following significant warnings:
Warning: '.setOrganism' is deprecated.
Warning: '.setIdentifierType' is deprecated.
Warning: 'GeneSetTable' is deprecated.
Warning: 'setPValuePattern' is deprecated.
Warning: 'setPValuePattern' is deprecated.
Warning: '.setIdentifierType' is deprecated.
Warning: '.getIdentifierType' is deprecated.
Warning: '.setOrganism' is deprecated.
Warning: '.getOrganism' is deprecated.
Warning: '.getGeneSetCommands' is deprecated.
Warning: '.getOrganism' is deprecated.
Warning: '.getOrganism' is deprecated.
Warning: '.getGeneSetCommands' is deprecated.
Warning: '.getIdentifierType' is deprecated.
Warning: '.getOrganism' is deprecated.
Warning: '.getOrganism' is deprecated.
Warning: '.setGeneSetCommands' is deprecated.
Warning: '.getGeneSetCommands' is deprecated.
Warning: '.getGeneSetCommands' is deprecated.
Deprecated functions may be defunct as soon as of the next release of
R.
See ?Deprecated.
Examples with CPU (user + system) or elapsed time > 5s
user system elapsed
AggregatedDotPlot 25.022 1.449 27.983
modeReducedDim 21.162 0.243 22.389
FeatureSetTable-class 17.674 0.376 19.570
DynamicMarkerTable-class 16.687 0.299 18.103
GeneSetTable-class 16.511 0.313 18.483
ReducedDimensionHexPlot-class 15.914 0.235 17.161
DynamicReducedDimensionPlot-class 15.520 0.288 16.788
registerFeatureSetCollections 15.200 0.263 17.017
modeGating 12.564 0.212 13.848
* checking for unstated dependencies in ‘tests’ ... OK
* checking tests ...
Running ‘testthat.R’
OK
* checking for unstated dependencies in vignettes ... OK
* checking package vignettes in ‘inst/doc’ ... OK
* checking running R code from vignettes ... SKIPPED
* checking re-building of vignette outputs ... SKIPPED
* checking PDF version of manual ... OK
* DONE
Status: 1 WARNING, 1 NOTE
See
‘/Users/biocbuild/bbs-3.13-bioc/meat/iSEEu.Rcheck/00check.log’
for details.
iSEEu.Rcheck/00install.out
############################################################################## ############################################################################## ### ### Running command: ### ### /Library/Frameworks/R.framework/Versions/Current/Resources/bin/R CMD INSTALL iSEEu ### ############################################################################## ############################################################################## * installing to library ‘/Library/Frameworks/R.framework/Versions/4.1/Resources/library’ * installing *source* package ‘iSEEu’ ... ** using staged installation ** R ** inst ** byte-compile and prepare package for lazy loading ** help *** installing help indices ** building package indices ** installing vignettes ** testing if installed package can be loaded from temporary location ** testing if installed package can be loaded from final location ** testing if installed package keeps a record of temporary installation path * DONE (iSEEu)
iSEEu.Rcheck/tests/testthat.Rout
R version 4.1.1 (2021-08-10) -- "Kick Things"
Copyright (C) 2021 The R Foundation for Statistical Computing
Platform: x86_64-apple-darwin17.0 (64-bit)
R is free software and comes with ABSOLUTELY NO WARRANTY.
You are welcome to redistribute it under certain conditions.
Type 'license()' or 'licence()' for distribution details.
R is a collaborative project with many contributors.
Type 'contributors()' for more information and
'citation()' on how to cite R or R packages in publications.
Type 'demo()' for some demos, 'help()' for on-line help, or
'help.start()' for an HTML browser interface to help.
Type 'q()' to quit R.
> library(testthat)
> library(iSEEu)
Loading required package: iSEE
Loading required package: SummarizedExperiment
Loading required package: MatrixGenerics
Loading required package: matrixStats
Attaching package: 'MatrixGenerics'
The following objects are masked from 'package:matrixStats':
colAlls, colAnyNAs, colAnys, colAvgsPerRowSet, colCollapse,
colCounts, colCummaxs, colCummins, colCumprods, colCumsums,
colDiffs, colIQRDiffs, colIQRs, colLogSumExps, colMadDiffs,
colMads, colMaxs, colMeans2, colMedians, colMins, colOrderStats,
colProds, colQuantiles, colRanges, colRanks, colSdDiffs, colSds,
colSums2, colTabulates, colVarDiffs, colVars, colWeightedMads,
colWeightedMeans, colWeightedMedians, colWeightedSds,
colWeightedVars, rowAlls, rowAnyNAs, rowAnys, rowAvgsPerColSet,
rowCollapse, rowCounts, rowCummaxs, rowCummins, rowCumprods,
rowCumsums, rowDiffs, rowIQRDiffs, rowIQRs, rowLogSumExps,
rowMadDiffs, rowMads, rowMaxs, rowMeans2, rowMedians, rowMins,
rowOrderStats, rowProds, rowQuantiles, rowRanges, rowRanks,
rowSdDiffs, rowSds, rowSums2, rowTabulates, rowVarDiffs, rowVars,
rowWeightedMads, rowWeightedMeans, rowWeightedMedians,
rowWeightedSds, rowWeightedVars
Loading required package: GenomicRanges
Loading required package: stats4
Loading required package: BiocGenerics
Loading required package: parallel
Attaching package: 'BiocGenerics'
The following objects are masked from 'package:parallel':
clusterApply, clusterApplyLB, clusterCall, clusterEvalQ,
clusterExport, clusterMap, parApply, parCapply, parLapply,
parLapplyLB, parRapply, parSapply, parSapplyLB
The following objects are masked from 'package:stats':
IQR, mad, sd, var, xtabs
The following objects are masked from 'package:base':
Filter, Find, Map, Position, Reduce, anyDuplicated, append,
as.data.frame, basename, cbind, colnames, dirname, do.call,
duplicated, eval, evalq, get, grep, grepl, intersect, is.unsorted,
lapply, mapply, match, mget, order, paste, pmax, pmax.int, pmin,
pmin.int, rank, rbind, rownames, sapply, setdiff, sort, table,
tapply, union, unique, unsplit, which.max, which.min
Loading required package: S4Vectors
Attaching package: 'S4Vectors'
The following objects are masked from 'package:base':
I, expand.grid, unname
Loading required package: IRanges
Loading required package: GenomeInfoDb
Loading required package: Biobase
Welcome to Bioconductor
Vignettes contain introductory material; view with
'browseVignettes()'. To cite Bioconductor, see
'citation("Biobase")', and for packages 'citation("pkgname")'.
Attaching package: 'Biobase'
The following object is masked from 'package:MatrixGenerics':
rowMedians
The following objects are masked from 'package:matrixStats':
anyMissing, rowMedians
Loading required package: SingleCellExperiment
>
> test_check("iSEEu")
snapshotDate(): 2021-05-18
see ?scRNAseq and browseVignettes('scRNAseq') for documentation
loading from cache
see ?scRNAseq and browseVignettes('scRNAseq') for documentation
loading from cache
see ?scRNAseq and browseVignettes('scRNAseq') for documentation
loading from cache
Loading required package: scuttle
Loading required package: ggplot2
[ FAIL 0 | WARN 9 | SKIP 0 | PASS 307 ]
>
> proc.time()
user system elapsed
90.578 5.832 103.345
iSEEu.Rcheck/iSEEu-Ex.timings
| name | user | system | elapsed | |
| AggregatedDotPlot | 25.022 | 1.449 | 27.983 | |
| DynamicMarkerTable-class | 16.687 | 0.299 | 18.103 | |
| DynamicReducedDimensionPlot-class | 15.520 | 0.288 | 16.788 | |
| FeatureSetTable-class | 17.674 | 0.376 | 19.570 | |
| GeneSetTable-class | 16.511 | 0.313 | 18.483 | |
| LogFCLogFCPlot-class | 0.114 | 0.001 | 0.116 | |
| MAPlot-class | 0.090 | 0.001 | 0.091 | |
| MarkdownBoard-class | 0.000 | 0.000 | 0.001 | |
| ReducedDimensionHexPlot-class | 15.914 | 0.235 | 17.161 | |
| VolcanoPlot-class | 0.072 | 0.001 | 0.074 | |
| createGeneSetCommands | 0.001 | 0.000 | 0.001 | |
| global-FeatureSetCommands | 0.001 | 0.001 | 0.002 | |
| global-TableExtraFields | 0.001 | 0.000 | 0.001 | |
| globals-PValuePattern | 0.001 | 0.001 | 0.002 | |
| modeEmpty | 1.335 | 0.014 | 1.351 | |
| modeGating | 12.564 | 0.212 | 13.848 | |
| modeReducedDim | 21.162 | 0.243 | 22.389 | |
| registerDEFields | 0.074 | 0.001 | 0.075 | |
| registerFeatureSetCollections | 15.200 | 0.263 | 17.017 | |
| utils-geneset | 0.005 | 0.001 | 0.006 | |