| Back to Multiple platform build/check report for BioC 3.13 |
|
This page was generated on 2021-10-15 15:05:43 -0400 (Fri, 15 Oct 2021).
|
To the developers/maintainers of the iClusterPlus package: - Please allow up to 24 hours (and sometimes 48 hours) for your latest push to git@git.bioconductor.org:packages/iClusterPlus.git to reflect on this report. See How and When does the builder pull? When will my changes propagate? here for more information. - Make sure to use the following settings in order to reproduce any error or warning you see on this page. |
| Package 896/2041 | Hostname | OS / Arch | INSTALL | BUILD | CHECK | BUILD BIN | ||||||||
| iClusterPlus 1.28.0 (landing page) Qianxing Mo
| nebbiolo1 | Linux (Ubuntu 20.04.2 LTS) / x86_64 | OK | OK | WARNINGS | |||||||||
| tokay2 | Windows Server 2012 R2 Standard / x64 | OK | OK | WARNINGS | OK | |||||||||
| machv2 | macOS 10.14.6 Mojave / x86_64 | OK | OK | WARNINGS | OK | |||||||||
| Package: iClusterPlus |
| Version: 1.28.0 |
| Command: /home/biocbuild/bbs-3.13-bioc/R/bin/R CMD check --install=check:iClusterPlus.install-out.txt --library=/home/biocbuild/bbs-3.13-bioc/R/library --no-vignettes --timings iClusterPlus_1.28.0.tar.gz |
| StartedAt: 2021-10-14 10:13:47 -0400 (Thu, 14 Oct 2021) |
| EndedAt: 2021-10-14 10:15:00 -0400 (Thu, 14 Oct 2021) |
| EllapsedTime: 73.0 seconds |
| RetCode: 0 |
| Status: WARNINGS |
| CheckDir: iClusterPlus.Rcheck |
| Warnings: 1 |
##############################################################################
##############################################################################
###
### Running command:
###
### /home/biocbuild/bbs-3.13-bioc/R/bin/R CMD check --install=check:iClusterPlus.install-out.txt --library=/home/biocbuild/bbs-3.13-bioc/R/library --no-vignettes --timings iClusterPlus_1.28.0.tar.gz
###
##############################################################################
##############################################################################
* using log directory ‘/home/biocbuild/bbs-3.13-bioc/meat/iClusterPlus.Rcheck’
* using R version 4.1.1 (2021-08-10)
* using platform: x86_64-pc-linux-gnu (64-bit)
* using session charset: UTF-8
* using option ‘--no-vignettes’
* checking for file ‘iClusterPlus/DESCRIPTION’ ... OK
* this is package ‘iClusterPlus’ version ‘1.28.0’
* checking package namespace information ... OK
* checking package dependencies ... OK
* checking if this is a source package ... OK
* checking if there is a namespace ... OK
* checking for hidden files and directories ... OK
* checking for portable file names ... OK
* checking for sufficient/correct file permissions ... OK
* checking whether package ‘iClusterPlus’ can be installed ... OK
* checking installed package size ... NOTE
installed size is 22.1Mb
sub-directories of 1Mb or more:
data 17.8Mb
doc 3.5Mb
* checking package directory ... OK
* checking ‘build’ directory ... OK
* checking DESCRIPTION meta-information ... OK
* checking top-level files ... NOTE
Found a ‘configure.in’ file: ‘configure.ac’ has long been preferred.
* checking for left-over files ... OK
* checking index information ... OK
* checking package subdirectories ... OK
* checking R files for non-ASCII characters ... OK
* checking R files for syntax errors ... OK
* checking whether the package can be loaded ... OK
* checking whether the package can be loaded with stated dependencies ... OK
* checking whether the package can be unloaded cleanly ... OK
* checking whether the namespace can be loaded with stated dependencies ... OK
* checking whether the namespace can be unloaded cleanly ... OK
* checking dependencies in R code ... OK
* checking S3 generic/method consistency ... OK
* checking replacement functions ... OK
* checking foreign function calls ... OK
* checking R code for possible problems ... NOTE
CNregions: no visible binding for global variable ‘chromosome’
CNregions: no visible binding for global variable ‘num.mark’
CNregions: no visible global function definition for ‘GRanges’
CNregions: no visible global function definition for ‘IRanges’
CNregions: no visible global function definition for ‘findOverlaps’
CNregions : get.medoid: no visible global function definition for ‘pam’
classError: no visible global function definition for ‘mapClass’
plotHMBayes: no visible global function definition for ‘bluered’
plotHMBayes : my.panel.levelplot: no visible global function definition
for ‘panel.levelplot’
plotHMBayes : my.panel.levelplot: no visible global function definition
for ‘panel.abline’
plotHMBayes : my.panel.levelplot.2: no visible global function
definition for ‘panel.levelplot’
plotHMBayes : my.panel.levelplot.2: no visible global function
definition for ‘panel.abline’
plotHMBayes: no visible global function definition for ‘levelplot’
plotHeatmap: no visible global function definition for ‘bluered’
plotHeatmap : my.panel.levelplot: no visible global function definition
for ‘panel.levelplot’
plotHeatmap : my.panel.levelplot: no visible global function definition
for ‘panel.abline’
plotHeatmap : my.panel.levelplot.2: no visible global function
definition for ‘panel.levelplot’
plotHeatmap : my.panel.levelplot.2: no visible global function
definition for ‘panel.abline’
plotHeatmap: no visible global function definition for ‘levelplot’
tune.iCluster2: no visible binding for global variable ‘glp’
tune.iClusterPlus: no visible binding for global variable ‘glp’
Undefined global functions or variables:
GRanges IRanges bluered chromosome findOverlaps glp levelplot
mapClass num.mark pam panel.abline panel.levelplot
* checking Rd files ... OK
* checking Rd metadata ... OK
* checking Rd cross-references ... OK
* checking for missing documentation entries ... OK
* checking for code/documentation mismatches ... OK
* checking Rd \usage sections ... OK
* checking Rd contents ... OK
* checking for unstated dependencies in examples ... OK
* checking contents of ‘data’ directory ... OK
* checking data for non-ASCII characters ... OK
* checking LazyData ... WARNING
LazyData DB of 17.8 MB without LazyDataCompression set
See §1.1.6 of 'Writing R Extensions'
* checking data for ASCII and uncompressed saves ... OK
* checking line endings in shell scripts ... OK
* checking line endings in C/C++/Fortran sources/headers ... OK
* checking line endings in Makefiles ... OK
* checking compilation flags in Makevars ... OK
* checking for GNU extensions in Makefiles ... OK
* checking for portable use of $(BLAS_LIBS) and $(LAPACK_LIBS) ... OK
* checking use of PKG_*FLAGS in Makefiles ... OK
* checking compiled code ... NOTE
Note: information on .o files is not available
* checking installed files from ‘inst/doc’ ... OK
* checking files in ‘vignettes’ ... OK
* checking examples ... OK
* checking for unstated dependencies in ‘tests’ ... OK
* checking tests ...
Running ‘runTests.R’
OK
* checking for unstated dependencies in vignettes ... OK
* checking package vignettes in ‘inst/doc’ ... OK
* checking running R code from vignettes ... SKIPPED
* checking re-building of vignette outputs ... SKIPPED
* checking PDF version of manual ... OK
* DONE
Status: 1 WARNING, 4 NOTEs
See
‘/home/biocbuild/bbs-3.13-bioc/meat/iClusterPlus.Rcheck/00check.log’
for details.
iClusterPlus.Rcheck/00install.out
##############################################################################
##############################################################################
###
### Running command:
###
### /home/biocbuild/bbs-3.13-bioc/R/bin/R CMD INSTALL iClusterPlus
###
##############################################################################
##############################################################################
* installing to library ‘/home/biocbuild/bbs-3.13-bioc/R/library’
* installing *source* package ‘iClusterPlus’ ...
** using staged installation
This package has only been tested with gfortran.
So some checks are needed.
R_HOME is /home/biocbuild/bbs-3.13-bioc/R
Attempting to determine R_ARCH...
R_ARCH is
Attempting to detect how R was configured for Fortran 90....
R configured for gfortran; Good!
configure: creating ./config.status
config.status: creating src/Makevars
** libs
gcc -I"/home/biocbuild/bbs-3.13-bioc/R/include" -DNDEBUG -I/usr/local/include -fpic -g -O2 -Wall -c iClusterBayes.c -o iClusterBayes.o
iClusterBayes.c: In function ‘mcmcBayes’:
iClusterBayes.c:1212:28: warning: variable ‘Zdraw’ set but not used [-Wunused-but-set-variable]
1212 | int i,j,h,n,k,ID,Zburnin,Zdraw,ndt,nk,thin,nthin,remainder,ty0,p0,ty1,p1,ty2,p2,ty3,p3,ty4,p4,ty5,p5,betaBurnin,betaDraw,p0k,p1k,p2k,p3k,p4k,p5k;
| ^~~~~
iClusterBayes.c:1212:20: warning: variable ‘Zburnin’ set but not used [-Wunused-but-set-variable]
1212 | int i,j,h,n,k,ID,Zburnin,Zdraw,ndt,nk,thin,nthin,remainder,ty0,p0,ty1,p1,ty2,p2,ty3,p3,ty4,p4,ty5,p5,betaBurnin,betaDraw,p0k,p1k,p2k,p3k,p4k,p5k;
| ^~~~~~~
iClusterBayes.c:1446:13: warning: ‘gb4’ may be used uninitialized in this function [-Wmaybe-uninitialized]
1446 | gb4[ID] = b4[ID]*gamma4[j];
| ~~~~~~~~^~~~~~~~~~~~~~~~~~
iClusterBayes.c:1431:13: warning: ‘gb3’ may be used uninitialized in this function [-Wmaybe-uninitialized]
1431 | gb3[ID] = b3[ID]*gamma3[j];
| ~~~~~~~~^~~~~~~~~~~~~~~~~~
iClusterBayes.c:1368:6: warning: ‘gb2’ may be used uninitialized in this function [-Wmaybe-uninitialized]
1368 | mcmcMix6d(meanZ,lastZ,nkZbd,sdev,
| ^~~~~~~~~~~~~~~~~~~~~~~~~~~~~~~~~
1369 | &ty0,&p0,a0,gb0,con0,cat0,sigma0,
| ~~~~~~~~~~~~~~~~~~~~~~~~~~~~~~~~~
1370 | &ty1,&p1,a1,gb1,con1,cat1,sigma1,
| ~~~~~~~~~~~~~~~~~~~~~~~~~~~~~~~~~
1371 | &ty2,&p2,a2,gb2,con2,cat2,sigma2,
| ~~~~~~~~~~~~~~~~~~~~~~~~~~~~~~~~~
1372 | &ty3,&p3,a3,gb3,con3,cat3,sigma3,
| ~~~~~~~~~~~~~~~~~~~~~~~~~~~~~~~~~
1373 | &ty4,&p4,a4,gb4,con4,cat4,sigma4,
| ~~~~~~~~~~~~~~~~~~~~~~~~~~~~~~~~~
1374 | &ty5,&p5,a5,gb5,con5,cat5,sigma5,acceptZ);
| ~~~~~~~~~~~~~~~~~~~~~~~~~~~~~~~~~~~~~~~~~
iClusterBayes.c:1368:6: warning: ‘gb1’ may be used uninitialized in this function [-Wmaybe-uninitialized]
iClusterBayes.c:1368:6: warning: ‘gb0’ may be used uninitialized in this function [-Wmaybe-uninitialized]
iClusterBayes.c:1461:13: warning: ‘gb5’ may be used uninitialized in this function [-Wmaybe-uninitialized]
1461 | gb5[ID] = b5[ID]*gamma5[j];
| ~~~~~~~~^~~~~~~~~~~~~~~~~~
gcc -I"/home/biocbuild/bbs-3.13-bioc/R/include" -DNDEBUG -I/usr/local/include -fpic -g -O2 -Wall -c iClusterPlus.c -o iClusterPlus.o
gfortran -fno-optimize-sibling-calls -fdefault-real-8 -ffixed-form -fpic -g -O2 -c newGLMnet.f90 -o newGLMnet.o
gcc -shared -L/home/biocbuild/bbs-3.13-bioc/R/lib -L/usr/local/lib -o iClusterPlus.so iClusterBayes.o iClusterPlus.o newGLMnet.o -L/home/biocbuild/bbs-3.13-bioc/R/lib -lRlapack -L/home/biocbuild/bbs-3.13-bioc/R/lib -lRblas -lgfortran -lm -lquadmath -lgfortran -lm -lquadmath -L/home/biocbuild/bbs-3.13-bioc/R/lib -lR
installing to /home/biocbuild/bbs-3.13-bioc/R/library/00LOCK-iClusterPlus/00new/iClusterPlus/libs
** R
** data
*** moving datasets to lazyload DB
** demo
** inst
** byte-compile and prepare package for lazy loading
** help
*** installing help indices
** building package indices
** installing vignettes
‘iClusterPlus.Rnw’ using ‘UTF-8’
** testing if installed package can be loaded from temporary location
** checking absolute paths in shared objects and dynamic libraries
** testing if installed package can be loaded from final location
** testing if installed package keeps a record of temporary installation path
* DONE (iClusterPlus)
iClusterPlus.Rcheck/tests/runTests.Rout
R version 4.1.1 (2021-08-10) -- "Kick Things"
Copyright (C) 2021 The R Foundation for Statistical Computing
Platform: x86_64-pc-linux-gnu (64-bit)
R is free software and comes with ABSOLUTELY NO WARRANTY.
You are welcome to redistribute it under certain conditions.
Type 'license()' or 'licence()' for distribution details.
R is a collaborative project with many contributors.
Type 'contributors()' for more information and
'citation()' on how to cite R or R packages in publications.
Type 'demo()' for some demos, 'help()' for on-line help, or
'help.start()' for an HTML browser interface to help.
Type 'q()' to quit R.
> BiocGenerics:::testPackage("iClusterPlus")
RUNIT TEST PROTOCOL -- Thu Oct 14 10:14:57 2021
***********************************************
Number of test functions: 0
Number of errors: 0
Number of failures: 0
1 Test Suite :
iClusterPlus RUnit Tests - 0 test functions, 0 errors, 0 failures
Number of test functions: 0
Number of errors: 0
Number of failures: 0
>
>
> proc.time()
user system elapsed
41.151 0.276 41.626
iClusterPlus.Rcheck/iClusterPlus-Ex.timings
| name | user | system | elapsed | |
| CNregions | 0 | 0 | 0 | |
| compute.pod | 0 | 0 | 0 | |
| iCluster | 4.214 | 0.072 | 4.286 | |
| iCluster2 | 0.365 | 0.009 | 0.375 | |
| iClusterBayes | 0 | 0 | 0 | |
| iClusterPlus | 0 | 0 | 0 | |
| plotHMBayes | 0 | 0 | 0 | |
| plotHeatmap | 0.000 | 0.001 | 0.001 | |
| plotRI | 0.000 | 0.001 | 0.001 | |
| plotiCluster | 0.000 | 0.001 | 0.000 | |
| tune.iClusterBayes | 0.000 | 0.001 | 0.000 | |
| tune.iClusterPlus | 0.000 | 0.000 | 0.001 | |
| utility | 0.000 | 0.000 | 0.001 | |