| Back to Multiple platform build/check report for BioC 3.13 |
|
This page was generated on 2021-10-15 15:05:40 -0400 (Fri, 15 Oct 2021).
|
To the developers/maintainers of the esATAC package: - Please allow up to 24 hours (and sometimes 48 hours) for your latest push to git@git.bioconductor.org:packages/esATAC.git to reflect on this report. See How and When does the builder pull? When will my changes propagate? here for more information. - Make sure to use the following settings in order to reproduce any error or warning you see on this page. |
| Package 595/2041 | Hostname | OS / Arch | INSTALL | BUILD | CHECK | BUILD BIN | ||||||||
| esATAC 1.14.0 (landing page) Zheng Wei
| nebbiolo1 | Linux (Ubuntu 20.04.2 LTS) / x86_64 | OK | OK | WARNINGS | |||||||||
| tokay2 | Windows Server 2012 R2 Standard / x64 | OK | OK | WARNINGS | OK | |||||||||
| machv2 | macOS 10.14.6 Mojave / x86_64 | OK | OK | WARNINGS | OK | |||||||||
| Package: esATAC |
| Version: 1.14.0 |
| Command: /home/biocbuild/bbs-3.13-bioc/R/bin/R CMD check --install=check:esATAC.install-out.txt --library=/home/biocbuild/bbs-3.13-bioc/R/library --no-vignettes --timings esATAC_1.14.0.tar.gz |
| StartedAt: 2021-10-14 09:45:43 -0400 (Thu, 14 Oct 2021) |
| EndedAt: 2021-10-14 09:52:06 -0400 (Thu, 14 Oct 2021) |
| EllapsedTime: 383.1 seconds |
| RetCode: 0 |
| Status: WARNINGS |
| CheckDir: esATAC.Rcheck |
| Warnings: 1 |
##############################################################################
##############################################################################
###
### Running command:
###
### /home/biocbuild/bbs-3.13-bioc/R/bin/R CMD check --install=check:esATAC.install-out.txt --library=/home/biocbuild/bbs-3.13-bioc/R/library --no-vignettes --timings esATAC_1.14.0.tar.gz
###
##############################################################################
##############################################################################
* using log directory ‘/home/biocbuild/bbs-3.13-bioc/meat/esATAC.Rcheck’
* using R version 4.1.1 (2021-08-10)
* using platform: x86_64-pc-linux-gnu (64-bit)
* using session charset: UTF-8
* using option ‘--no-vignettes’
* checking for file ‘esATAC/DESCRIPTION’ ... OK
* checking extension type ... Package
* this is package ‘esATAC’ version ‘1.14.0’
* package encoding: UTF-8
* checking package namespace information ... OK
* checking package dependencies ... OK
* checking if this is a source package ... OK
* checking if there is a namespace ... OK
* checking for hidden files and directories ... NOTE
Found the following hidden files and directories:
.BBSoptions
These were most likely included in error. See section ‘Package
structure’ in the ‘Writing R Extensions’ manual.
* checking for portable file names ... OK
* checking for sufficient/correct file permissions ... OK
* checking whether package ‘esATAC’ can be installed ... OK
* checking installed package size ... NOTE
installed size is 8.5Mb
sub-directories of 1Mb or more:
extdata 5.1Mb
libs 2.7Mb
* checking package directory ... OK
* checking ‘build’ directory ... OK
* checking DESCRIPTION meta-information ... OK
* checking top-level files ... OK
* checking for left-over files ... OK
* checking index information ... OK
* checking package subdirectories ... OK
* checking R files for non-ASCII characters ... OK
* checking R files for syntax errors ... OK
* checking whether the package can be loaded ... OK
* checking whether the package can be loaded with stated dependencies ... OK
* checking whether the package can be unloaded cleanly ... OK
* checking whether the namespace can be loaded with stated dependencies ... NOTE
Warning in options(stringsAsFactors = TRUE) :
'options(stringsAsFactors = TRUE)' is deprecated and will be disabled
A namespace must be able to be loaded with just the base namespace
loaded: otherwise if the namespace gets loaded by a saved object, the
session will be unable to start.
Probably some imports need to be declared in the NAMESPACE file.
* checking whether the namespace can be unloaded cleanly ... OK
* checking dependencies in R code ... NOTE
Unexported objects imported by ':::' calls:
‘ShortRead:::.ShortReadQQA’ ‘ShortRead:::.qa_adapterContamination’
See the note in ?`:::` about the use of this operator.
* checking S3 generic/method consistency ... OK
* checking replacement functions ... OK
* checking foreign function calls ... OK
* checking R code for possible problems ... NOTE
processing,BedToBigWig: no visible binding for global variable ‘score’
Undefined global functions or variables:
score
* checking Rd files ... OK
* checking Rd metadata ... OK
* checking Rd cross-references ... WARNING
Missing link or links in documentation object 'RMotifScan.Rd':
‘import’
Missing link or links in documentation object 'RPeakAnno.Rd':
‘import’
Missing link or links in documentation object 'RPeakComp.Rd':
‘import’
See section 'Cross-references' in the 'Writing R Extensions' manual.
* checking for missing documentation entries ... OK
* checking for code/documentation mismatches ... OK
* checking Rd \usage sections ... OK
* checking Rd contents ... OK
* checking for unstated dependencies in examples ... OK
* checking line endings in C/C++/Fortran sources/headers ... OK
* checking line endings in Makefiles ... OK
* checking compilation flags in Makevars ... OK
* checking for GNU extensions in Makefiles ... OK
* checking for portable use of $(BLAS_LIBS) and $(LAPACK_LIBS) ... OK
* checking use of PKG_*FLAGS in Makefiles ... OK
* checking compiled code ... NOTE
Note: information on .o files is not available
* checking files in ‘vignettes’ ... OK
* checking examples ... OK
Examples with CPU (user + system) or elapsed time > 5s
user system elapsed
FindAdapter 0.460 0.079 18.219
Renamer 0.379 0.048 17.813
* checking for unstated dependencies in ‘tests’ ... OK
* checking tests ...
Running ‘testthat.R’
OK
* checking for unstated dependencies in vignettes ... OK
* checking package vignettes in ‘inst/doc’ ... OK
* checking running R code from vignettes ... SKIPPED
* checking re-building of vignette outputs ... SKIPPED
* checking PDF version of manual ... OK
* DONE
Status: 1 WARNING, 6 NOTEs
See
‘/home/biocbuild/bbs-3.13-bioc/meat/esATAC.Rcheck/00check.log’
for details.
esATAC.Rcheck/00install.out
##############################################################################
##############################################################################
###
### Running command:
###
### /home/biocbuild/bbs-3.13-bioc/R/bin/R CMD INSTALL esATAC
###
##############################################################################
##############################################################################
* installing to library ‘/home/biocbuild/bbs-3.13-bioc/R/library’
* installing *source* package ‘esATAC’ ...
** using staged installation
** libs
g++ -std=gnu++11 -I"/home/biocbuild/bbs-3.13-bioc/R/include" -DNDEBUG -DNDEBUG -DPLF_SYS_LINUX -DR_EVN_FLAG -I'/home/biocbuild/bbs-3.13-bioc/R/library/Rcpp/include' -I/usr/local/include -fpic -g -O2 -Wall -c BedLine.cpp -o BedLine.o
g++ -std=gnu++11 -I"/home/biocbuild/bbs-3.13-bioc/R/include" -DNDEBUG -DNDEBUG -DPLF_SYS_LINUX -DR_EVN_FLAG -I'/home/biocbuild/bbs-3.13-bioc/R/library/Rcpp/include' -I/usr/local/include -fpic -g -O2 -Wall -c BedUtils.cpp -o BedUtils.o
g++ -std=gnu++11 -I"/home/biocbuild/bbs-3.13-bioc/R/include" -DNDEBUG -DNDEBUG -DPLF_SYS_LINUX -DR_EVN_FLAG -I'/home/biocbuild/bbs-3.13-bioc/R/library/Rcpp/include' -I/usr/local/include -fpic -g -O2 -Wall -c ChrDivi.cpp -o ChrDivi.o
g++ -std=gnu++11 -I"/home/biocbuild/bbs-3.13-bioc/R/include" -DNDEBUG -DNDEBUG -DPLF_SYS_LINUX -DR_EVN_FLAG -I'/home/biocbuild/bbs-3.13-bioc/R/library/Rcpp/include' -I/usr/local/include -fpic -g -O2 -Wall -c CutCountPre.cpp -o CutCountPre.o
g++ -std=gnu++11 -I"/home/biocbuild/bbs-3.13-bioc/R/include" -DNDEBUG -DNDEBUG -DPLF_SYS_LINUX -DR_EVN_FLAG -I'/home/biocbuild/bbs-3.13-bioc/R/library/Rcpp/include' -I/usr/local/include -fpic -g -O2 -Wall -c CutSiteCount.cpp -o CutSiteCount.o
g++ -std=gnu++11 -I"/home/biocbuild/bbs-3.13-bioc/R/include" -DNDEBUG -DNDEBUG -DPLF_SYS_LINUX -DR_EVN_FLAG -I'/home/biocbuild/bbs-3.13-bioc/R/library/Rcpp/include' -I/usr/local/include -fpic -g -O2 -Wall -c LibComplexQC.cpp -o LibComplexQC.o
g++ -std=gnu++11 -I"/home/biocbuild/bbs-3.13-bioc/R/include" -DNDEBUG -DNDEBUG -DPLF_SYS_LINUX -DR_EVN_FLAG -I'/home/biocbuild/bbs-3.13-bioc/R/library/Rcpp/include' -I/usr/local/include -fpic -g -O2 -Wall -c RcppExports.cpp -o RcppExports.o
g++ -std=gnu++11 -I"/home/biocbuild/bbs-3.13-bioc/R/include" -DNDEBUG -DNDEBUG -DPLF_SYS_LINUX -DR_EVN_FLAG -I'/home/biocbuild/bbs-3.13-bioc/R/library/Rcpp/include' -I/usr/local/include -fpic -g -O2 -Wall -c SortBed.cpp -o SortBed.o
g++ -std=gnu++11 -I"/home/biocbuild/bbs-3.13-bioc/R/include" -DNDEBUG -DNDEBUG -DPLF_SYS_LINUX -DR_EVN_FLAG -I'/home/biocbuild/bbs-3.13-bioc/R/library/Rcpp/include' -I/usr/local/include -fpic -g -O2 -Wall -c rcpp_wrapper.cpp -o rcpp_wrapper.o
rcpp_wrapper.cpp: In function ‘int CutSiteCount_wrapper(Rcpp::List)’:
rcpp_wrapper.cpp:334:7: warning: variable ‘tmp_k’ set but not used [-Wunused-but-set-variable]
334 | int tmp_k;
| ^~~~~
g++ -std=gnu++11 -I"/home/biocbuild/bbs-3.13-bioc/R/include" -DNDEBUG -DNDEBUG -DPLF_SYS_LINUX -DR_EVN_FLAG -I'/home/biocbuild/bbs-3.13-bioc/R/library/Rcpp/include' -I/usr/local/include -fpic -g -O2 -Wall -c renamer.cpp -o renamer.o
g++ -std=gnu++11 -I"/home/biocbuild/bbs-3.13-bioc/R/include" -DNDEBUG -DNDEBUG -DPLF_SYS_LINUX -DR_EVN_FLAG -I'/home/biocbuild/bbs-3.13-bioc/R/library/Rcpp/include' -I/usr/local/include -fpic -g -O2 -Wall -c sam2bed.cc -o sam2bed.o
sam2bed.cc: In member function ‘int SamToBed::sam2bed(int, int, char**, int, bool, bool)’:
sam2bed.cc:125:16: warning: unused variable ‘xspm’ [-Wunused-variable]
125 | regmatch_t xspm[1];
| ^~~~
sam2bed.cc: In member function ‘int SamToBed::sam2bed_merge(int, int, char**, int, bool, bool, int, int, bool)’:
sam2bed.cc:294:16: warning: unused variable ‘xspm’ [-Wunused-variable]
294 | regmatch_t xspm[1];
| ^~~~
g++ -std=gnu++11 -shared -L/home/biocbuild/bbs-3.13-bioc/R/lib -L/usr/local/lib -o esATAC.so BedLine.o BedUtils.o ChrDivi.o CutCountPre.o CutSiteCount.o LibComplexQC.o RcppExports.o SortBed.o rcpp_wrapper.o renamer.o sam2bed.o -L/home/biocbuild/bbs-3.13-bioc/R/lib -lR
installing to /home/biocbuild/bbs-3.13-bioc/R/library/00LOCK-esATAC/00new/esATAC/libs
** R
** inst
** byte-compile and prepare package for lazy loading
** help
*** installing help indices
** building package indices
** installing vignettes
** testing if installed package can be loaded from temporary location
Warning in options(stringsAsFactors = TRUE) :
'options(stringsAsFactors = TRUE)' is deprecated and will be disabled
** checking absolute paths in shared objects and dynamic libraries
** testing if installed package can be loaded from final location
Warning in options(stringsAsFactors = TRUE) :
'options(stringsAsFactors = TRUE)' is deprecated and will be disabled
** testing if installed package keeps a record of temporary installation path
* DONE (esATAC)
esATAC.Rcheck/tests/testthat.Rout
R version 4.1.1 (2021-08-10) -- "Kick Things"
Copyright (C) 2021 The R Foundation for Statistical Computing
Platform: x86_64-pc-linux-gnu (64-bit)
R is free software and comes with ABSOLUTELY NO WARRANTY.
You are welcome to redistribute it under certain conditions.
Type 'license()' or 'licence()' for distribution details.
R is a collaborative project with many contributors.
Type 'contributors()' for more information and
'citation()' on how to cite R or R packages in publications.
Type 'demo()' for some demos, 'help()' for on-line help, or
'help.start()' for an HTML browser interface to help.
Type 'q()' to quit R.
> library(testthat)
> library(esATAC)
Loading required package: Rsamtools
Loading required package: GenomeInfoDb
Loading required package: BiocGenerics
Loading required package: parallel
Attaching package: 'BiocGenerics'
The following objects are masked from 'package:parallel':
clusterApply, clusterApplyLB, clusterCall, clusterEvalQ,
clusterExport, clusterMap, parApply, parCapply, parLapply,
parLapplyLB, parRapply, parSapply, parSapplyLB
The following objects are masked from 'package:stats':
IQR, mad, sd, var, xtabs
The following objects are masked from 'package:base':
Filter, Find, Map, Position, Reduce, anyDuplicated, append,
as.data.frame, basename, cbind, colnames, dirname, do.call,
duplicated, eval, evalq, get, grep, grepl, intersect, is.unsorted,
lapply, mapply, match, mget, order, paste, pmax, pmax.int, pmin,
pmin.int, rank, rbind, rownames, sapply, setdiff, sort, table,
tapply, union, unique, unsplit, which.max, which.min
Loading required package: S4Vectors
Loading required package: stats4
Attaching package: 'S4Vectors'
The following objects are masked from 'package:base':
I, expand.grid, unname
Loading required package: IRanges
Loading required package: GenomicRanges
Loading required package: Biostrings
Loading required package: XVector
Attaching package: 'Biostrings'
The following object is masked from 'package:base':
strsplit
Loading required package: ShortRead
Loading required package: BiocParallel
Loading required package: GenomicAlignments
Loading required package: SummarizedExperiment
Loading required package: MatrixGenerics
Loading required package: matrixStats
Attaching package: 'MatrixGenerics'
The following objects are masked from 'package:matrixStats':
colAlls, colAnyNAs, colAnys, colAvgsPerRowSet, colCollapse,
colCounts, colCummaxs, colCummins, colCumprods, colCumsums,
colDiffs, colIQRDiffs, colIQRs, colLogSumExps, colMadDiffs,
colMads, colMaxs, colMeans2, colMedians, colMins, colOrderStats,
colProds, colQuantiles, colRanges, colRanks, colSdDiffs, colSds,
colSums2, colTabulates, colVarDiffs, colVars, colWeightedMads,
colWeightedMeans, colWeightedMedians, colWeightedSds,
colWeightedVars, rowAlls, rowAnyNAs, rowAnys, rowAvgsPerColSet,
rowCollapse, rowCounts, rowCummaxs, rowCummins, rowCumprods,
rowCumsums, rowDiffs, rowIQRDiffs, rowIQRs, rowLogSumExps,
rowMadDiffs, rowMads, rowMaxs, rowMeans2, rowMedians, rowMins,
rowOrderStats, rowProds, rowQuantiles, rowRanges, rowRanks,
rowSdDiffs, rowSds, rowSums2, rowTabulates, rowVarDiffs, rowVars,
rowWeightedMads, rowWeightedMeans, rowWeightedMedians,
rowWeightedSds, rowWeightedVars
Loading required package: Biobase
Welcome to Bioconductor
Vignettes contain introductory material; view with
'browseVignettes()'. To cite Bioconductor, see
'citation("Biobase")', and for packages 'citation("pkgname")'.
Attaching package: 'Biobase'
The following object is masked from 'package:MatrixGenerics':
rowMedians
The following objects are masked from 'package:matrixStats':
anyMissing, rowMedians
Loading required package: pipeFrame
Attaching package: 'pipeFrame'
The following object is masked from 'package:ShortRead':
report
Warning message:
In options(stringsAsFactors = TRUE) :
'options(stringsAsFactors = TRUE)' is deprecated and will be disabled
>
> test_check("esATAC")
[1] "2021-10-14 09:52:03 EDT"
[1] "2021-10-14 09:52:03 EDT"
[1] "2021-10-14 09:52:03 EDT"
[1] "2021-10-14 09:52:03 EDT"
[1] "2021-10-14 09:52:03 EDT"
[1] "2021-10-14 09:52:03 EDT"
[ FAIL 0 | WARN 0 | SKIP 0 | PASS 3 ]
>
> proc.time()
user system elapsed
17.454 0.953 18.379
esATAC.Rcheck/esATAC-Ex.timings
| name | user | system | elapsed | |
| BamToBed | 0.349 | 0.056 | 0.405 | |
| BedToBigWig | 0.108 | 0.008 | 0.116 | |
| BedUtils | 0.438 | 0.008 | 0.447 | |
| Bowtie2Mapping | 0.730 | 0.279 | 0.567 | |
| CutSiteCountR | 0.378 | 0.032 | 0.413 | |
| CutSitePre | 0.259 | 0.008 | 0.267 | |
| FRiPQC | 3.182 | 0.209 | 2.666 | |
| FastQC | 0.595 | 0.044 | 0.643 | |
| FindAdapter | 0.460 | 0.079 | 18.219 | |
| FragLenDistr | 0.065 | 0.024 | 0.090 | |
| LibComplexQC | 0.182 | 0.013 | 0.194 | |
| PeakCallingFseq | 0.315 | 0.016 | 0.331 | |
| PeakQC | 0.483 | 0.040 | 0.523 | |
| RGo | 0 | 0 | 0 | |
| RMotifScan | 0 | 0 | 0 | |
| RMotifScanPair | 0 | 0 | 0 | |
| RPeakAnno | 0.217 | 0.016 | 0.233 | |
| RPeakComp | 0.073 | 0.000 | 0.072 | |
| RSNPs | 0.139 | 0.004 | 0.142 | |
| RemoveAdapter | 0.151 | 0.008 | 0.158 | |
| Renamer | 0.379 | 0.048 | 17.813 | |
| Rsortbam | 0.066 | 0.008 | 0.074 | |
| SamToBam | 0.183 | 0.012 | 0.194 | |
| SamToBed | 0.218 | 0.032 | 0.249 | |
| TSSQC | 1.331 | 0.098 | 1.426 | |
| UnzipAndMerge | 0.023 | 0.000 | 0.022 | |
| atacPipe2 | 0.001 | 0.000 | 0.001 | |
| atacRepsPipe | 0 | 0 | 0 | |
| atacRepsPipe2 | 0.001 | 0.000 | 0.001 | |
| esATAC-package | 0.001 | 0.000 | 0.001 | |
| getMotifInfo | 0.006 | 0.004 | 0.009 | |