| Back to Multiple platform build/check report for BioC 3.13 |
|
This page was generated on 2021-10-15 15:06:34 -0400 (Fri, 15 Oct 2021).
|
To the developers/maintainers of the dualKS package: - Please allow up to 24 hours (and sometimes 48 hours) for your latest push to git@git.bioconductor.org:packages/dualKS.git to reflect on this report. See How and When does the builder pull? When will my changes propagate? here for more information. - Make sure to use the following settings in order to reproduce any error or warning you see on this page. |
| Package 539/2041 | Hostname | OS / Arch | INSTALL | BUILD | CHECK | BUILD BIN | ||||||||
| dualKS 1.52.1 (landing page) Eric J. Kort
| nebbiolo1 | Linux (Ubuntu 20.04.2 LTS) / x86_64 | OK | ERROR | skipped | |||||||||
| tokay2 | Windows Server 2012 R2 Standard / x64 | OK | ERROR | skipped | skipped | |||||||||
| machv2 | macOS 10.14.6 Mojave / x86_64 | OK | ERROR | skipped | skipped | |||||||||
| Package: dualKS |
| Version: 1.52.1 |
| Command: /Library/Frameworks/R.framework/Versions/Current/Resources/bin/R CMD build --keep-empty-dirs --no-resave-data dualKS |
| StartedAt: 2021-10-14 11:49:49 -0400 (Thu, 14 Oct 2021) |
| EndedAt: 2021-10-14 11:50:07 -0400 (Thu, 14 Oct 2021) |
| EllapsedTime: 18.5 seconds |
| RetCode: 1 |
| Status: ERROR |
| PackageFile: None |
| PackageFileSize: NA |
##############################################################################
##############################################################################
###
### Running command:
###
### /Library/Frameworks/R.framework/Versions/Current/Resources/bin/R CMD build --keep-empty-dirs --no-resave-data dualKS
###
##############################################################################
##############################################################################
* checking for file ‘dualKS/DESCRIPTION’ ... OK
* preparing ‘dualKS’:
* checking DESCRIPTION meta-information ... OK
* installing the package to build vignettes
* creating vignettes ... ERROR
--- re-building ‘dualKS.rnw’ using Sweave
Loading required package: Biobase
Loading required package: BiocGenerics
Loading required package: parallel
Attaching package: ‘BiocGenerics’
The following objects are masked from ‘package:parallel’:
clusterApply, clusterApplyLB, clusterCall, clusterEvalQ,
clusterExport, clusterMap, parApply, parCapply, parLapply,
parLapplyLB, parRapply, parSapply, parSapplyLB
The following objects are masked from ‘package:stats’:
IQR, mad, sd, var, xtabs
The following objects are masked from ‘package:base’:
Filter, Find, Map, Position, Reduce, anyDuplicated,
append, as.data.frame, basename, cbind, colnames, dirname,
do.call, duplicated, eval, evalq, get, grep, grepl,
intersect, is.unsorted, lapply, mapply, match, mget,
order, paste, pmax, pmax.int, pmin, pmin.int, rank, rbind,
rownames, sapply, setdiff, sort, table, tapply, union,
unique, unsplit, which.max, which.min
Welcome to Bioconductor
Vignettes contain introductory material; view with
'browseVignettes()'. To cite Bioconductor, see
'citation("Biobase")', and for packages
'citation("pkgname")'.
Loading required package: affy
Warning in if (class(eset) == "matrix") { :
the condition has length > 1 and only the first element will be used
Warning in if (class(eset) == "matrix") { :
the condition has length > 1 and only the first element will be used
Warning in if (class(eset) == "matrix") { :
the condition has length > 1 and only the first element will be used
Warning in if (class(eset) == "matrix") { :
the condition has length > 1 and only the first element will be used
Warning in if (class(eset) == "matrix") { :
the condition has length > 1 and only the first element will be used
Error: processing vignette 'dualKS.rnw' failed with diagnostics:
chunk 22
Error in eval(expr, .GlobalEnv) : object 'pv.f' not found
--- failed re-building ‘dualKS.rnw’
SUMMARY: processing the following file failed:
‘dualKS.rnw’
Error: Vignette re-building failed.
Execution halted