| Back to Multiple platform build/check report for BioC 3.13 |
|
This page was generated on 2021-10-15 15:06:31 -0400 (Fri, 15 Oct 2021).
|
To the developers/maintainers of the cisPath package: - Please allow up to 24 hours (and sometimes 48 hours) for your latest push to git@git.bioconductor.org:packages/cisPath.git to reflect on this report. See How and When does the builder pull? When will my changes propagate? here for more information. - Make sure to use the following settings in order to reproduce any error or warning you see on this page. |
| Package 315/2041 | Hostname | OS / Arch | INSTALL | BUILD | CHECK | BUILD BIN | ||||||||
| cisPath 1.32.0 (landing page) Likun Wang
| nebbiolo1 | Linux (Ubuntu 20.04.2 LTS) / x86_64 | OK | OK | OK | |||||||||
| tokay2 | Windows Server 2012 R2 Standard / x64 | OK | OK | OK | OK | |||||||||
| machv2 | macOS 10.14.6 Mojave / x86_64 | OK | OK | WARNINGS | OK | |||||||||
| Package: cisPath |
| Version: 1.32.0 |
| Command: /Library/Frameworks/R.framework/Versions/Current/Resources/bin/R CMD check --install=check:cisPath.install-out.txt --library=/Library/Frameworks/R.framework/Versions/Current/Resources/library --no-vignettes --timings cisPath_1.32.0.tar.gz |
| StartedAt: 2021-10-14 17:26:00 -0400 (Thu, 14 Oct 2021) |
| EndedAt: 2021-10-14 17:26:30 -0400 (Thu, 14 Oct 2021) |
| EllapsedTime: 30.3 seconds |
| RetCode: 0 |
| Status: WARNINGS |
| CheckDir: cisPath.Rcheck |
| Warnings: 1 |
##############################################################################
##############################################################################
###
### Running command:
###
### /Library/Frameworks/R.framework/Versions/Current/Resources/bin/R CMD check --install=check:cisPath.install-out.txt --library=/Library/Frameworks/R.framework/Versions/Current/Resources/library --no-vignettes --timings cisPath_1.32.0.tar.gz
###
##############################################################################
##############################################################################
* using log directory ‘/Users/biocbuild/bbs-3.13-bioc/meat/cisPath.Rcheck’
* using R version 4.1.1 (2021-08-10)
* using platform: x86_64-apple-darwin17.0 (64-bit)
* using session charset: UTF-8
* using option ‘--no-vignettes’
* checking for file ‘cisPath/DESCRIPTION’ ... OK
* this is package ‘cisPath’ version ‘1.32.0’
* checking package namespace information ... OK
* checking package dependencies ... OK
* checking if this is a source package ... OK
* checking if there is a namespace ... OK
* checking for hidden files and directories ... NOTE
Found the following hidden files and directories:
.git_fetch_output.txt
.git_merge_output.txt
These were most likely included in error. See section ‘Package
structure’ in the ‘Writing R Extensions’ manual.
* checking for portable file names ... OK
* checking for sufficient/correct file permissions ... OK
* checking whether package ‘cisPath’ can be installed ... WARNING
Found the following significant warnings:
cisPath.cpp:945:14: warning: explicitly assigning value of variable of type 'std::__1::string' (aka 'basic_string<char, char_traits<char>, allocator<char> >') to itself [-Wself-assign-overloaded]
See ‘/Users/biocbuild/bbs-3.13-bioc/meat/cisPath.Rcheck/00install.out’ for details.
* checking installed package size ... OK
* checking package directory ... OK
* checking ‘build’ directory ... OK
* checking DESCRIPTION meta-information ... NOTE
Malformed Title field: should not end in a period.
* checking top-level files ... OK
* checking for left-over files ... OK
* checking index information ... OK
* checking package subdirectories ... OK
* checking R files for non-ASCII characters ... OK
* checking R files for syntax errors ... OK
* checking whether the package can be loaded ... OK
* checking whether the package can be loaded with stated dependencies ... OK
* checking whether the package can be unloaded cleanly ... OK
* checking whether the namespace can be loaded with stated dependencies ... OK
* checking whether the namespace can be unloaded cleanly ... OK
* checking dependencies in R code ... OK
* checking S3 generic/method consistency ... OK
* checking replacement functions ... OK
* checking foreign function calls ... OK
* checking R code for possible problems ... NOTE
getResults: no visible global function definition for ‘read.table’
cisPath,character-character: no visible global function definition for
‘browseURL’
combinePPI,character-character: no visible global function definition
for ‘browseURL’
easyEditor,character: no visible global function definition for
‘browseURL’
networkView,character-character-character: no visible global function
definition for ‘browseURL’
Undefined global functions or variables:
browseURL read.table
Consider adding
importFrom("utils", "browseURL", "read.table")
to your NAMESPACE file.
* checking Rd files ... OK
* checking Rd metadata ... OK
* checking Rd cross-references ... OK
* checking for missing documentation entries ... OK
* checking for code/documentation mismatches ... OK
* checking Rd \usage sections ... OK
* checking Rd contents ... OK
* checking for unstated dependencies in examples ... OK
* checking line endings in C/C++/Fortran sources/headers ... OK
* checking compiled code ... NOTE
Note: information on .o files is not available
* checking sizes of PDF files under ‘inst/doc’ ... OK
* checking files in ‘vignettes’ ... OK
* checking examples ... OK
* checking for unstated dependencies in vignettes ... OK
* checking package vignettes in ‘inst/doc’ ... OK
* checking running R code from vignettes ... SKIPPED
* checking re-building of vignette outputs ... SKIPPED
* checking PDF version of manual ... OK
* DONE
Status: 1 WARNING, 4 NOTEs
See
‘/Users/biocbuild/bbs-3.13-bioc/meat/cisPath.Rcheck/00check.log’
for details.
cisPath.Rcheck/00install.out
##############################################################################
##############################################################################
###
### Running command:
###
### /Library/Frameworks/R.framework/Versions/Current/Resources/bin/R CMD INSTALL cisPath
###
##############################################################################
##############################################################################
* installing to library ‘/Library/Frameworks/R.framework/Versions/4.1/Resources/library’
* installing *source* package ‘cisPath’ ...
** using staged installation
** libs
clang++ -mmacosx-version-min=10.13 -std=gnu++14 -I"/Library/Frameworks/R.framework/Resources/include" -DNDEBUG -I/usr/local/include -fPIC -Wall -g -O2 -c cisPath.cpp -o cisPath.o
cisPath.cpp:945:14: warning: explicitly assigning value of variable of type 'std::__1::string' (aka 'basic_string<char, char_traits<char>, allocator<char> >') to itself [-Wself-assign-overloaded]
Name = Name;
~~~~ ^ ~~~~
1 warning generated.
clang++ -mmacosx-version-min=10.13 -std=gnu++14 -dynamiclib -Wl,-headerpad_max_install_names -undefined dynamic_lookup -single_module -multiply_defined suppress -L/Library/Frameworks/R.framework/Resources/lib -L/usr/local/lib -o cisPath.so cisPath.o -F/Library/Frameworks/R.framework/.. -framework R -Wl,-framework -Wl,CoreFoundation
installing to /Library/Frameworks/R.framework/Versions/4.1/Resources/library/00LOCK-cisPath/00new/cisPath/libs
** R
** inst
** byte-compile and prepare package for lazy loading
** help
*** installing help indices
** building package indices
** installing vignettes
** testing if installed package can be loaded from temporary location
** checking absolute paths in shared objects and dynamic libraries
** testing if installed package can be loaded from final location
** testing if installed package keeps a record of temporary installation path
* DONE (cisPath)
cisPath.Rcheck/cisPath-Ex.timings
| name | user | system | elapsed | |
| cisPath | 0.523 | 1.211 | 1.757 | |
| combinePPI | 0.005 | 0.003 | 0.008 | |
| easyEditor | 0.004 | 0.022 | 0.026 | |
| formatPINAPPI | 0.003 | 0.002 | 0.005 | |
| formatSIFfile | 0.007 | 0.004 | 0.011 | |
| formatSTRINGPPI | 0.006 | 0.003 | 0.008 | |
| formatiRefIndex | 0.005 | 0.002 | 0.007 | |
| getMappingFile | 0.006 | 0.002 | 0.008 | |
| networkView | 0.058 | 0.065 | 0.123 | |