| Back to Multiple platform build/check report for BioC 3.13 |
|
This page was generated on 2021-10-15 15:05:36 -0400 (Fri, 15 Oct 2021).
|
To the developers/maintainers of the biomformat package: - Please allow up to 24 hours (and sometimes 48 hours) for your latest push to git@git.bioconductor.org:packages/biomformat.git to reflect on this report. See How and When does the builder pull? When will my changes propagate? here for more information. - Make sure to use the following settings in order to reproduce any error or warning you see on this page. |
| Package 181/2041 | Hostname | OS / Arch | INSTALL | BUILD | CHECK | BUILD BIN | ||||||||
| biomformat 1.20.0 (landing page) Paul J. McMurdie
| nebbiolo1 | Linux (Ubuntu 20.04.2 LTS) / x86_64 | OK | OK | WARNINGS | |||||||||
| tokay2 | Windows Server 2012 R2 Standard / x64 | OK | OK | WARNINGS | OK | |||||||||
| machv2 | macOS 10.14.6 Mojave / x86_64 | OK | OK | WARNINGS | OK | |||||||||
| Package: biomformat |
| Version: 1.20.0 |
| Command: /home/biocbuild/bbs-3.13-bioc/R/bin/R CMD check --install=check:biomformat.install-out.txt --library=/home/biocbuild/bbs-3.13-bioc/R/library --no-vignettes --timings biomformat_1.20.0.tar.gz |
| StartedAt: 2021-10-14 09:02:43 -0400 (Thu, 14 Oct 2021) |
| EndedAt: 2021-10-14 09:03:26 -0400 (Thu, 14 Oct 2021) |
| EllapsedTime: 42.3 seconds |
| RetCode: 0 |
| Status: WARNINGS |
| CheckDir: biomformat.Rcheck |
| Warnings: 1 |
##############################################################################
##############################################################################
###
### Running command:
###
### /home/biocbuild/bbs-3.13-bioc/R/bin/R CMD check --install=check:biomformat.install-out.txt --library=/home/biocbuild/bbs-3.13-bioc/R/library --no-vignettes --timings biomformat_1.20.0.tar.gz
###
##############################################################################
##############################################################################
* using log directory ‘/home/biocbuild/bbs-3.13-bioc/meat/biomformat.Rcheck’
* using R version 4.1.1 (2021-08-10)
* using platform: x86_64-pc-linux-gnu (64-bit)
* using session charset: UTF-8
* using option ‘--no-vignettes’
* checking for file ‘biomformat/DESCRIPTION’ ... OK
* checking extension type ... Package
* this is package ‘biomformat’ version ‘1.20.0’
* checking package namespace information ... OK
* checking package dependencies ... OK
* checking if this is a source package ... OK
* checking if there is a namespace ... OK
* checking for hidden files and directories ... OK
* checking for portable file names ... OK
* checking for sufficient/correct file permissions ... OK
* checking whether package ‘biomformat’ can be installed ... OK
* checking installed package size ... OK
* checking package directory ... OK
* checking ‘build’ directory ... OK
* checking DESCRIPTION meta-information ... OK
* checking top-level files ... OK
* checking for left-over files ... OK
* checking index information ... OK
* checking package subdirectories ... OK
* checking R files for non-ASCII characters ... OK
* checking R files for syntax errors ... OK
* checking whether the package can be loaded ... OK
* checking whether the package can be loaded with stated dependencies ... OK
* checking whether the package can be unloaded cleanly ... OK
* checking whether the namespace can be loaded with stated dependencies ... OK
* checking whether the namespace can be unloaded cleanly ... OK
* checking dependencies in R code ... OK
* checking S3 generic/method consistency ... OK
* checking replacement functions ... OK
* checking foreign function calls ... OK
* checking R code for possible problems ... NOTE
make_biom: no visible global function definition for ‘packageVersion’
namedList: no visible global function definition for ‘setNames’
Undefined global functions or variables:
packageVersion setNames
Consider adding
importFrom("stats", "setNames")
importFrom("utils", "packageVersion")
to your NAMESPACE file.
* checking Rd files ... OK
* checking Rd metadata ... OK
* checking Rd cross-references ... WARNING
Missing link or links in documentation object 'biom_data-methods.Rd':
‘plyr-package’
Missing link or links in documentation object 'observation_metadata-methods.Rd':
‘plyr-package’
Missing link or links in documentation object 'sample_metadata-methods.Rd':
‘plyr-package’
See section 'Cross-references' in the 'Writing R Extensions' manual.
* checking for missing documentation entries ... OK
* checking for code/documentation mismatches ... OK
* checking Rd \usage sections ... OK
* checking Rd contents ... OK
* checking for unstated dependencies in examples ... OK
* checking files in ‘vignettes’ ... OK
* checking examples ... OK
* checking for unstated dependencies in ‘tests’ ... OK
* checking tests ...
Running ‘testthat-biomformat.R’
OK
* checking for unstated dependencies in vignettes ... OK
* checking package vignettes in ‘inst/doc’ ... OK
* checking running R code from vignettes ... SKIPPED
* checking re-building of vignette outputs ... SKIPPED
* checking PDF version of manual ... OK
* DONE
Status: 1 WARNING, 1 NOTE
See
‘/home/biocbuild/bbs-3.13-bioc/meat/biomformat.Rcheck/00check.log’
for details.
biomformat.Rcheck/00install.out
############################################################################## ############################################################################## ### ### Running command: ### ### /home/biocbuild/bbs-3.13-bioc/R/bin/R CMD INSTALL biomformat ### ############################################################################## ############################################################################## * installing to library ‘/home/biocbuild/bbs-3.13-bioc/R/library’ * installing *source* package ‘biomformat’ ... ** using staged installation ** R ** inst ** byte-compile and prepare package for lazy loading Creating a generic function for ‘nrow’ from package ‘base’ in package ‘biomformat’ Creating a generic function for ‘ncol’ from package ‘base’ in package ‘biomformat’ Creating a generic function for ‘rownames’ from package ‘base’ in package ‘biomformat’ Creating a generic function for ‘colnames’ from package ‘base’ in package ‘biomformat’ ** help *** installing help indices ** building package indices ** installing vignettes ** testing if installed package can be loaded from temporary location ** testing if installed package can be loaded from final location ** testing if installed package keeps a record of temporary installation path * DONE (biomformat)
biomformat.Rcheck/tests/testthat-biomformat.Rout
R version 4.1.1 (2021-08-10) -- "Kick Things"
Copyright (C) 2021 The R Foundation for Statistical Computing
Platform: x86_64-pc-linux-gnu (64-bit)
R is free software and comes with ABSOLUTELY NO WARRANTY.
You are welcome to redistribute it under certain conditions.
Type 'license()' or 'licence()' for distribution details.
R is a collaborative project with many contributors.
Type 'contributors()' for more information and
'citation()' on how to cite R or R packages in publications.
Type 'demo()' for some demos, 'help()' for on-line help, or
'help.start()' for an HTML browser interface to help.
Type 'q()' to quit R.
> library("testthat")
> # As suggested for opt-out option on testing by users, recommended by CRAN
> # http://adv-r.had.co.nz/Testing.html
> # Previously, best practice was to put all test files in inst/tests and ensure that R CMD check ran them by putting the following code in tests/test-all.R:
> # library(testthat)
> # library(yourpackage)
> # test_package("yourpackage")
> # Now, recommended practice is to put your tests in tests/testthat, and ensure R CMD check runs them by putting the following code in tests/test-all.R:
> # library(testthat)
> # test_check("yourpackage")
> # The advantage of this new structure is that the user has control over whether or not tests are installed using the –install-tests parameter to R CMD install, or INSTALL_opts = c(“–install-tests”) argument to install.packages(). I’m not sure why you wouldn’t want to install the tests, but now you have the flexibility as requested by CRAN maintainers.
> test_check("biomformat")
Loading required package: biomformat
[ FAIL 0 | WARN 4 | SKIP 0 | PASS 136 ]
>
> proc.time()
user system elapsed
2.290 0.152 2.430
biomformat.Rcheck/biomformat-Ex.timings
| name | user | system | elapsed | |
| biom-class | 0.086 | 0.000 | 0.087 | |
| biom-methods | 0.016 | 0.000 | 0.015 | |
| biom_data-methods | 0.050 | 0.000 | 0.051 | |
| biom_shape-methods | 0.003 | 0.000 | 0.003 | |
| colnames-methods | 0.003 | 0.000 | 0.003 | |
| header-methods | 0.004 | 0.000 | 0.003 | |
| make_biom | 0.039 | 0.000 | 0.039 | |
| matrix_element_type-methods | 0.003 | 0.000 | 0.003 | |
| ncol-methods | 0.002 | 0.000 | 0.003 | |
| nrow-methods | 0.000 | 0.003 | 0.002 | |
| observation_metadata-methods | 0.027 | 0.000 | 0.028 | |
| read_biom | 0.003 | 0.003 | 0.006 | |
| read_hdf5_biom | 0.064 | 0.016 | 0.081 | |
| rownames-methods | 0.001 | 0.006 | 0.006 | |
| sample_metadata-methods | 0.023 | 0.000 | 0.024 | |
| show-methods | 0.003 | 0.000 | 0.004 | |
| write_biom | 0.004 | 0.004 | 0.008 | |