| Back to Multiple platform build/check report for BioC 3.13 |
|
This page was generated on 2021-10-15 15:05:57 -0400 (Fri, 15 Oct 2021).
|
To the developers/maintainers of the affyio package: - Please allow up to 24 hours (and sometimes 48 hours) for your latest push to git@git.bioconductor.org:packages/affyio.git to reflect on this report. See How and When does the builder pull? When will my changes propagate? here for more information. - Make sure to use the following settings in order to reproduce any error or warning you see on this page. |
| Package 30/2041 | Hostname | OS / Arch | INSTALL | BUILD | CHECK | BUILD BIN | ||||||||
| affyio 1.62.0 (landing page) Ben Bolstad
| nebbiolo1 | Linux (Ubuntu 20.04.2 LTS) / x86_64 | OK | OK | WARNINGS | |||||||||
| tokay2 | Windows Server 2012 R2 Standard / x64 | OK | OK | WARNINGS | OK | |||||||||
| machv2 | macOS 10.14.6 Mojave / x86_64 | OK | OK | OK | OK | |||||||||
| Package: affyio |
| Version: 1.62.0 |
| Command: C:\Users\biocbuild\bbs-3.13-bioc\R\bin\R.exe CMD check --force-multiarch --install=check:affyio.install-out.txt --library=C:\Users\biocbuild\bbs-3.13-bioc\R\library --no-vignettes --timings affyio_1.62.0.tar.gz |
| StartedAt: 2021-10-14 19:23:56 -0400 (Thu, 14 Oct 2021) |
| EndedAt: 2021-10-14 19:24:34 -0400 (Thu, 14 Oct 2021) |
| EllapsedTime: 37.9 seconds |
| RetCode: 0 |
| Status: WARNINGS |
| CheckDir: affyio.Rcheck |
| Warnings: 1 |
############################################################################## ############################################################################## ### ### Running command: ### ### C:\Users\biocbuild\bbs-3.13-bioc\R\bin\R.exe CMD check --force-multiarch --install=check:affyio.install-out.txt --library=C:\Users\biocbuild\bbs-3.13-bioc\R\library --no-vignettes --timings affyio_1.62.0.tar.gz ### ############################################################################## ############################################################################## * using log directory 'C:/Users/biocbuild/bbs-3.13-bioc/meat/affyio.Rcheck' * using R version 4.1.1 (2021-08-10) * using platform: x86_64-w64-mingw32 (64-bit) * using session charset: ISO8859-1 * using option '--no-vignettes' * checking for file 'affyio/DESCRIPTION' ... OK * this is package 'affyio' version '1.62.0' * checking package namespace information ... OK * checking package dependencies ... OK * checking if this is a source package ... OK * checking if there is a namespace ... OK * checking for hidden files and directories ... OK * checking for portable file names ... OK * checking whether package 'affyio' can be installed ... WARNING Found the following significant warnings: read_abatch.c:3410:3: warning: 'strncpy' specified bound depends on the length of the source argument [-Wstringop-overflow=] read_abatch.c:2661:3: warning: 'strncpy' specified bound depends on the length of the source argument [-Wstringop-overflow=] read_bpmap.c:698:20: warning: 'sprintf' may write a terminating nul past the end of the destination [-Wformat-overflow=] read_bpmap.c:655:20: warning: 'sprintf' may write a terminating nul past the end of the destination [-Wformat-overflow=] read_bpmap.c:603:18: warning: 'sprintf' may write a terminating nul past the end of the destination [-Wformat-overflow=] read_celfile_generic.c:272:3: warning: 'strncpy' output truncated before terminating nul copying 11 bytes from a string of the same length [-Wstringop-truncation] read_celfile_generic.c:294:3: warning: 'strncpy' output truncated before terminating nul copying 11 bytes from a string of the same length [-Wstringop-truncation] read_celfile_generic.c:315:3: warning: 'strncpy' output truncated before terminating nul copying 12 bytes from a string of the same length [-Wstringop-truncation] read_celfile_generic.c:336:3: warning: 'strncpy' output truncated before terminating nul copying 11 bytes from a string of the same length [-Wstringop-truncation] read_celfile_generic.c:357:3: warning: 'strncpy' output truncated before terminating nul copying 11 bytes from a string of the same length [-Wstringop-truncation] read_celfile_generic.c:378:3: warning: 'strncpy' output truncated before terminating nul copying 14 bytes from a string of the same length [-Wstringop-truncation] read_celfile_generic.c:399:3: warning: 'strncpy' output truncated before terminating nul copying 17 bytes from a string of the same length [-Wstringop-truncation] read_celfile_generic.c:420:3: warning: 'strncpy' output truncated before terminating nul copying 18 bytes from a string of the same length [-Wstringop-truncation] read_celfile_generic.c:441:3: warning: 'strncpy' output truncated before terminating nul copying 26 bytes from a string of the same length [-Wstringop-truncation] read_celfile_generic.c:464:3: warning: 'strncpy' output truncated before terminating nul copying 18 bytes from a string of the same length [-Wstringop-truncation] read_celfile_generic.c:488:3: warning: 'strncpy' output truncated before terminating nul copying 20 bytes from a string of the same length [-Wstringop-truncation] read_celfile_generic.c:510:3: warning: 'strncpy' output truncated before terminating nul copying 20 bytes from a string of the same length [-Wstringop-truncation] read_celfile_generic.c:532:3: warning: 'strncpy' output truncated before terminating nul copying 12 bytes from a string of the same length [-Wstringop-truncation] read_celfile_generic.c:553:3: warning: 'strncpy' output truncated before terminating nul copying 16 bytes from a string of the same length [-Wstringop-truncation] read_celfile_generic.c:575:3: warning: 'strncpy' output truncated before terminating nul copying 11 bytes from a string of the same length [-Wstringop-truncation] read_celfile_generic.c:597:3: warning: 'strncpy' output truncated before terminating nul copying 8 bytes from a string of the same length [-Wstringop-truncation] read_celfile_generic.c:1270:3: warning: 'strncpy' output truncated before terminating nul copying 11 bytes from a string of the same length [-Wstringop-truncation] read_celfile_generic.c:1292:3: warning: 'strncpy' output truncated before terminating nul copying 11 bytes from a string of the same length [-Wstringop-truncation] read_celfile_generic.c:1313:3: warning: 'strncpy' output truncated before terminating nul copying 12 bytes from a string of the same length [-Wstringop-truncation] read_celfile_generic.c:1334:3: warning: 'strncpy' output truncated before terminating nul copying 11 bytes from a string of the same length [-Wstringop-truncation] read_celfile_generic.c:1355:3: warning: 'strncpy' output truncated before terminating nul copying 11 bytes from a string of the same length [-Wstringop-truncation] read_celfile_generic.c:1376:3: warning: 'strncpy' output truncated before terminating nul copying 14 bytes from a string of the same length [-Wstringop-truncation] read_celfile_generic.c:1397:3: warning: 'strncpy' output truncated before terminating nul copying 17 bytes from a string of the same length [-Wstringop-truncation] read_celfile_generic.c:1418:3: warning: 'strncpy' output truncated before terminating nul copying 18 bytes from a string of the same length [-Wstringop-truncation] read_celfile_generic.c:1439:3: warning: 'strncpy' output truncated before terminating nul copying 26 bytes from a string of the same length [-Wstringop-truncation] read_celfile_generic.c:1462:3: warning: 'strncpy' output truncated before terminating nul copying 18 bytes from a string of the same length [-Wstringop-truncation] read_celfile_generic.c:1486:3: warning: 'strncpy' output truncated before terminating nul copying 20 bytes from a string of the same length [-Wstringop-truncation] read_celfile_generic.c:1508:3: warning: 'strncpy' output truncated before terminating nul copying 20 bytes from a string of the same length [-Wstringop-truncation] read_celfile_generic.c:1530:3: warning: 'strncpy' output truncated before terminating nul copying 12 bytes from a string of the same length [-Wstringop-truncation] read_celfile_generic.c:1551:3: warning: 'strncpy' output truncated before terminating nul copying 16 bytes from a string of the same length [-Wstringop-truncation] read_celfile_generic.c:1573:3: warning: 'strncpy' output truncated before terminating nul copying 11 bytes from a string of the same length [-Wstringop-truncation] read_celfile_generic.c:1595:3: warning: 'strncpy' output truncated before terminating nul copying 8 bytes from a string of the same length [-Wstringop-truncation] See 'C:/Users/biocbuild/bbs-3.13-bioc/meat/affyio.Rcheck/00install.out' for details. * checking installed package size ... OK * checking package directory ... OK * checking DESCRIPTION meta-information ... OK * checking top-level files ... NOTE Found a 'configure.in' file: 'configure.ac' has long been preferred. * checking for left-over files ... OK * checking index information ... OK * checking package subdirectories ... OK * checking R files for non-ASCII characters ... OK * checking R files for syntax errors ... OK * loading checks for arch 'i386' ** checking whether the package can be loaded ... OK ** checking whether the package can be loaded with stated dependencies ... OK ** checking whether the package can be unloaded cleanly ... OK ** checking whether the namespace can be loaded with stated dependencies ... OK ** checking whether the namespace can be unloaded cleanly ... OK * loading checks for arch 'x64' ** checking whether the package can be loaded ... OK ** checking whether the package can be loaded with stated dependencies ... OK ** checking whether the package can be unloaded cleanly ... OK ** checking whether the namespace can be loaded with stated dependencies ... OK ** checking whether the namespace can be unloaded cleanly ... OK * checking dependencies in R code ... OK * checking S3 generic/method consistency ... OK * checking replacement functions ... OK * checking foreign function calls ... OK * checking R code for possible problems ... OK * checking Rd files ... OK * checking Rd metadata ... OK * checking Rd cross-references ... OK * checking for missing documentation entries ... OK * checking for code/documentation mismatches ... OK * checking Rd \usage sections ... OK * checking Rd contents ... OK * checking for unstated dependencies in examples ... OK * checking line endings in shell scripts ... OK * checking line endings in C/C++/Fortran sources/headers ... OK * checking line endings in Makefiles ... OK * checking compilation flags in Makevars ... OK * checking for GNU extensions in Makefiles ... OK * checking for portable use of $(BLAS_LIBS) and $(LAPACK_LIBS) ... OK * checking use of PKG_*FLAGS in Makefiles ... OK * checking compiled code ... NOTE Note: information on .o files for i386 is not available Note: information on .o files for x64 is not available File 'C:/Users/biocbuild/bbs-3.13-bioc/R/library/affyio/libs/i386/affyio.dll': Found 'abort', possibly from 'abort' (C), 'runtime' (Fortran) File 'C:/Users/biocbuild/bbs-3.13-bioc/R/library/affyio/libs/x64/affyio.dll': Found 'abort', possibly from 'abort' (C), 'runtime' (Fortran) Compiled code should not call entry points which might terminate R nor write to stdout/stderr instead of to the console, nor use Fortran I/O nor system RNGs. The detected symbols are linked into the code but might come from libraries and not actually be called. See 'Writing portable packages' in the 'Writing R Extensions' manual. * checking examples ... NONE * checking PDF version of manual ... OK * DONE Status: 1 WARNING, 2 NOTEs See 'C:/Users/biocbuild/bbs-3.13-bioc/meat/affyio.Rcheck/00check.log' for details.
affyio.Rcheck/00install.out
##############################################################################
##############################################################################
###
### Running command:
###
### C:\cygwin\bin\curl.exe -O http://155.52.207.165/BBS/3.13/bioc/src/contrib/affyio_1.62.0.tar.gz && rm -rf affyio.buildbin-libdir && mkdir affyio.buildbin-libdir && C:\Users\biocbuild\bbs-3.13-bioc\R\bin\R.exe CMD INSTALL --merge-multiarch --build --library=affyio.buildbin-libdir affyio_1.62.0.tar.gz && C:\Users\biocbuild\bbs-3.13-bioc\R\bin\R.exe CMD INSTALL affyio_1.62.0.zip && rm affyio_1.62.0.tar.gz affyio_1.62.0.zip
###
##############################################################################
##############################################################################
% Total % Received % Xferd Average Speed Time Time Time Current
Dload Upload Total Spent Left Speed
0 0 0 0 0 0 0 0 --:--:-- --:--:-- --:--:-- 0
100 108k 100 108k 0 0 243k 0 --:--:-- --:--:-- --:--:-- 244k
install for i386
* installing *source* package 'affyio' ...
** using staged installation
**********************************************
WARNING: this package has a configure script
It probably needs manual configuration
**********************************************
** libs
"C:/rtools40/mingw32/bin/"gcc -I"C:/Users/biocbuild/bbs-3.13-bioc/R/library/zlibbioc/include" -I"C:/Users/BIOCBU~1/BBS-3~1.13-/R/include" -DNDEBUG -DHAVE_ZLIB -I"c:/extsoft/include" -O2 -Wall -std=gnu99 -mfpmath=sse -msse2 -mstackrealign -c fread_functions.c -o fread_functions.o
"C:/rtools40/mingw32/bin/"gcc -I"C:/Users/biocbuild/bbs-3.13-bioc/R/library/zlibbioc/include" -I"C:/Users/BIOCBU~1/BBS-3~1.13-/R/include" -DNDEBUG -DHAVE_ZLIB -I"c:/extsoft/include" -O2 -Wall -std=gnu99 -mfpmath=sse -msse2 -mstackrealign -c init_package.c -o init_package.o
"C:/rtools40/mingw32/bin/"gcc -I"C:/Users/biocbuild/bbs-3.13-bioc/R/library/zlibbioc/include" -I"C:/Users/BIOCBU~1/BBS-3~1.13-/R/include" -DNDEBUG -DHAVE_ZLIB -I"c:/extsoft/include" -O2 -Wall -std=gnu99 -mfpmath=sse -msse2 -mstackrealign -c read_abatch.c -o read_abatch.o
read_abatch.c: In function 'gzbinary_get_detailed_header_info':
read_abatch.c:3410:3: warning: 'strncpy' specified bound depends on the length of the source argument [-Wstringop-overflow=]
strncpy(header_info->AlgorithmParameters,my_header->alg_param,strlen(my_header->alg_param)-1);
^~~~~~~~~~~~~~~~~~~~~~~~~~~~~~~~~~~~~~~~~~~~~~~~~~~~~~~~~~~~~~~~~~~~~~~~~~~~~~~~~~~~~~~~~~~~~
read_abatch.c:3410:65: note: length computed here
strncpy(header_info->AlgorithmParameters,my_header->alg_param,strlen(my_header->alg_param)-1);
^~~~~~~~~~~~~~~~~~~~~~~~~~~~
read_abatch.c: In function 'binary_get_detailed_header_info':
read_abatch.c:2661:3: warning: 'strncpy' specified bound depends on the length of the source argument [-Wstringop-overflow=]
strncpy(header_info->AlgorithmParameters,my_header->alg_param,strlen(my_header->alg_param)-1);
^~~~~~~~~~~~~~~~~~~~~~~~~~~~~~~~~~~~~~~~~~~~~~~~~~~~~~~~~~~~~~~~~~~~~~~~~~~~~~~~~~~~~~~~~~~~~
read_abatch.c:2661:65: note: length computed here
strncpy(header_info->AlgorithmParameters,my_header->alg_param,strlen(my_header->alg_param)-1);
^~~~~~~~~~~~~~~~~~~~~~~~~~~~
"C:/rtools40/mingw32/bin/"gcc -I"C:/Users/biocbuild/bbs-3.13-bioc/R/library/zlibbioc/include" -I"C:/Users/BIOCBU~1/BBS-3~1.13-/R/include" -DNDEBUG -DHAVE_ZLIB -I"c:/extsoft/include" -O2 -Wall -std=gnu99 -mfpmath=sse -msse2 -mstackrealign -c read_bpmap.c -o read_bpmap.o
read_bpmap.c: In function 'ReadBPMAPFileIntoRList':
read_bpmap.c:698:20: warning: 'sprintf' may write a terminating nul past the end of the destination [-Wformat-overflow=]
sprintf(buf, "%d", j+1);
^
read_bpmap.c:698:4: note: 'sprintf' output between 2 and 11 bytes into a destination of size 10
sprintf(buf, "%d", j+1);
^~~~~~~~~~~~~~~~~~~~~~~
read_bpmap.c:655:20: warning: 'sprintf' may write a terminating nul past the end of the destination [-Wformat-overflow=]
sprintf(buf, "%d", j+1);
^
read_bpmap.c:655:4: note: 'sprintf' output between 2 and 11 bytes into a destination of size 10
sprintf(buf, "%d", j+1);
^~~~~~~~~~~~~~~~~~~~~~~
read_bpmap.c:603:18: warning: 'sprintf' may write a terminating nul past the end of the destination [-Wformat-overflow=]
sprintf(buf, "%d", j+1);
^
read_bpmap.c:603:2: note: 'sprintf' output between 2 and 11 bytes into a destination of size 10
sprintf(buf, "%d", j+1);
^~~~~~~~~~~~~~~~~~~~~~~
"C:/rtools40/mingw32/bin/"gcc -I"C:/Users/biocbuild/bbs-3.13-bioc/R/library/zlibbioc/include" -I"C:/Users/BIOCBU~1/BBS-3~1.13-/R/include" -DNDEBUG -DHAVE_ZLIB -I"c:/extsoft/include" -O2 -Wall -std=gnu99 -mfpmath=sse -msse2 -mstackrealign -c read_cdf_xda.c -o read_cdf_xda.o
"C:/rtools40/mingw32/bin/"gcc -I"C:/Users/biocbuild/bbs-3.13-bioc/R/library/zlibbioc/include" -I"C:/Users/BIOCBU~1/BBS-3~1.13-/R/include" -DNDEBUG -DHAVE_ZLIB -I"c:/extsoft/include" -O2 -Wall -std=gnu99 -mfpmath=sse -msse2 -mstackrealign -c read_cdffile2.c -o read_cdffile2.o
"C:/rtools40/mingw32/bin/"gcc -I"C:/Users/biocbuild/bbs-3.13-bioc/R/library/zlibbioc/include" -I"C:/Users/BIOCBU~1/BBS-3~1.13-/R/include" -DNDEBUG -DHAVE_ZLIB -I"c:/extsoft/include" -O2 -Wall -std=gnu99 -mfpmath=sse -msse2 -mstackrealign -c read_celfile_generic.c -o read_celfile_generic.o
read_celfile_generic.c: In function 'generic_get_detailed_header_info':
read_celfile_generic.c:272:3: warning: 'strncpy' output truncated before terminating nul copying 11 bytes from a string of the same length [-Wstringop-truncation]
strncpy(header_info->AlgorithmParameters,"Percentile:",11);
^~~~~~~~~~~~~~~~~~~~~~~~~~~~~~~~~~~~~~~~~~~~~~~~~~~~~~~~~~
read_celfile_generic.c:294:3: warning: 'strncpy' output truncated before terminating nul copying 11 bytes from a string of the same length [-Wstringop-truncation]
strncpy(&header_info->AlgorithmParameters[algorithm_paramsize],"CellMargin:",11);
^~~~~~~~~~~~~~~~~~~~~~~~~~~~~~~~~~~~~~~~~~~~~~~~~~~~~~~~~~~~~~~~~~~~~~~~~~~~~~~~
read_celfile_generic.c:315:3: warning: 'strncpy' output truncated before terminating nul copying 12 bytes from a string of the same length [-Wstringop-truncation]
strncpy(&header_info->AlgorithmParameters[algorithm_paramsize],"OutlierHigh:",12);
^~~~~~~~~~~~~~~~~~~~~~~~~~~~~~~~~~~~~~~~~~~~~~~~~~~~~~~~~~~~~~~~~~~~~~~~~~~~~~~~~
read_celfile_generic.c:336:3: warning: 'strncpy' output truncated before terminating nul copying 11 bytes from a string of the same length [-Wstringop-truncation]
strncpy(&header_info->AlgorithmParameters[algorithm_paramsize],"OutlierLow:",11);
^~~~~~~~~~~~~~~~~~~~~~~~~~~~~~~~~~~~~~~~~~~~~~~~~~~~~~~~~~~~~~~~~~~~~~~~~~~~~~~~
read_celfile_generic.c:357:3: warning: 'strncpy' output truncated before terminating nul copying 11 bytes from a string of the same length [-Wstringop-truncation]
strncpy(&header_info->AlgorithmParameters[algorithm_paramsize],"AlgVersion:",11);
^~~~~~~~~~~~~~~~~~~~~~~~~~~~~~~~~~~~~~~~~~~~~~~~~~~~~~~~~~~~~~~~~~~~~~~~~~~~~~~~
read_celfile_generic.c:378:3: warning: 'strncpy' output truncated before terminating nul copying 14 bytes from a string of the same length [-Wstringop-truncation]
strncpy(&header_info->AlgorithmParameters[algorithm_paramsize],"FixedCellSize:",14);
^~~~~~~~~~~~~~~~~~~~~~~~~~~~~~~~~~~~~~~~~~~~~~~~~~~~~~~~~~~~~~~~~~~~~~~~~~~~~~~~~~~
read_celfile_generic.c:399:3: warning: 'strncpy' output truncated before terminating nul copying 17 bytes from a string of the same length [-Wstringop-truncation]
strncpy(&header_info->AlgorithmParameters[algorithm_paramsize],"FullFeatureWidth:",17);
^~~~~~~~~~~~~~~~~~~~~~~~~~~~~~~~~~~~~~~~~~~~~~~~~~~~~~~~~~~~~~~~~~~~~~~~~~~~~~~~~~~~~~
read_celfile_generic.c:420:3: warning: 'strncpy' output truncated before terminating nul copying 18 bytes from a string of the same length [-Wstringop-truncation]
strncpy(&header_info->AlgorithmParameters[algorithm_paramsize],"FullFeatureHeight:",18);
^~~~~~~~~~~~~~~~~~~~~~~~~~~~~~~~~~~~~~~~~~~~~~~~~~~~~~~~~~~~~~~~~~~~~~~~~~~~~~~~~~~~~~~
read_celfile_generic.c:441:3: warning: 'strncpy' output truncated before terminating nul copying 26 bytes from a string of the same length [-Wstringop-truncation]
strncpy(&header_info->AlgorithmParameters[algorithm_paramsize],"IgnoreOutliersInShiftRows:",26);
^~~~~~~~~~~~~~~~~~~~~~~~~~~~~~~~~~~~~~~~~~~~~~~~~~~~~~~~~~~~~~~~~~~~~~~~~~~~~~~~~~~~~~~~~~~~~~~
read_celfile_generic.c:464:3: warning: 'strncpy' output truncated before terminating nul copying 18 bytes from a string of the same length [-Wstringop-truncation]
strncpy(&header_info->AlgorithmParameters[algorithm_paramsize],"FeatureExtraction:",18);
^~~~~~~~~~~~~~~~~~~~~~~~~~~~~~~~~~~~~~~~~~~~~~~~~~~~~~~~~~~~~~~~~~~~~~~~~~~~~~~~~~~~~~~
read_celfile_generic.c:488:3: warning: 'strncpy' output truncated before terminating nul copying 20 bytes from a string of the same length [-Wstringop-truncation]
strncpy(&header_info->AlgorithmParameters[algorithm_paramsize],"PoolWidthExtenstion:",20);
^~~~~~~~~~~~~~~~~~~~~~~~~~~~~~~~~~~~~~~~~~~~~~~~~~~~~~~~~~~~~~~~~~~~~~~~~~~~~~~~~~~~~~~~~
read_celfile_generic.c:510:3: warning: 'strncpy' output truncated before terminating nul copying 20 bytes from a string of the same length [-Wstringop-truncation]
strncpy(&header_info->AlgorithmParameters[algorithm_paramsize],"PoolHeightExtension:",20);
^~~~~~~~~~~~~~~~~~~~~~~~~~~~~~~~~~~~~~~~~~~~~~~~~~~~~~~~~~~~~~~~~~~~~~~~~~~~~~~~~~~~~~~~~
read_celfile_generic.c:532:3: warning: 'strncpy' output truncated before terminating nul copying 12 bytes from a string of the same length [-Wstringop-truncation]
strncpy(&header_info->AlgorithmParameters[algorithm_paramsize],"UseSubgrids:",12);
^~~~~~~~~~~~~~~~~~~~~~~~~~~~~~~~~~~~~~~~~~~~~~~~~~~~~~~~~~~~~~~~~~~~~~~~~~~~~~~~~
read_celfile_generic.c:553:3: warning: 'strncpy' output truncated before terminating nul copying 16 bytes from a string of the same length [-Wstringop-truncation]
strncpy(&header_info->AlgorithmParameters[algorithm_paramsize],"RandomizePixels:",16);
^~~~~~~~~~~~~~~~~~~~~~~~~~~~~~~~~~~~~~~~~~~~~~~~~~~~~~~~~~~~~~~~~~~~~~~~~~~~~~~~~~~~~
read_celfile_generic.c:575:3: warning: 'strncpy' output truncated before terminating nul copying 11 bytes from a string of the same length [-Wstringop-truncation]
strncpy(&header_info->AlgorithmParameters[algorithm_paramsize],"ErrorBasis:",11);
^~~~~~~~~~~~~~~~~~~~~~~~~~~~~~~~~~~~~~~~~~~~~~~~~~~~~~~~~~~~~~~~~~~~~~~~~~~~~~~~
read_celfile_generic.c:597:3: warning: 'strncpy' output truncated before terminating nul copying 8 bytes from a string of the same length [-Wstringop-truncation]
strncpy(&header_info->AlgorithmParameters[algorithm_paramsize],"StdMult:",8);
^~~~~~~~~~~~~~~~~~~~~~~~~~~~~~~~~~~~~~~~~~~~~~~~~~~~~~~~~~~~~~~~~~~~~~~~~~~~
read_celfile_generic.c: In function 'gzgeneric_get_detailed_header_info':
read_celfile_generic.c:1270:3: warning: 'strncpy' output truncated before terminating nul copying 11 bytes from a string of the same length [-Wstringop-truncation]
strncpy(header_info->AlgorithmParameters,"Percentile:",11);
^~~~~~~~~~~~~~~~~~~~~~~~~~~~~~~~~~~~~~~~~~~~~~~~~~~~~~~~~~
read_celfile_generic.c:1292:3: warning: 'strncpy' output truncated before terminating nul copying 11 bytes from a string of the same length [-Wstringop-truncation]
strncpy(&header_info->AlgorithmParameters[algorithm_paramsize],"CellMargin:",11);
^~~~~~~~~~~~~~~~~~~~~~~~~~~~~~~~~~~~~~~~~~~~~~~~~~~~~~~~~~~~~~~~~~~~~~~~~~~~~~~~
read_celfile_generic.c:1313:3: warning: 'strncpy' output truncated before terminating nul copying 12 bytes from a string of the same length [-Wstringop-truncation]
strncpy(&header_info->AlgorithmParameters[algorithm_paramsize],"OutlierHigh:",12);
^~~~~~~~~~~~~~~~~~~~~~~~~~~~~~~~~~~~~~~~~~~~~~~~~~~~~~~~~~~~~~~~~~~~~~~~~~~~~~~~~
read_celfile_generic.c:1334:3: warning: 'strncpy' output truncated before terminating nul copying 11 bytes from a string of the same length [-Wstringop-truncation]
strncpy(&header_info->AlgorithmParameters[algorithm_paramsize],"OutlierLow:",11);
^~~~~~~~~~~~~~~~~~~~~~~~~~~~~~~~~~~~~~~~~~~~~~~~~~~~~~~~~~~~~~~~~~~~~~~~~~~~~~~~
read_celfile_generic.c:1355:3: warning: 'strncpy' output truncated before terminating nul copying 11 bytes from a string of the same length [-Wstringop-truncation]
strncpy(&header_info->AlgorithmParameters[algorithm_paramsize],"AlgVersion:",11);
^~~~~~~~~~~~~~~~~~~~~~~~~~~~~~~~~~~~~~~~~~~~~~~~~~~~~~~~~~~~~~~~~~~~~~~~~~~~~~~~
read_celfile_generic.c:1376:3: warning: 'strncpy' output truncated before terminating nul copying 14 bytes from a string of the same length [-Wstringop-truncation]
strncpy(&header_info->AlgorithmParameters[algorithm_paramsize],"FixedCellSize:",14);
^~~~~~~~~~~~~~~~~~~~~~~~~~~~~~~~~~~~~~~~~~~~~~~~~~~~~~~~~~~~~~~~~~~~~~~~~~~~~~~~~~~
read_celfile_generic.c:1397:3: warning: 'strncpy' output truncated before terminating nul copying 17 bytes from a string of the same length [-Wstringop-truncation]
strncpy(&header_info->AlgorithmParameters[algorithm_paramsize],"FullFeatureWidth:",17);
^~~~~~~~~~~~~~~~~~~~~~~~~~~~~~~~~~~~~~~~~~~~~~~~~~~~~~~~~~~~~~~~~~~~~~~~~~~~~~~~~~~~~~
read_celfile_generic.c:1418:3: warning: 'strncpy' output truncated before terminating nul copying 18 bytes from a string of the same length [-Wstringop-truncation]
strncpy(&header_info->AlgorithmParameters[algorithm_paramsize],"FullFeatureHeight:",18);
^~~~~~~~~~~~~~~~~~~~~~~~~~~~~~~~~~~~~~~~~~~~~~~~~~~~~~~~~~~~~~~~~~~~~~~~~~~~~~~~~~~~~~~
read_celfile_generic.c:1439:3: warning: 'strncpy' output truncated before terminating nul copying 26 bytes from a string of the same length [-Wstringop-truncation]
strncpy(&header_info->AlgorithmParameters[algorithm_paramsize],"IgnoreOutliersInShiftRows:",26);
^~~~~~~~~~~~~~~~~~~~~~~~~~~~~~~~~~~~~~~~~~~~~~~~~~~~~~~~~~~~~~~~~~~~~~~~~~~~~~~~~~~~~~~~~~~~~~~
read_celfile_generic.c:1462:3: warning: 'strncpy' output truncated before terminating nul copying 18 bytes from a string of the same length [-Wstringop-truncation]
strncpy(&header_info->AlgorithmParameters[algorithm_paramsize],"FeatureExtraction:",18);
^~~~~~~~~~~~~~~~~~~~~~~~~~~~~~~~~~~~~~~~~~~~~~~~~~~~~~~~~~~~~~~~~~~~~~~~~~~~~~~~~~~~~~~
read_celfile_generic.c:1486:3: warning: 'strncpy' output truncated before terminating nul copying 20 bytes from a string of the same length [-Wstringop-truncation]
strncpy(&header_info->AlgorithmParameters[algorithm_paramsize],"PoolWidthExtenstion:",20);
^~~~~~~~~~~~~~~~~~~~~~~~~~~~~~~~~~~~~~~~~~~~~~~~~~~~~~~~~~~~~~~~~~~~~~~~~~~~~~~~~~~~~~~~~
read_celfile_generic.c:1508:3: warning: 'strncpy' output truncated before terminating nul copying 20 bytes from a string of the same length [-Wstringop-truncation]
strncpy(&header_info->AlgorithmParameters[algorithm_paramsize],"PoolHeightExtension:",20);
^~~~~~~~~~~~~~~~~~~~~~~~~~~~~~~~~~~~~~~~~~~~~~~~~~~~~~~~~~~~~~~~~~~~~~~~~~~~~~~~~~~~~~~~~
read_celfile_generic.c:1530:3: warning: 'strncpy' output truncated before terminating nul copying 12 bytes from a string of the same length [-Wstringop-truncation]
strncpy(&header_info->AlgorithmParameters[algorithm_paramsize],"UseSubgrids:",12);
^~~~~~~~~~~~~~~~~~~~~~~~~~~~~~~~~~~~~~~~~~~~~~~~~~~~~~~~~~~~~~~~~~~~~~~~~~~~~~~~~
read_celfile_generic.c:1551:3: warning: 'strncpy' output truncated before terminating nul copying 16 bytes from a string of the same length [-Wstringop-truncation]
strncpy(&header_info->AlgorithmParameters[algorithm_paramsize],"RandomizePixels:",16);
^~~~~~~~~~~~~~~~~~~~~~~~~~~~~~~~~~~~~~~~~~~~~~~~~~~~~~~~~~~~~~~~~~~~~~~~~~~~~~~~~~~~~
read_celfile_generic.c:1573:3: warning: 'strncpy' output truncated before terminating nul copying 11 bytes from a string of the same length [-Wstringop-truncation]
strncpy(&header_info->AlgorithmParameters[algorithm_paramsize],"ErrorBasis:",11);
^~~~~~~~~~~~~~~~~~~~~~~~~~~~~~~~~~~~~~~~~~~~~~~~~~~~~~~~~~~~~~~~~~~~~~~~~~~~~~~~
read_celfile_generic.c:1595:3: warning: 'strncpy' output truncated before terminating nul copying 8 bytes from a string of the same length [-Wstringop-truncation]
strncpy(&header_info->AlgorithmParameters[algorithm_paramsize],"StdMult:",8);
^~~~~~~~~~~~~~~~~~~~~~~~~~~~~~~~~~~~~~~~~~~~~~~~~~~~~~~~~~~~~~~~~~~~~~~~~~~~
"C:/rtools40/mingw32/bin/"gcc -I"C:/Users/biocbuild/bbs-3.13-bioc/R/library/zlibbioc/include" -I"C:/Users/BIOCBU~1/BBS-3~1.13-/R/include" -DNDEBUG -DHAVE_ZLIB -I"c:/extsoft/include" -O2 -Wall -std=gnu99 -mfpmath=sse -msse2 -mstackrealign -c read_clf.c -o read_clf.o
"C:/rtools40/mingw32/bin/"gcc -I"C:/Users/biocbuild/bbs-3.13-bioc/R/library/zlibbioc/include" -I"C:/Users/BIOCBU~1/BBS-3~1.13-/R/include" -DNDEBUG -DHAVE_ZLIB -I"c:/extsoft/include" -O2 -Wall -std=gnu99 -mfpmath=sse -msse2 -mstackrealign -c read_generic.c -o read_generic.o
read_generic.c: In function 'Read_Generic_R_List':
read_generic.c:2030:2: warning: 'return_value' may be used uninitialized in this function [-Wmaybe-uninitialized]
SET_VECTOR_ELT(VECTOR_ELT(temp_sxp2,2),i,generic_data_set_rows_R_List(&my_data_set, i));
^~~~~~~~~~~~~~~~~~~~~~~~~~~~~~~~~~~~~~~~~~~~~~~~~~~~~~~~~~~~~~~~~~~~~~~~~~~~~~~~~~~~~~~
"C:/rtools40/mingw32/bin/"gcc -I"C:/Users/biocbuild/bbs-3.13-bioc/R/library/zlibbioc/include" -I"C:/Users/BIOCBU~1/BBS-3~1.13-/R/include" -DNDEBUG -DHAVE_ZLIB -I"c:/extsoft/include" -O2 -Wall -std=gnu99 -mfpmath=sse -msse2 -mstackrealign -c read_multichannel_celfile_generic.c -o read_multichannel_celfile_generic.o
"C:/rtools40/mingw32/bin/"gcc -I"C:/Users/biocbuild/bbs-3.13-bioc/R/library/zlibbioc/include" -I"C:/Users/BIOCBU~1/BBS-3~1.13-/R/include" -DNDEBUG -DHAVE_ZLIB -I"c:/extsoft/include" -O2 -Wall -std=gnu99 -mfpmath=sse -msse2 -mstackrealign -c read_pgf.c -o read_pgf.o
read_pgf.c:363:12: warning: 'token_ends_with' defined but not used [-Wunused-function]
static int token_ends_with(char *token, char *ends_in){
^~~~~~~~~~~~~~~
C:/rtools40/mingw32/bin/gcc -shared -s -static-libgcc -o affyio.dll tmp.def fread_functions.o init_package.o read_abatch.o read_bpmap.o read_cdf_xda.o read_cdffile2.o read_celfile_generic.o read_clf.o read_generic.o read_multichannel_celfile_generic.o read_pgf.o -LC:/Users/biocbuild/bbs-3.13-bioc/R/library/zlibbioc/libs/i386 -lzlib1bioc -Lc:/extsoft/lib/i386 -Lc:/extsoft/lib -LC:/Users/BIOCBU~1/BBS-3~1.13-/R/bin/i386 -lR
installing to C:/Users/biocbuild/bbs-3.13-bioc/meat/affyio.buildbin-libdir/00LOCK-affyio/00new/affyio/libs/i386
** R
** byte-compile and prepare package for lazy loading
** help
*** installing help indices
converting help for package 'affyio'
finding HTML links ... done
affyio-internal html
check.cdf.type html
get.celfile.dates html
read.cdffile.list html
read.celfile html
read.celfile.header html
read.celfile.probeintensity.matrices html
read_abatch html
** building package indices
** testing if installed package can be loaded from temporary location
** testing if installed package can be loaded from final location
** testing if installed package keeps a record of temporary installation path
install for x64
* installing *source* package 'affyio' ...
**********************************************
WARNING: this package has a configure script
It probably needs manual configuration
**********************************************
** libs
"C:/rtools40/mingw64/bin/"gcc -I"C:/Users/biocbuild/bbs-3.13-bioc/R/library/zlibbioc/include" -I"C:/Users/BIOCBU~1/BBS-3~1.13-/R/include" -DNDEBUG -DHAVE_ZLIB -I"C:/extsoft/include" -O2 -Wall -std=gnu99 -mfpmath=sse -msse2 -mstackrealign -c fread_functions.c -o fread_functions.o
"C:/rtools40/mingw64/bin/"gcc -I"C:/Users/biocbuild/bbs-3.13-bioc/R/library/zlibbioc/include" -I"C:/Users/BIOCBU~1/BBS-3~1.13-/R/include" -DNDEBUG -DHAVE_ZLIB -I"C:/extsoft/include" -O2 -Wall -std=gnu99 -mfpmath=sse -msse2 -mstackrealign -c init_package.c -o init_package.o
"C:/rtools40/mingw64/bin/"gcc -I"C:/Users/biocbuild/bbs-3.13-bioc/R/library/zlibbioc/include" -I"C:/Users/BIOCBU~1/BBS-3~1.13-/R/include" -DNDEBUG -DHAVE_ZLIB -I"C:/extsoft/include" -O2 -Wall -std=gnu99 -mfpmath=sse -msse2 -mstackrealign -c read_abatch.c -o read_abatch.o
read_abatch.c: In function 'gzbinary_get_detailed_header_info':
read_abatch.c:3410:3: warning: 'strncpy' specified bound depends on the length of the source argument [-Wstringop-overflow=]
strncpy(header_info->AlgorithmParameters,my_header->alg_param,strlen(my_header->alg_param)-1);
^~~~~~~~~~~~~~~~~~~~~~~~~~~~~~~~~~~~~~~~~~~~~~~~~~~~~~~~~~~~~~~~~~~~~~~~~~~~~~~~~~~~~~~~~~~~~
read_abatch.c:3410:65: note: length computed here
strncpy(header_info->AlgorithmParameters,my_header->alg_param,strlen(my_header->alg_param)-1);
^~~~~~~~~~~~~~~~~~~~~~~~~~~~
read_abatch.c: In function 'binary_get_detailed_header_info':
read_abatch.c:2661:3: warning: 'strncpy' specified bound depends on the length of the source argument [-Wstringop-overflow=]
strncpy(header_info->AlgorithmParameters,my_header->alg_param,strlen(my_header->alg_param)-1);
^~~~~~~~~~~~~~~~~~~~~~~~~~~~~~~~~~~~~~~~~~~~~~~~~~~~~~~~~~~~~~~~~~~~~~~~~~~~~~~~~~~~~~~~~~~~~
read_abatch.c:2661:65: note: length computed here
strncpy(header_info->AlgorithmParameters,my_header->alg_param,strlen(my_header->alg_param)-1);
^~~~~~~~~~~~~~~~~~~~~~~~~~~~
"C:/rtools40/mingw64/bin/"gcc -I"C:/Users/biocbuild/bbs-3.13-bioc/R/library/zlibbioc/include" -I"C:/Users/BIOCBU~1/BBS-3~1.13-/R/include" -DNDEBUG -DHAVE_ZLIB -I"C:/extsoft/include" -O2 -Wall -std=gnu99 -mfpmath=sse -msse2 -mstackrealign -c read_bpmap.c -o read_bpmap.o
read_bpmap.c: In function 'ReadBPMAPHeader':
read_bpmap.c:110:18: warning: overflow in conversion from 'long long unsigned int' to 'long int' changes value from '18446744073709551612' to '-4' [-Woverflow]
fseek(infile,-sizeof(float),SEEK_CUR);
^~~~~~~~~~~~~~
"C:/rtools40/mingw64/bin/"gcc -I"C:/Users/biocbuild/bbs-3.13-bioc/R/library/zlibbioc/include" -I"C:/Users/BIOCBU~1/BBS-3~1.13-/R/include" -DNDEBUG -DHAVE_ZLIB -I"C:/extsoft/include" -O2 -Wall -std=gnu99 -mfpmath=sse -msse2 -mstackrealign -c read_cdf_xda.c -o read_cdf_xda.o
"C:/rtools40/mingw64/bin/"gcc -I"C:/Users/biocbuild/bbs-3.13-bioc/R/library/zlibbioc/include" -I"C:/Users/BIOCBU~1/BBS-3~1.13-/R/include" -DNDEBUG -DHAVE_ZLIB -I"C:/extsoft/include" -O2 -Wall -std=gnu99 -mfpmath=sse -msse2 -mstackrealign -c read_cdffile2.c -o read_cdffile2.o
"C:/rtools40/mingw64/bin/"gcc -I"C:/Users/biocbuild/bbs-3.13-bioc/R/library/zlibbioc/include" -I"C:/Users/BIOCBU~1/BBS-3~1.13-/R/include" -DNDEBUG -DHAVE_ZLIB -I"C:/extsoft/include" -O2 -Wall -std=gnu99 -mfpmath=sse -msse2 -mstackrealign -c read_celfile_generic.c -o read_celfile_generic.o
read_celfile_generic.c: In function 'generic_get_detailed_header_info':
read_celfile_generic.c:272:3: warning: 'strncpy' output truncated before terminating nul copying 11 bytes from a string of the same length [-Wstringop-truncation]
strncpy(header_info->AlgorithmParameters,"Percentile:",11);
^~~~~~~~~~~~~~~~~~~~~~~~~~~~~~~~~~~~~~~~~~~~~~~~~~~~~~~~~~
read_celfile_generic.c:294:3: warning: 'strncpy' output truncated before terminating nul copying 11 bytes from a string of the same length [-Wstringop-truncation]
strncpy(&header_info->AlgorithmParameters[algorithm_paramsize],"CellMargin:",11);
^~~~~~~~~~~~~~~~~~~~~~~~~~~~~~~~~~~~~~~~~~~~~~~~~~~~~~~~~~~~~~~~~~~~~~~~~~~~~~~~
read_celfile_generic.c:315:3: warning: 'strncpy' output truncated before terminating nul copying 12 bytes from a string of the same length [-Wstringop-truncation]
strncpy(&header_info->AlgorithmParameters[algorithm_paramsize],"OutlierHigh:",12);
^~~~~~~~~~~~~~~~~~~~~~~~~~~~~~~~~~~~~~~~~~~~~~~~~~~~~~~~~~~~~~~~~~~~~~~~~~~~~~~~~
read_celfile_generic.c:336:3: warning: 'strncpy' output truncated before terminating nul copying 11 bytes from a string of the same length [-Wstringop-truncation]
strncpy(&header_info->AlgorithmParameters[algorithm_paramsize],"OutlierLow:",11);
^~~~~~~~~~~~~~~~~~~~~~~~~~~~~~~~~~~~~~~~~~~~~~~~~~~~~~~~~~~~~~~~~~~~~~~~~~~~~~~~
read_celfile_generic.c:357:3: warning: 'strncpy' output truncated before terminating nul copying 11 bytes from a string of the same length [-Wstringop-truncation]
strncpy(&header_info->AlgorithmParameters[algorithm_paramsize],"AlgVersion:",11);
^~~~~~~~~~~~~~~~~~~~~~~~~~~~~~~~~~~~~~~~~~~~~~~~~~~~~~~~~~~~~~~~~~~~~~~~~~~~~~~~
read_celfile_generic.c:378:3: warning: 'strncpy' output truncated before terminating nul copying 14 bytes from a string of the same length [-Wstringop-truncation]
strncpy(&header_info->AlgorithmParameters[algorithm_paramsize],"FixedCellSize:",14);
^~~~~~~~~~~~~~~~~~~~~~~~~~~~~~~~~~~~~~~~~~~~~~~~~~~~~~~~~~~~~~~~~~~~~~~~~~~~~~~~~~~
read_celfile_generic.c:399:3: warning: 'strncpy' output truncated before terminating nul copying 17 bytes from a string of the same length [-Wstringop-truncation]
strncpy(&header_info->AlgorithmParameters[algorithm_paramsize],"FullFeatureWidth:",17);
^~~~~~~~~~~~~~~~~~~~~~~~~~~~~~~~~~~~~~~~~~~~~~~~~~~~~~~~~~~~~~~~~~~~~~~~~~~~~~~~~~~~~~
read_celfile_generic.c:420:3: warning: 'strncpy' output truncated before terminating nul copying 18 bytes from a string of the same length [-Wstringop-truncation]
strncpy(&header_info->AlgorithmParameters[algorithm_paramsize],"FullFeatureHeight:",18);
^~~~~~~~~~~~~~~~~~~~~~~~~~~~~~~~~~~~~~~~~~~~~~~~~~~~~~~~~~~~~~~~~~~~~~~~~~~~~~~~~~~~~~~
read_celfile_generic.c:441:3: warning: 'strncpy' output truncated before terminating nul copying 26 bytes from a string of the same length [-Wstringop-truncation]
strncpy(&header_info->AlgorithmParameters[algorithm_paramsize],"IgnoreOutliersInShiftRows:",26);
^~~~~~~~~~~~~~~~~~~~~~~~~~~~~~~~~~~~~~~~~~~~~~~~~~~~~~~~~~~~~~~~~~~~~~~~~~~~~~~~~~~~~~~~~~~~~~~
read_celfile_generic.c:464:3: warning: 'strncpy' output truncated before terminating nul copying 18 bytes from a string of the same length [-Wstringop-truncation]
strncpy(&header_info->AlgorithmParameters[algorithm_paramsize],"FeatureExtraction:",18);
^~~~~~~~~~~~~~~~~~~~~~~~~~~~~~~~~~~~~~~~~~~~~~~~~~~~~~~~~~~~~~~~~~~~~~~~~~~~~~~~~~~~~~~
read_celfile_generic.c:488:3: warning: 'strncpy' output truncated before terminating nul copying 20 bytes from a string of the same length [-Wstringop-truncation]
strncpy(&header_info->AlgorithmParameters[algorithm_paramsize],"PoolWidthExtenstion:",20);
^~~~~~~~~~~~~~~~~~~~~~~~~~~~~~~~~~~~~~~~~~~~~~~~~~~~~~~~~~~~~~~~~~~~~~~~~~~~~~~~~~~~~~~~~
read_celfile_generic.c:510:3: warning: 'strncpy' output truncated before terminating nul copying 20 bytes from a string of the same length [-Wstringop-truncation]
strncpy(&header_info->AlgorithmParameters[algorithm_paramsize],"PoolHeightExtension:",20);
^~~~~~~~~~~~~~~~~~~~~~~~~~~~~~~~~~~~~~~~~~~~~~~~~~~~~~~~~~~~~~~~~~~~~~~~~~~~~~~~~~~~~~~~~
read_celfile_generic.c:532:3: warning: 'strncpy' output truncated before terminating nul copying 12 bytes from a string of the same length [-Wstringop-truncation]
strncpy(&header_info->AlgorithmParameters[algorithm_paramsize],"UseSubgrids:",12);
^~~~~~~~~~~~~~~~~~~~~~~~~~~~~~~~~~~~~~~~~~~~~~~~~~~~~~~~~~~~~~~~~~~~~~~~~~~~~~~~~
read_celfile_generic.c:553:3: warning: 'strncpy' output truncated before terminating nul copying 16 bytes from a string of the same length [-Wstringop-truncation]
strncpy(&header_info->AlgorithmParameters[algorithm_paramsize],"RandomizePixels:",16);
^~~~~~~~~~~~~~~~~~~~~~~~~~~~~~~~~~~~~~~~~~~~~~~~~~~~~~~~~~~~~~~~~~~~~~~~~~~~~~~~~~~~~
read_celfile_generic.c:575:3: warning: 'strncpy' output truncated before terminating nul copying 11 bytes from a string of the same length [-Wstringop-truncation]
strncpy(&header_info->AlgorithmParameters[algorithm_paramsize],"ErrorBasis:",11);
^~~~~~~~~~~~~~~~~~~~~~~~~~~~~~~~~~~~~~~~~~~~~~~~~~~~~~~~~~~~~~~~~~~~~~~~~~~~~~~~
read_celfile_generic.c:597:3: warning: 'strncpy' output truncated before terminating nul copying 8 bytes from a string of the same length [-Wstringop-truncation]
strncpy(&header_info->AlgorithmParameters[algorithm_paramsize],"StdMult:",8);
^~~~~~~~~~~~~~~~~~~~~~~~~~~~~~~~~~~~~~~~~~~~~~~~~~~~~~~~~~~~~~~~~~~~~~~~~~~~
read_celfile_generic.c: In function 'gzgeneric_get_detailed_header_info':
read_celfile_generic.c:1270:3: warning: 'strncpy' output truncated before terminating nul copying 11 bytes from a string of the same length [-Wstringop-truncation]
strncpy(header_info->AlgorithmParameters,"Percentile:",11);
^~~~~~~~~~~~~~~~~~~~~~~~~~~~~~~~~~~~~~~~~~~~~~~~~~~~~~~~~~
read_celfile_generic.c:1292:3: warning: 'strncpy' output truncated before terminating nul copying 11 bytes from a string of the same length [-Wstringop-truncation]
strncpy(&header_info->AlgorithmParameters[algorithm_paramsize],"CellMargin:",11);
^~~~~~~~~~~~~~~~~~~~~~~~~~~~~~~~~~~~~~~~~~~~~~~~~~~~~~~~~~~~~~~~~~~~~~~~~~~~~~~~
read_celfile_generic.c:1313:3: warning: 'strncpy' output truncated before terminating nul copying 12 bytes from a string of the same length [-Wstringop-truncation]
strncpy(&header_info->AlgorithmParameters[algorithm_paramsize],"OutlierHigh:",12);
^~~~~~~~~~~~~~~~~~~~~~~~~~~~~~~~~~~~~~~~~~~~~~~~~~~~~~~~~~~~~~~~~~~~~~~~~~~~~~~~~
read_celfile_generic.c:1334:3: warning: 'strncpy' output truncated before terminating nul copying 11 bytes from a string of the same length [-Wstringop-truncation]
strncpy(&header_info->AlgorithmParameters[algorithm_paramsize],"OutlierLow:",11);
^~~~~~~~~~~~~~~~~~~~~~~~~~~~~~~~~~~~~~~~~~~~~~~~~~~~~~~~~~~~~~~~~~~~~~~~~~~~~~~~
read_celfile_generic.c:1355:3: warning: 'strncpy' output truncated before terminating nul copying 11 bytes from a string of the same length [-Wstringop-truncation]
strncpy(&header_info->AlgorithmParameters[algorithm_paramsize],"AlgVersion:",11);
^~~~~~~~~~~~~~~~~~~~~~~~~~~~~~~~~~~~~~~~~~~~~~~~~~~~~~~~~~~~~~~~~~~~~~~~~~~~~~~~
read_celfile_generic.c:1376:3: warning: 'strncpy' output truncated before terminating nul copying 14 bytes from a string of the same length [-Wstringop-truncation]
strncpy(&header_info->AlgorithmParameters[algorithm_paramsize],"FixedCellSize:",14);
^~~~~~~~~~~~~~~~~~~~~~~~~~~~~~~~~~~~~~~~~~~~~~~~~~~~~~~~~~~~~~~~~~~~~~~~~~~~~~~~~~~
read_celfile_generic.c:1397:3: warning: 'strncpy' output truncated before terminating nul copying 17 bytes from a string of the same length [-Wstringop-truncation]
strncpy(&header_info->AlgorithmParameters[algorithm_paramsize],"FullFeatureWidth:",17);
^~~~~~~~~~~~~~~~~~~~~~~~~~~~~~~~~~~~~~~~~~~~~~~~~~~~~~~~~~~~~~~~~~~~~~~~~~~~~~~~~~~~~~
read_celfile_generic.c:1418:3: warning: 'strncpy' output truncated before terminating nul copying 18 bytes from a string of the same length [-Wstringop-truncation]
strncpy(&header_info->AlgorithmParameters[algorithm_paramsize],"FullFeatureHeight:",18);
^~~~~~~~~~~~~~~~~~~~~~~~~~~~~~~~~~~~~~~~~~~~~~~~~~~~~~~~~~~~~~~~~~~~~~~~~~~~~~~~~~~~~~~
read_celfile_generic.c:1439:3: warning: 'strncpy' output truncated before terminating nul copying 26 bytes from a string of the same length [-Wstringop-truncation]
strncpy(&header_info->AlgorithmParameters[algorithm_paramsize],"IgnoreOutliersInShiftRows:",26);
^~~~~~~~~~~~~~~~~~~~~~~~~~~~~~~~~~~~~~~~~~~~~~~~~~~~~~~~~~~~~~~~~~~~~~~~~~~~~~~~~~~~~~~~~~~~~~~
read_celfile_generic.c:1462:3: warning: 'strncpy' output truncated before terminating nul copying 18 bytes from a string of the same length [-Wstringop-truncation]
strncpy(&header_info->AlgorithmParameters[algorithm_paramsize],"FeatureExtraction:",18);
^~~~~~~~~~~~~~~~~~~~~~~~~~~~~~~~~~~~~~~~~~~~~~~~~~~~~~~~~~~~~~~~~~~~~~~~~~~~~~~~~~~~~~~
read_celfile_generic.c:1486:3: warning: 'strncpy' output truncated before terminating nul copying 20 bytes from a string of the same length [-Wstringop-truncation]
strncpy(&header_info->AlgorithmParameters[algorithm_paramsize],"PoolWidthExtenstion:",20);
^~~~~~~~~~~~~~~~~~~~~~~~~~~~~~~~~~~~~~~~~~~~~~~~~~~~~~~~~~~~~~~~~~~~~~~~~~~~~~~~~~~~~~~~~
read_celfile_generic.c:1508:3: warning: 'strncpy' output truncated before terminating nul copying 20 bytes from a string of the same length [-Wstringop-truncation]
strncpy(&header_info->AlgorithmParameters[algorithm_paramsize],"PoolHeightExtension:",20);
^~~~~~~~~~~~~~~~~~~~~~~~~~~~~~~~~~~~~~~~~~~~~~~~~~~~~~~~~~~~~~~~~~~~~~~~~~~~~~~~~~~~~~~~~
read_celfile_generic.c:1530:3: warning: 'strncpy' output truncated before terminating nul copying 12 bytes from a string of the same length [-Wstringop-truncation]
strncpy(&header_info->AlgorithmParameters[algorithm_paramsize],"UseSubgrids:",12);
^~~~~~~~~~~~~~~~~~~~~~~~~~~~~~~~~~~~~~~~~~~~~~~~~~~~~~~~~~~~~~~~~~~~~~~~~~~~~~~~~
read_celfile_generic.c:1551:3: warning: 'strncpy' output truncated before terminating nul copying 16 bytes from a string of the same length [-Wstringop-truncation]
strncpy(&header_info->AlgorithmParameters[algorithm_paramsize],"RandomizePixels:",16);
^~~~~~~~~~~~~~~~~~~~~~~~~~~~~~~~~~~~~~~~~~~~~~~~~~~~~~~~~~~~~~~~~~~~~~~~~~~~~~~~~~~~~
read_celfile_generic.c:1573:3: warning: 'strncpy' output truncated before terminating nul copying 11 bytes from a string of the same length [-Wstringop-truncation]
strncpy(&header_info->AlgorithmParameters[algorithm_paramsize],"ErrorBasis:",11);
^~~~~~~~~~~~~~~~~~~~~~~~~~~~~~~~~~~~~~~~~~~~~~~~~~~~~~~~~~~~~~~~~~~~~~~~~~~~~~~~
read_celfile_generic.c:1595:3: warning: 'strncpy' output truncated before terminating nul copying 8 bytes from a string of the same length [-Wstringop-truncation]
strncpy(&header_info->AlgorithmParameters[algorithm_paramsize],"StdMult:",8);
^~~~~~~~~~~~~~~~~~~~~~~~~~~~~~~~~~~~~~~~~~~~~~~~~~~~~~~~~~~~~~~~~~~~~~~~~~~~
"C:/rtools40/mingw64/bin/"gcc -I"C:/Users/biocbuild/bbs-3.13-bioc/R/library/zlibbioc/include" -I"C:/Users/BIOCBU~1/BBS-3~1.13-/R/include" -DNDEBUG -DHAVE_ZLIB -I"C:/extsoft/include" -O2 -Wall -std=gnu99 -mfpmath=sse -msse2 -mstackrealign -c read_clf.c -o read_clf.o
"C:/rtools40/mingw64/bin/"gcc -I"C:/Users/biocbuild/bbs-3.13-bioc/R/library/zlibbioc/include" -I"C:/Users/BIOCBU~1/BBS-3~1.13-/R/include" -DNDEBUG -DHAVE_ZLIB -I"C:/extsoft/include" -O2 -Wall -std=gnu99 -mfpmath=sse -msse2 -mstackrealign -c read_generic.c -o read_generic.o
read_generic.c: In function 'Read_Generic_R_List':
read_generic.c:2030:2: warning: 'return_value' may be used uninitialized in this function [-Wmaybe-uninitialized]
SET_VECTOR_ELT(VECTOR_ELT(temp_sxp2,2),i,generic_data_set_rows_R_List(&my_data_set, i));
^~~~~~~~~~~~~~~~~~~~~~~~~~~~~~~~~~~~~~~~~~~~~~~~~~~~~~~~~~~~~~~~~~~~~~~~~~~~~~~~~~~~~~~
"C:/rtools40/mingw64/bin/"gcc -I"C:/Users/biocbuild/bbs-3.13-bioc/R/library/zlibbioc/include" -I"C:/Users/BIOCBU~1/BBS-3~1.13-/R/include" -DNDEBUG -DHAVE_ZLIB -I"C:/extsoft/include" -O2 -Wall -std=gnu99 -mfpmath=sse -msse2 -mstackrealign -c read_multichannel_celfile_generic.c -o read_multichannel_celfile_generic.o
"C:/rtools40/mingw64/bin/"gcc -I"C:/Users/biocbuild/bbs-3.13-bioc/R/library/zlibbioc/include" -I"C:/Users/BIOCBU~1/BBS-3~1.13-/R/include" -DNDEBUG -DHAVE_ZLIB -I"C:/extsoft/include" -O2 -Wall -std=gnu99 -mfpmath=sse -msse2 -mstackrealign -c read_pgf.c -o read_pgf.o
read_pgf.c:363:12: warning: 'token_ends_with' defined but not used [-Wunused-function]
static int token_ends_with(char *token, char *ends_in){
^~~~~~~~~~~~~~~
C:/rtools40/mingw64/bin/gcc -shared -s -static-libgcc -o affyio.dll tmp.def fread_functions.o init_package.o read_abatch.o read_bpmap.o read_cdf_xda.o read_cdffile2.o read_celfile_generic.o read_clf.o read_generic.o read_multichannel_celfile_generic.o read_pgf.o -LC:/Users/biocbuild/bbs-3.13-bioc/R/library/zlibbioc/libs/x64 -lzlib1bioc -LC:/extsoft/lib/x64 -LC:/extsoft/lib -LC:/Users/BIOCBU~1/BBS-3~1.13-/R/bin/x64 -lR
installing to C:/Users/biocbuild/bbs-3.13-bioc/meat/affyio.buildbin-libdir/affyio/libs/x64
** testing if installed package can be loaded
* MD5 sums
packaged installation of 'affyio' as affyio_1.62.0.zip
* DONE (affyio)
* installing to library 'C:/Users/biocbuild/bbs-3.13-bioc/R/library'
package 'affyio' successfully unpacked and MD5 sums checked