| Back to Multiple platform build/check report for BioC 3.13 | 
 | 
This page was generated on 2021-10-15 15:06:20 -0400 (Fri, 15 Oct 2021).
| To the developers/maintainers of the RNAsense package: - Please allow up to 24 hours (and sometimes 48 hours) for your latest push to git@git.bioconductor.org:packages/RNAsense.git to reflect on this report. See How and When does the builder pull? When will my changes propagate? here for more information. - Make sure to use the following settings in order to reproduce any error or warning you see on this page. | 
| Package 1608/2041 | Hostname | OS / Arch | INSTALL | BUILD | CHECK | BUILD BIN | ||||||||
| RNAsense 1.6.0  (landing page) Marcus Rosenblatt 
 | nebbiolo1 | Linux (Ubuntu 20.04.2 LTS) / x86_64 | OK | OK | WARNINGS |  | ||||||||
| tokay2 | Windows Server 2012 R2 Standard / x64 | OK | OK | WARNINGS | OK |  | ||||||||
| machv2 | macOS 10.14.6 Mojave / x86_64 | OK | OK | WARNINGS | OK |  | ||||||||
| Package: RNAsense | 
| Version: 1.6.0 | 
| Command: C:\Users\biocbuild\bbs-3.13-bioc\R\bin\R.exe CMD check --force-multiarch --install=check:RNAsense.install-out.txt --library=C:\Users\biocbuild\bbs-3.13-bioc\R\library --no-vignettes --timings RNAsense_1.6.0.tar.gz | 
| StartedAt: 2021-10-15 04:43:42 -0400 (Fri, 15 Oct 2021) | 
| EndedAt: 2021-10-15 05:10:42 -0400 (Fri, 15 Oct 2021) | 
| EllapsedTime: 1620.5 seconds | 
| RetCode: 0 | 
| Status: WARNINGS | 
| CheckDir: RNAsense.Rcheck | 
| Warnings: 1 | 
##############################################################################
##############################################################################
###
### Running command:
###
###   C:\Users\biocbuild\bbs-3.13-bioc\R\bin\R.exe CMD check --force-multiarch --install=check:RNAsense.install-out.txt --library=C:\Users\biocbuild\bbs-3.13-bioc\R\library --no-vignettes --timings RNAsense_1.6.0.tar.gz
###
##############################################################################
##############################################################################
* using log directory 'C:/Users/biocbuild/bbs-3.13-bioc/meat/RNAsense.Rcheck'
* using R version 4.1.1 (2021-08-10)
* using platform: x86_64-w64-mingw32 (64-bit)
* using session charset: ISO8859-1
* using option '--no-vignettes'
* checking for file 'RNAsense/DESCRIPTION' ... OK
* checking extension type ... Package
* this is package 'RNAsense' version '1.6.0'
* package encoding: UTF-8
* checking package namespace information ... OK
* checking package dependencies ... OK
* checking if this is a source package ... OK
* checking if there is a namespace ... OK
* checking for hidden files and directories ... OK
* checking for portable file names ... OK
* checking whether package 'RNAsense' can be installed ... OK
* checking installed package size ... OK
* checking package directory ... OK
* checking 'build' directory ... OK
* checking DESCRIPTION meta-information ... OK
* checking top-level files ... OK
* checking for left-over files ... OK
* checking index information ... OK
* checking package subdirectories ... OK
* checking R files for non-ASCII characters ... OK
* checking R files for syntax errors ... OK
* loading checks for arch 'i386'
** checking whether the package can be loaded ... OK
** checking whether the package can be loaded with stated dependencies ... OK
** checking whether the package can be unloaded cleanly ... OK
** checking whether the namespace can be loaded with stated dependencies ... OK
** checking whether the namespace can be unloaded cleanly ... OK
* loading checks for arch 'x64'
** checking whether the package can be loaded ... OK
** checking whether the package can be loaded with stated dependencies ... OK
** checking whether the package can be unloaded cleanly ... OK
** checking whether the namespace can be loaded with stated dependencies ... OK
** checking whether the namespace can be unloaded cleanly ... OK
* checking dependencies in R code ... OK
* checking S3 generic/method consistency ... OK
* checking replacement functions ... OK
* checking foreign function calls ... OK
* checking R code for possible problems ... NOTE
combineResults: no visible binding for global variable 'resultSwitch'
combineResults: no visible binding for global variable 'resultFC'
combineResults : getFCupdown: no visible binding for global variable
  'resultFC'
combineResults : getFCupdown: no visible binding for global variable
  'name'
combineResults : getFCupdown: no visible binding for global variable
  'FCdetect'
getFC: no visible binding for global variable 'mydata'
getFC: no visible binding for global variable 'analyzeConditions'
getFC: no visible binding for global variable 'times'
getSwitch: no visible binding for global variable 'mydata'
getSwitch: no visible binding for global variable 'times'
outputGeneTables: no visible binding for global variable
  'resultCombined'
outputGeneTables: no visible binding for global variable 'times'
outputGeneTables: no visible binding for global variable
  'analyzeConditions'
outputGeneTables: no visible binding for global variable 'timepoint'
outputGeneTables: no visible binding for global variable 'FCdown'
outputGeneTables: no visible binding for global variable 'FCup'
outputGeneTables: no visible binding for global variable 'experiment'
plotSSGS: no visible binding for global variable 'resultCombined'
plotSSGS: no visible binding for global variable 'times'
plotSSGS: no visible binding for global variable 'analyzeConditions'
plotSSGS : getFT: no visible binding for global variable 'result'
plotSSGS : getFT: no visible binding for global variable 'timepoint'
plotSSGS : getFT: no visible binding for global variable 'FCdown'
plotSSGS : getFT: no visible binding for global variable 'FCup'
plotSSGS : <anonymous> : <anonymous> : <anonymous> : <anonymous>: no
  visible binding for global variable 'experiment'
plotSSGS: no visible binding for global variable 'xaxis'
plotSSGS: no visible binding for global variable 'cluster'
Undefined global functions or variables:
  FCdetect FCdown FCup analyzeConditions cluster experiment mydata name
  result resultCombined resultFC resultSwitch timepoint times xaxis
* checking Rd files ... OK
* checking Rd metadata ... OK
* checking Rd cross-references ... WARNING
Missing link or links in documentation object 'getFC.Rd':
  'DataFrame'
Missing link or links in documentation object 'getSwitch.Rd':
  'DataFrame'
See section 'Cross-references' in the 'Writing R Extensions' manual.
* checking for missing documentation entries ... OK
* checking for code/documentation mismatches ... OK
* checking Rd \usage sections ... OK
* checking Rd contents ... OK
* checking for unstated dependencies in examples ... OK
* checking contents of 'data' directory ... OK
* checking data for non-ASCII characters ... OK
* checking data for ASCII and uncompressed saves ... OK
* checking files in 'vignettes' ... OK
* checking examples ...
** running examples for arch 'i386' ... OK
Examples with CPU (user + system) or elapsed time > 5s
                   user system elapsed
combineResults   193.49   1.63  195.14
plotSSGS         176.38   0.30  176.71
outputGeneTables 174.67   0.22  174.94
getSwitch         80.86   0.22   81.08
getFC             70.31   0.01   70.33
** running examples for arch 'x64' ... OK
Examples with CPU (user + system) or elapsed time > 5s
                   user system elapsed
plotSSGS         194.95   0.21  196.20
outputGeneTables 185.61   0.30  185.91
combineResults   180.39   0.70  181.09
getSwitch         91.64   0.00   91.64
getFC             57.91   0.10   58.00
* checking for unstated dependencies in vignettes ... OK
* checking package vignettes in 'inst/doc' ... OK
* checking running R code from vignettes ... SKIPPED
* checking re-building of vignette outputs ... SKIPPED
* checking PDF version of manual ... OK
* DONE
Status: 1 WARNING, 1 NOTE
See
  'C:/Users/biocbuild/bbs-3.13-bioc/meat/RNAsense.Rcheck/00check.log'
for details.
RNAsense.Rcheck/00install.out
##############################################################################
##############################################################################
###
### Running command:
###
###   C:\cygwin\bin\curl.exe -O http://155.52.207.165/BBS/3.13/bioc/src/contrib/RNAsense_1.6.0.tar.gz && rm -rf RNAsense.buildbin-libdir && mkdir RNAsense.buildbin-libdir && C:\Users\biocbuild\bbs-3.13-bioc\R\bin\R.exe CMD INSTALL --merge-multiarch --build --library=RNAsense.buildbin-libdir RNAsense_1.6.0.tar.gz && C:\Users\biocbuild\bbs-3.13-bioc\R\bin\R.exe CMD INSTALL RNAsense_1.6.0.zip && rm RNAsense_1.6.0.tar.gz RNAsense_1.6.0.zip
###
##############################################################################
##############################################################################
  % Total    % Received % Xferd  Average Speed   Time    Time     Time  Current
                                 Dload  Upload   Total   Spent    Left  Speed
  0     0    0     0    0     0      0      0 --:--:-- --:--:-- --:--:--     0
100  815k  100  815k    0     0  1787k      0 --:--:-- --:--:-- --:--:-- 1792k
install for i386
* installing *source* package 'RNAsense' ...
** using staged installation
** R
** data
** byte-compile and prepare package for lazy loading
** help
*** installing help indices
  converting help for package 'RNAsense'
    finding HTML links ... done
    MZsox                                   html  
    finding level-2 HTML links ... done
    combineResults                          html  
    getFC                                   html  
    getSwitch                               html  
    outputGeneTables                        html  
    plotSSGS                                html  
** building package indices
** installing vignettes
** testing if installed package can be loaded from temporary location
** testing if installed package can be loaded from final location
** testing if installed package keeps a record of temporary installation path
install for x64
* installing *source* package 'RNAsense' ...
** testing if installed package can be loaded
* MD5 sums
packaged installation of 'RNAsense' as RNAsense_1.6.0.zip
* DONE (RNAsense)
* installing to library 'C:/Users/biocbuild/bbs-3.13-bioc/R/library'
package 'RNAsense' successfully unpacked and MD5 sums checked
| RNAsense.Rcheck/examples_i386/RNAsense-Ex.timings 
 | RNAsense.Rcheck/examples_x64/RNAsense-Ex.timings 
 |