| Back to Multiple platform build/check report for BioC 3.13 |
|
This page was generated on 2021-10-15 15:06:46 -0400 (Fri, 15 Oct 2021).
|
To the developers/maintainers of the Pi package: - Please allow up to 24 hours (and sometimes 48 hours) for your latest push to git@git.bioconductor.org:packages/Pi.git to reflect on this report. See How and When does the builder pull? When will my changes propagate? here for more information. - Make sure to use the following settings in order to reproduce any error or warning you see on this page. |
| Package 1390/2041 | Hostname | OS / Arch | INSTALL | BUILD | CHECK | BUILD BIN | ||||||||
| Pi 2.4.0 (landing page) Hai Fang
| nebbiolo1 | Linux (Ubuntu 20.04.2 LTS) / x86_64 | OK | OK | WARNINGS | |||||||||
| tokay2 | Windows Server 2012 R2 Standard / x64 | OK | OK | WARNINGS | OK | |||||||||
| machv2 | macOS 10.14.6 Mojave / x86_64 | OK | OK | WARNINGS | OK | |||||||||
| Package: Pi |
| Version: 2.4.0 |
| Command: /Library/Frameworks/R.framework/Versions/Current/Resources/bin/R CMD check --install=check:Pi.install-out.txt --library=/Library/Frameworks/R.framework/Versions/Current/Resources/library --no-vignettes --timings Pi_2.4.0.tar.gz |
| StartedAt: 2021-10-14 22:19:38 -0400 (Thu, 14 Oct 2021) |
| EndedAt: 2021-10-14 22:24:38 -0400 (Thu, 14 Oct 2021) |
| EllapsedTime: 300.6 seconds |
| RetCode: 0 |
| Status: WARNINGS |
| CheckDir: Pi.Rcheck |
| Warnings: 1 |
############################################################################## ############################################################################## ### ### Running command: ### ### /Library/Frameworks/R.framework/Versions/Current/Resources/bin/R CMD check --install=check:Pi.install-out.txt --library=/Library/Frameworks/R.framework/Versions/Current/Resources/library --no-vignettes --timings Pi_2.4.0.tar.gz ### ############################################################################## ############################################################################## * using log directory ‘/Users/biocbuild/bbs-3.13-bioc/meat/Pi.Rcheck’ * using R version 4.1.1 (2021-08-10) * using platform: x86_64-apple-darwin17.0 (64-bit) * using session charset: UTF-8 * using option ‘--no-vignettes’ * checking for file ‘Pi/DESCRIPTION’ ... OK * checking extension type ... Package * this is package ‘Pi’ version ‘2.4.0’ * checking package namespace information ... OK * checking package dependencies ... OK * checking if this is a source package ... OK * checking if there is a namespace ... OK * checking for hidden files and directories ... NOTE Found the following hidden files and directories: .git_fetch_output.txt .git_merge_output.txt These were most likely included in error. See section ‘Package structure’ in the ‘Writing R Extensions’ manual. * checking for portable file names ... OK * checking for sufficient/correct file permissions ... OK * checking whether package ‘Pi’ can be installed ... WARNING Found the following significant warnings: Warning: replacing previous import ‘ROCR::plot’ by ‘graphics::plot’ when loading ‘Pi’ See ‘/Users/biocbuild/bbs-3.13-bioc/meat/Pi.Rcheck/00install.out’ for details. * checking installed package size ... OK * checking package directory ... OK * checking ‘build’ directory ... OK * checking DESCRIPTION meta-information ... OK * checking top-level files ... OK * checking for left-over files ... OK * checking index information ... OK * checking package subdirectories ... OK * checking R files for non-ASCII characters ... OK * checking R files for syntax errors ... OK * checking whether the package can be loaded ... OK * checking whether the package can be loaded with stated dependencies ... OK * checking whether the package can be unloaded cleanly ... OK * checking whether the namespace can be loaded with stated dependencies ... OK * checking whether the namespace can be unloaded cleanly ... OK * checking dependencies in R code ... OK * checking S3 generic/method consistency ... OK * checking replacement functions ... OK * checking foreign function calls ... OK * checking R code for possible problems ... OK * checking Rd files ... OK * checking Rd metadata ... OK * checking Rd cross-references ... OK * checking for missing documentation entries ... OK * checking for code/documentation mismatches ... OK * checking Rd \usage sections ... OK * checking Rd contents ... OK * checking for unstated dependencies in examples ... OK * checking files in ‘vignettes’ ... OK * checking examples ... OK * checking for unstated dependencies in vignettes ... OK * checking package vignettes in ‘inst/doc’ ... OK * checking running R code from vignettes ... SKIPPED * checking re-building of vignette outputs ... SKIPPED * checking PDF version of manual ... OK * DONE Status: 1 WARNING, 1 NOTE See ‘/Users/biocbuild/bbs-3.13-bioc/meat/Pi.Rcheck/00check.log’ for details.
Pi.Rcheck/00install.out
############################################################################## ############################################################################## ### ### Running command: ### ### /Library/Frameworks/R.framework/Versions/Current/Resources/bin/R CMD INSTALL Pi ### ############################################################################## ############################################################################## * installing to library ‘/Library/Frameworks/R.framework/Versions/4.1/Resources/library’ * installing *source* package ‘Pi’ ... ** using staged installation ** R ** inst ** byte-compile and prepare package for lazy loading Warning: replacing previous import ‘ROCR::plot’ by ‘graphics::plot’ when loading ‘Pi’ ** help *** installing help indices ** building package indices ** installing vignettes ** testing if installed package can be loaded from temporary location Warning: replacing previous import ‘ROCR::plot’ by ‘graphics::plot’ when loading ‘Pi’ ** testing if installed package can be loaded from final location Warning: replacing previous import ‘ROCR::plot’ by ‘graphics::plot’ when loading ‘Pi’ ** testing if installed package keeps a record of temporary installation path * DONE (Pi)
Pi.Rcheck/Pi-Ex.timings
| name | user | system | elapsed | |
| EG | 0.000 | 0.000 | 0.001 | |
| GS | 0.000 | 0.000 | 0.001 | |
| aOnto | 0.000 | 0.001 | 0.001 | |
| cTarget | 0.000 | 0.001 | 0.001 | |
| dTarget | 0.000 | 0.001 | 0.001 | |
| eGSEA | 0.000 | 0.001 | 0.001 | |
| eTarget | 0.000 | 0.000 | 0.001 | |
| eTerm | 0 | 0 | 0 | |
| iSubg | 0 | 0 | 0 | |
| ls_eTerm | 0.000 | 0.001 | 0.000 | |
| pNode | 0 | 0 | 0 | |
| pPerf | 0 | 0 | 0 | |
| sGS | 0 | 0 | 0 | |
| sTarget | 0 | 0 | 0 | |
| xAggregate | 0.000 | 0.000 | 0.001 | |
| xCheckParallel | 0 | 0 | 0 | |
| xCircos | 0.000 | 0.000 | 0.001 | |
| xColormap | 0.021 | 0.006 | 0.026 | |
| xCombineNet | 0 | 0 | 0 | |
| xContour | 0.053 | 0.015 | 0.067 | |
| xConverter | 0.035 | 0.008 | 0.043 | |
| xCorrelation | 0.001 | 0.000 | 0.001 | |
| xDAGanno | 0.000 | 0.001 | 0.002 | |
| xDefineEQTL | 0.000 | 0.000 | 0.001 | |
| xDefineHIC | 0.001 | 0.001 | 0.001 | |
| xDefineNet | 0.001 | 0.001 | 0.000 | |
| xDefineOntology | 0.000 | 0.000 | 0.001 | |
| xEnrichForest | 0 | 0 | 0 | |
| xEnrichViewer | 0.000 | 0.000 | 0.001 | |
| xEnricher | 0.001 | 0.001 | 0.000 | |
| xEnricherGenes | 0.000 | 0.001 | 0.001 | |
| xGGnetwork | 0.001 | 0.002 | 0.002 | |
| xGR | 0.000 | 0.001 | 0.001 | |
| xGR2nGenes | 0.000 | 0.001 | 0.001 | |
| xGR2xGeneScores | 0.000 | 0.001 | 0.001 | |
| xGR2xGenes | 0.001 | 0.001 | 0.001 | |
| xGRscores | 0.000 | 0.000 | 0.001 | |
| xGRsort | 0.000 | 0.001 | 0.001 | |
| xGSEAbarplot | 0.000 | 0.001 | 0.000 | |
| xGSEAconciser | 0 | 0 | 0 | |
| xGSEAdotplot | 0.001 | 0.000 | 0.000 | |
| xGSsimulator | 0 | 0 | 0 | |
| xGeneID2Symbol | 0.000 | 0.001 | 0.001 | |
| xHeatmap | 0.001 | 0.000 | 0.001 | |
| xLayout | 0.001 | 0.000 | 0.001 | |
| xLiftOver | 0.001 | 0.000 | 0.001 | |
| xMEabf | 0.001 | 0.000 | 0.001 | |
| xMLcaret | 0 | 0 | 0 | |
| xMLcompare | 0 | 0 | 0 | |
| xMLdensity | 0 | 0 | 0 | |
| xMLdotplot | 0 | 0 | 0 | |
| xMLfeatureplot | 0 | 0 | 0 | |
| xMLglmnet | 0.000 | 0.001 | 0.000 | |
| xMLparameters | 0.000 | 0.001 | 0.000 | |
| xMLrandomforest | 0 | 0 | 0 | |
| xMLrename | 0.000 | 0.001 | 0.001 | |
| xMLzoom | 0 | 0 | 0 | |
| xPieplot | 0 | 0 | 0 | |
| xPier | 0.001 | 0.000 | 0.001 | |
| xPierABF | 0.001 | 0.000 | 0.001 | |
| xPierABFheatmap | 0 | 0 | 0 | |
| xPierAnno | 0.000 | 0.001 | 0.001 | |
| xPierCor | 0.000 | 0.001 | 0.000 | |
| xPierCross | 0.001 | 0.000 | 0.001 | |
| xPierEvidence | 0.000 | 0.000 | 0.001 | |
| xPierGRs | 0.000 | 0.000 | 0.001 | |
| xPierGSEA | 0.000 | 0.001 | 0.001 | |
| xPierGenes | 0.000 | 0.001 | 0.001 | |
| xPierMRS | 0.000 | 0.001 | 0.000 | |
| xPierManhattan | 0.000 | 0.001 | 0.001 | |
| xPierMatrix | 0 | 0 | 0 | |
| xPierPathways | 0.000 | 0.000 | 0.001 | |
| xPierROCR | 0 | 0 | 0 | |
| xPierSNPs | 0.000 | 0.001 | 0.001 | |
| xPierSNPsAdv | 0.001 | 0.001 | 0.000 | |
| xPierSNPsAdvABF | 0.000 | 0.001 | 0.000 | |
| xPierSubnet | 0.000 | 0.001 | 0.001 | |
| xPierTrack | 0 | 0 | 0 | |
| xPierTrackAdv | 0.000 | 0.001 | 0.001 | |
| xPredictCompare | 0.001 | 0.000 | 0.000 | |
| xPredictROCR | 0 | 0 | 0 | |
| xRDataLoader | 0.000 | 0.001 | 0.000 | |
| xRWR | 0.001 | 0.001 | 0.002 | |
| xSM2DF | 0.015 | 0.005 | 0.019 | |
| xSNP2cGenes | 0.000 | 0.000 | 0.001 | |
| xSNP2eGenes | 0.000 | 0.000 | 0.001 | |
| xSNP2nGenes | 0.001 | 0.000 | 0.000 | |
| xSNPlocations | 0.000 | 0.000 | 0.001 | |
| xSNPscores | 0.000 | 0.001 | 0.001 | |
| xSparseMatrix | 0.013 | 0.004 | 0.017 | |
| xSubneterGenes | 0.000 | 0.000 | 0.001 | |
| xSymbol2GeneID | 0.000 | 0.000 | 0.001 | |
| xVisEvidence | 0.000 | 0.000 | 0.001 | |
| xVisEvidenceAdv | 0.000 | 0.000 | 0.001 | |
| xVisKernels | 0.047 | 0.012 | 0.059 | |
| xVisNet | 0.000 | 0.001 | 0.000 | |