| Back to Multiple platform build/check report for BioC 3.13 |
|
This page was generated on 2021-10-15 15:06:13 -0400 (Fri, 15 Oct 2021).
|
To the developers/maintainers of the Mulcom package: - Please allow up to 24 hours (and sometimes 48 hours) for your latest push to git@git.bioconductor.org:packages/Mulcom.git to reflect on this report. See How and When does the builder pull? When will my changes propagate? here for more information. - Make sure to use the following settings in order to reproduce any error or warning you see on this page. |
| Package 1217/2041 | Hostname | OS / Arch | INSTALL | BUILD | CHECK | BUILD BIN | ||||||||
| Mulcom 1.42.0 (landing page) Claudio Isella
| nebbiolo1 | Linux (Ubuntu 20.04.2 LTS) / x86_64 | OK | OK | WARNINGS | |||||||||
| tokay2 | Windows Server 2012 R2 Standard / x64 | OK | OK | WARNINGS | OK | |||||||||
| machv2 | macOS 10.14.6 Mojave / x86_64 | OK | OK | WARNINGS | OK | |||||||||
| Package: Mulcom |
| Version: 1.42.0 |
| Command: C:\Users\biocbuild\bbs-3.13-bioc\R\bin\R.exe CMD check --force-multiarch --install=check:Mulcom.install-out.txt --library=C:\Users\biocbuild\bbs-3.13-bioc\R\library --no-vignettes --timings Mulcom_1.42.0.tar.gz |
| StartedAt: 2021-10-15 02:24:42 -0400 (Fri, 15 Oct 2021) |
| EndedAt: 2021-10-15 02:26:58 -0400 (Fri, 15 Oct 2021) |
| EllapsedTime: 136.0 seconds |
| RetCode: 0 |
| Status: WARNINGS |
| CheckDir: Mulcom.Rcheck |
| Warnings: 1 |
##############################################################################
##############################################################################
###
### Running command:
###
### C:\Users\biocbuild\bbs-3.13-bioc\R\bin\R.exe CMD check --force-multiarch --install=check:Mulcom.install-out.txt --library=C:\Users\biocbuild\bbs-3.13-bioc\R\library --no-vignettes --timings Mulcom_1.42.0.tar.gz
###
##############################################################################
##############################################################################
* using log directory 'C:/Users/biocbuild/bbs-3.13-bioc/meat/Mulcom.Rcheck'
* using R version 4.1.1 (2021-08-10)
* using platform: x86_64-w64-mingw32 (64-bit)
* using session charset: ISO8859-1
* using option '--no-vignettes'
* checking for file 'Mulcom/DESCRIPTION' ... OK
* checking extension type ... Package
* this is package 'Mulcom' version '1.42.0'
* checking package namespace information ... OK
* checking package dependencies ... OK
* checking if this is a source package ... OK
* checking if there is a namespace ... OK
* checking for hidden files and directories ... OK
* checking for portable file names ... OK
* checking whether package 'Mulcom' can be installed ... OK
* checking installed package size ... OK
* checking package directory ... OK
* checking DESCRIPTION meta-information ... OK
* checking top-level files ... OK
* checking for left-over files ... OK
* checking index information ... OK
* checking package subdirectories ... OK
* checking R files for non-ASCII characters ... OK
* checking R files for syntax errors ... OK
* loading checks for arch 'i386'
** checking whether the package can be loaded ... OK
** checking whether the package can be loaded with stated dependencies ... OK
** checking whether the package can be unloaded cleanly ... OK
** checking whether the namespace can be loaded with stated dependencies ... OK
** checking whether the namespace can be unloaded cleanly ... OK
* loading checks for arch 'x64'
** checking whether the package can be loaded ... OK
** checking whether the package can be loaded with stated dependencies ... OK
** checking whether the package can be unloaded cleanly ... OK
** checking whether the namespace can be loaded with stated dependencies ... OK
** checking whether the namespace can be unloaded cleanly ... OK
* checking dependencies in R code ... OK
* checking S3 generic/method consistency ... OK
* checking replacement functions ... OK
* checking foreign function calls ... OK
* checking R code for possible problems ... OK
* checking Rd files ... OK
* checking Rd metadata ... OK
* checking Rd cross-references ... OK
* checking for missing documentation entries ... OK
* checking for code/documentation mismatches ... OK
* checking Rd \usage sections ... OK
* checking Rd contents ... OK
* checking for unstated dependencies in examples ... OK
* checking contents of 'data' directory ... OK
* checking data for non-ASCII characters ... OK
* checking data for ASCII and uncompressed saves ... OK
* checking line endings in C/C++/Fortran sources/headers ... OK
* checking compiled code ... NOTE
Note: information on .o files for i386 is not available
Note: information on .o files for x64 is not available
File 'C:/Users/biocbuild/bbs-3.13-bioc/R/library/Mulcom/libs/i386/Mulcom.dll':
Found 'abort', possibly from 'abort' (C), 'runtime' (Fortran)
Found 'exit', possibly from 'exit' (C), 'stop' (Fortran)
Found 'printf', possibly from 'printf' (C)
File 'C:/Users/biocbuild/bbs-3.13-bioc/R/library/Mulcom/libs/x64/Mulcom.dll':
Found 'abort', possibly from 'abort' (C), 'runtime' (Fortran)
Found 'exit', possibly from 'exit' (C), 'stop' (Fortran)
Found 'printf', possibly from 'printf' (C)
Compiled code should not call entry points which might terminate R nor
write to stdout/stderr instead of to the console, nor use Fortran I/O
nor system RNGs. The detected symbols are linked into the code but
might come from libraries and not actually be called.
See 'Writing portable packages' in the 'Writing R Extensions' manual.
* checking files in 'vignettes' ... WARNING
Files in the 'vignettes' directory but no files in 'inst/doc':
'Mulcom.Rmd'
Package has no Sweave vignette sources and no VignetteBuilder field.
* checking examples ...
** running examples for arch 'i386' ... OK
Examples with CPU (user + system) or elapsed time > 5s
user system elapsed
mulInt 4.69 1.14 5.83
** running examples for arch 'x64' ... OK
Examples with CPU (user + system) or elapsed time > 5s
user system elapsed
mulInt 5.88 0.96 6.83
mulOpt 4.61 0.60 5.22
* checking PDF version of manual ... OK
* DONE
Status: 1 WARNING, 1 NOTE
See
'C:/Users/biocbuild/bbs-3.13-bioc/meat/Mulcom.Rcheck/00check.log'
for details.
Mulcom.Rcheck/00install.out
##############################################################################
##############################################################################
###
### Running command:
###
### C:\cygwin\bin\curl.exe -O http://155.52.207.165/BBS/3.13/bioc/src/contrib/Mulcom_1.42.0.tar.gz && rm -rf Mulcom.buildbin-libdir && mkdir Mulcom.buildbin-libdir && C:\Users\biocbuild\bbs-3.13-bioc\R\bin\R.exe CMD INSTALL --merge-multiarch --build --library=Mulcom.buildbin-libdir Mulcom_1.42.0.tar.gz && C:\Users\biocbuild\bbs-3.13-bioc\R\bin\R.exe CMD INSTALL Mulcom_1.42.0.zip && rm Mulcom_1.42.0.tar.gz Mulcom_1.42.0.zip
###
##############################################################################
##############################################################################
% Total % Received % Xferd Average Speed Time Time Time Current
Dload Upload Total Spent Left Speed
0 0 0 0 0 0 0 0 --:--:-- --:--:-- --:--:-- 0
100 1119k 100 1119k 0 0 1788k 0 --:--:-- --:--:-- --:--:-- 1791k
install for i386
* installing *source* package 'Mulcom' ...
** using staged installation
** libs
"C:/rtools40/mingw32/bin/"g++ -std=gnu++11 -I"C:/Users/BIOCBU~1/BBS-3~1.13-/R/include" -DNDEBUG -I"c:/extsoft/include" -O2 -Wall -mfpmath=sse -msse2 -mstackrealign -c mulLibs.cc -o mulLibs.o
mulLibs.cc: In function 'void Single_SimulationC(double*, double*, double*, double*, double*, double*, int*, int*, int*, int*, int*)':
mulLibs.cc:708:33: warning: statement has no effect [-Wunused-value]
current_cluster ;
^
mulLibs.cc: In function 'void Complete_SimulationC(double*, int*, double*, double*, int*, int*, int*, int*, int*)':
mulLibs.cc:1022:38: warning: comparison of integer expressions of different signedness: 'int' and 'std::vector<double>::size_type' {aka 'unsigned int'} [-Wsign-compare]
for ( int i = 0 ; i < sss2.size() ; i++ ) {
~~^~~~~~~~~~~~~
mulLibs.cc:1023:46: warning: comparison of integer expressions of different signedness: 'int' and 'std::vector<double>::size_type' {aka 'unsigned int'} [-Wsign-compare]
for ( int j = 0 ; j < harmonic_means.size() ; j++ ) {
~~^~~~~~~~~~~~~~~~~~~~~~~
C:/rtools40/mingw32/bin/g++ -std=gnu++11 -shared -s -static-libgcc -o Mulcom.dll tmp.def mulLibs.o -Lc:/extsoft/lib/i386 -Lc:/extsoft/lib -LC:/Users/BIOCBU~1/BBS-3~1.13-/R/bin/i386 -lR
installing to C:/Users/biocbuild/bbs-3.13-bioc/meat/Mulcom.buildbin-libdir/00LOCK-Mulcom/00new/Mulcom/libs/i386
** R
** data
** inst
** byte-compile and prepare package for lazy loading
** help
*** installing help indices
converting help for package 'Mulcom'
finding HTML links ... done
Affy html
AffyIlmn html
Illumina html
Ilmn html
MULCOM-class html
MULCOM_P html
harmonicMean html
limmaAffySymbols html
limmaIlmnSymbols html
mulCAND html
mulCalc html
mulDELTA html
mulDiff html
mulFSG html
mulIndex html
mulInt html
mulMSE html
mulOpt html
mulOptPars html
mulOptPlot html
mulParOpt html
mulPerm html
mulPermC html
mulSSE html
mulScores html
mulcomGeneListIlmn html
samAffySymbols html
samIlmnSymbols html
samOptPars html
** building package indices
** installing vignettes
** testing if installed package can be loaded from temporary location
** testing if installed package can be loaded from final location
** testing if installed package keeps a record of temporary installation path
install for x64
* installing *source* package 'Mulcom' ...
** libs
"C:/rtools40/mingw64/bin/"g++ -std=gnu++11 -I"C:/Users/BIOCBU~1/BBS-3~1.13-/R/include" -DNDEBUG -I"C:/extsoft/include" -O2 -Wall -mfpmath=sse -msse2 -mstackrealign -c mulLibs.cc -o mulLibs.o
mulLibs.cc: In function 'void Single_SimulationC(double*, double*, double*, double*, double*, double*, int*, int*, int*, int*, int*)':
mulLibs.cc:708:33: warning: statement has no effect [-Wunused-value]
current_cluster ;
^
mulLibs.cc: In function 'void Complete_SimulationC(double*, int*, double*, double*, int*, int*, int*, int*, int*)':
mulLibs.cc:1022:38: warning: comparison of integer expressions of different signedness: 'int' and 'std::vector<double>::size_type' {aka 'long long unsigned int'} [-Wsign-compare]
for ( int i = 0 ; i < sss2.size() ; i++ ) {
~~^~~~~~~~~~~~~
mulLibs.cc:1023:46: warning: comparison of integer expressions of different signedness: 'int' and 'std::vector<double>::size_type' {aka 'long long unsigned int'} [-Wsign-compare]
for ( int j = 0 ; j < harmonic_means.size() ; j++ ) {
~~^~~~~~~~~~~~~~~~~~~~~~~
C:/rtools40/mingw64/bin/g++ -std=gnu++11 -shared -s -static-libgcc -o Mulcom.dll tmp.def mulLibs.o -LC:/extsoft/lib/x64 -LC:/extsoft/lib -LC:/Users/BIOCBU~1/BBS-3~1.13-/R/bin/x64 -lR
installing to C:/Users/biocbuild/bbs-3.13-bioc/meat/Mulcom.buildbin-libdir/Mulcom/libs/x64
** testing if installed package can be loaded
* MD5 sums
packaged installation of 'Mulcom' as Mulcom_1.42.0.zip
* DONE (Mulcom)
* installing to library 'C:/Users/biocbuild/bbs-3.13-bioc/R/library'
package 'Mulcom' successfully unpacked and MD5 sums checked
|
Mulcom.Rcheck/examples_i386/Mulcom-Ex.timings
|
Mulcom.Rcheck/examples_x64/Mulcom-Ex.timings
|