| Back to Multiple platform build/check report for BioC 3.13 |
|
This page was generated on 2021-10-15 15:05:44 -0400 (Fri, 15 Oct 2021).
|
To the developers/maintainers of the M3Drop package: - Please allow up to 24 hours (and sometimes 48 hours) for your latest push to git@git.bioconductor.org:packages/M3Drop.git to reflect on this report. See How and When does the builder pull? When will my changes propagate? here for more information. - Make sure to use the following settings in order to reproduce any error or warning you see on this page. |
| Package 1011/2041 | Hostname | OS / Arch | INSTALL | BUILD | CHECK | BUILD BIN | ||||||||
| M3Drop 1.18.0 (landing page) Tallulah Andrews
| nebbiolo1 | Linux (Ubuntu 20.04.2 LTS) / x86_64 | OK | OK | WARNINGS | |||||||||
| tokay2 | Windows Server 2012 R2 Standard / x64 | OK | OK | WARNINGS | OK | |||||||||
| machv2 | macOS 10.14.6 Mojave / x86_64 | OK | OK | WARNINGS | OK | |||||||||
| Package: M3Drop |
| Version: 1.18.0 |
| Command: /home/biocbuild/bbs-3.13-bioc/R/bin/R CMD check --install=check:M3Drop.install-out.txt --library=/home/biocbuild/bbs-3.13-bioc/R/library --no-vignettes --timings M3Drop_1.18.0.tar.gz |
| StartedAt: 2021-10-14 10:24:34 -0400 (Thu, 14 Oct 2021) |
| EndedAt: 2021-10-14 10:29:44 -0400 (Thu, 14 Oct 2021) |
| EllapsedTime: 309.9 seconds |
| RetCode: 0 |
| Status: WARNINGS |
| CheckDir: M3Drop.Rcheck |
| Warnings: 1 |
##############################################################################
##############################################################################
###
### Running command:
###
### /home/biocbuild/bbs-3.13-bioc/R/bin/R CMD check --install=check:M3Drop.install-out.txt --library=/home/biocbuild/bbs-3.13-bioc/R/library --no-vignettes --timings M3Drop_1.18.0.tar.gz
###
##############################################################################
##############################################################################
* using log directory ‘/home/biocbuild/bbs-3.13-bioc/meat/M3Drop.Rcheck’
* using R version 4.1.1 (2021-08-10)
* using platform: x86_64-pc-linux-gnu (64-bit)
* using session charset: UTF-8
* using option ‘--no-vignettes’
* checking for file ‘M3Drop/DESCRIPTION’ ... OK
* this is package ‘M3Drop’ version ‘1.18.0’
* checking package namespace information ... OK
* checking package dependencies ... OK
* checking if this is a source package ... OK
* checking if there is a namespace ... OK
* checking for hidden files and directories ... OK
* checking for portable file names ... OK
* checking for sufficient/correct file permissions ... OK
* checking whether package ‘M3Drop’ can be installed ... OK
* checking installed package size ... OK
* checking package directory ... OK
* checking ‘build’ directory ... OK
* checking DESCRIPTION meta-information ... OK
* checking top-level files ... OK
* checking for left-over files ... OK
* checking index information ... OK
* checking package subdirectories ... OK
* checking R files for non-ASCII characters ... OK
* checking R files for syntax errors ... OK
* checking whether the package can be loaded ... OK
* checking whether the package can be loaded with stated dependencies ... OK
* checking whether the package can be unloaded cleanly ... OK
* checking whether the namespace can be loaded with stated dependencies ... OK
* checking whether the namespace can be unloaded cleanly ... OK
* checking dependencies in R code ... WARNING
Package in Depends field not imported from: ‘numDeriv’
These packages need to be imported from (in the NAMESPACE file)
for when this namespace is loaded but not attached.
Missing or unexported object: ‘scater::exprs’
* checking S3 generic/method consistency ... OK
* checking replacement functions ... OK
* checking foreign function calls ... OK
* checking R code for possible problems ... NOTE
M3DropConvertData: no visible global function definition for ‘assays’
NBumiConvertData: no visible global function definition for ‘assays’
bg__filter_cells: no visible binding for global variable ‘x’
bg__get_extreme_residuals: no visible binding for global variable ‘x’
Undefined global functions or variables:
assays x
* checking Rd files ... NOTE
prepare_Rd: NBumi_FSOther.Rd:8-10: Dropping empty section \usage
prepare_Rd: NBumi_TradDE.Rd:7-8: Dropping empty section \usage
* checking Rd metadata ... OK
* checking Rd cross-references ... OK
* checking for missing documentation entries ... OK
* checking for code/documentation mismatches ... OK
* checking Rd \usage sections ... OK
* checking Rd contents ... OK
* checking for unstated dependencies in examples ... OK
* checking files in ‘vignettes’ ... OK
* checking examples ... OK
Examples with CPU (user + system) or elapsed time > 5s
user system elapsed
NewSimulations 134.226 1.575 135.814
Imputation 39.434 0.168 39.603
M3D_getmarkers 33.502 0.832 34.337
M3D_ConverData 6.289 0.214 6.504
* checking for unstated dependencies in vignettes ... OK
* checking package vignettes in ‘inst/doc’ ... OK
* checking running R code from vignettes ... SKIPPED
* checking re-building of vignette outputs ... SKIPPED
* checking PDF version of manual ... OK
* DONE
Status: 1 WARNING, 2 NOTEs
See
‘/home/biocbuild/bbs-3.13-bioc/meat/M3Drop.Rcheck/00check.log’
for details.
M3Drop.Rcheck/00install.out
############################################################################## ############################################################################## ### ### Running command: ### ### /home/biocbuild/bbs-3.13-bioc/R/bin/R CMD INSTALL M3Drop ### ############################################################################## ############################################################################## * installing to library ‘/home/biocbuild/bbs-3.13-bioc/R/library’ * installing *source* package ‘M3Drop’ ... ** using staged installation ** R ** inst ** byte-compile and prepare package for lazy loading ** help *** installing help indices ** building package indices ** installing vignettes ** testing if installed package can be loaded from temporary location ** testing if installed package can be loaded from final location ** testing if installed package keeps a record of temporary installation path * DONE (M3Drop)
M3Drop.Rcheck/M3Drop-Ex.timings
| name | user | system | elapsed | |
| Brennecke_getVariableGenes | 3.610 | 0.127 | 3.738 | |
| Consensus_FS | 0.506 | 0.004 | 0.510 | |
| Fitting_Dropout_Models | 0 | 0 | 0 | |
| Imputation | 39.434 | 0.168 | 39.603 | |
| M3D_Clean_Data | 1.142 | 0.041 | 1.181 | |
| M3D_ConverData | 6.289 | 0.214 | 6.504 | |
| M3D_Differential_Expression | 1.754 | 0.067 | 1.822 | |
| M3D_Dropout_Models | 1.571 | 0.052 | 1.623 | |
| M3D_Expression_Heatmap | 0.471 | 0.012 | 0.483 | |
| M3D_Get_Extremes | 1.611 | 0.020 | 1.632 | |
| M3D_Get_Heatmap_Cell_Clusters | 0.438 | 0.012 | 0.450 | |
| M3D_Simulations | 0 | 0 | 0 | |
| M3D_Test_Shift | 0.610 | 0.011 | 0.621 | |
| M3D_ThreeSet_Venn | 0.312 | 0.008 | 0.319 | |
| M3D_TraditionalDE | 0.013 | 0.000 | 0.012 | |
| M3D_getmarkers | 33.502 | 0.832 | 34.337 | |
| M3D_horz_res | 0 | 0 | 0 | |
| NBumi_CheckFit | 2.059 | 0.420 | 2.479 | |
| NBumi_CoExpression | 1.418 | 0.016 | 1.434 | |
| NBumi_CompareModels | 2.933 | 0.020 | 2.954 | |
| NBumi_ConvertToInteger | 0.001 | 0.000 | 0.001 | |
| NBumi_ConvrtData | 0.759 | 0.008 | 0.767 | |
| NBumi_FSDrop | 0.903 | 0.012 | 0.915 | |
| NBumi_FSHighVar | 0.79 | 0.00 | 0.79 | |
| NBumi_FSOther | 0.017 | 0.000 | 0.016 | |
| NBumi_FitDisp | 0 | 0 | 0 | |
| NBumi_FitDispVsMean | 0.577 | 0.001 | 0.578 | |
| NBumi_FitModel | 1.310 | 0.022 | 1.333 | |
| NBumi_HVG | 1.338 | 0.032 | 1.370 | |
| NBumi_TradDE | 0.000 | 0.001 | 0.000 | |
| NewSimulations | 134.226 | 1.575 | 135.814 | |
| Other_FS | 1.869 | 0.084 | 1.954 | |
| PoissonUMIFeatureSelectionDropouts | 0.62 | 0.00 | 0.62 | |
| bg__fit_gamma | 0.001 | 0.000 | 0.000 | |
| bg__get_stats | 0 | 0 | 0 | |
| bg__mean2disp | 0 | 0 | 0 | |
| bg__shift_size | 0.000 | 0.000 | 0.001 | |
| bg__var_vs_drop | 0.001 | 0.000 | 0.000 | |