| Back to Multiple platform build/check report for BioC 3.13 |
|
This page was generated on 2021-10-15 15:06:09 -0400 (Fri, 15 Oct 2021).
|
To the developers/maintainers of the IRanges package: - Please allow up to 24 hours (and sometimes 48 hours) for your latest push to git@git.bioconductor.org:packages/IRanges.git to reflect on this report. See How and When does the builder pull? When will my changes propagate? here for more information. - Make sure to use the following settings in order to reproduce any error or warning you see on this page. |
| Package 942/2041 | Hostname | OS / Arch | INSTALL | BUILD | CHECK | BUILD BIN | ||||||||
| IRanges 2.26.0 (landing page) Bioconductor Package Maintainer
| nebbiolo1 | Linux (Ubuntu 20.04.2 LTS) / x86_64 | OK | OK | WARNINGS | |||||||||
| tokay2 | Windows Server 2012 R2 Standard / x64 | OK | OK | WARNINGS | OK | |||||||||
| machv2 | macOS 10.14.6 Mojave / x86_64 | OK | OK | WARNINGS | OK | |||||||||
| Package: IRanges |
| Version: 2.26.0 |
| Command: C:\Users\biocbuild\bbs-3.13-bioc\R\bin\R.exe CMD check --force-multiarch --install=check:IRanges.install-out.txt --library=C:\Users\biocbuild\bbs-3.13-bioc\R\library --no-vignettes --timings IRanges_2.26.0.tar.gz |
| StartedAt: 2021-10-15 00:52:36 -0400 (Fri, 15 Oct 2021) |
| EndedAt: 2021-10-15 00:58:46 -0400 (Fri, 15 Oct 2021) |
| EllapsedTime: 369.8 seconds |
| RetCode: 0 |
| Status: WARNINGS |
| CheckDir: IRanges.Rcheck |
| Warnings: 4 |
##############################################################################
##############################################################################
###
### Running command:
###
### C:\Users\biocbuild\bbs-3.13-bioc\R\bin\R.exe CMD check --force-multiarch --install=check:IRanges.install-out.txt --library=C:\Users\biocbuild\bbs-3.13-bioc\R\library --no-vignettes --timings IRanges_2.26.0.tar.gz
###
##############################################################################
##############################################################################
* using log directory 'C:/Users/biocbuild/bbs-3.13-bioc/meat/IRanges.Rcheck'
* using R version 4.1.1 (2021-08-10)
* using platform: x86_64-w64-mingw32 (64-bit)
* using session charset: ISO8859-1
* using option '--no-vignettes'
* checking for file 'IRanges/DESCRIPTION' ... OK
* this is package 'IRanges' version '2.26.0'
* package encoding: UTF-8
* checking package namespace information ... OK
* checking package dependencies ... OK
* checking if this is a source package ... OK
* checking if there is a namespace ... OK
* checking for hidden files and directories ... OK
* checking for portable file names ... OK
* checking whether package 'IRanges' can be installed ... WARNING
Found the following significant warnings:
IRanges_constructor.c:43:6: warning: too many arguments for format [-Wformat-extra-args]
IRanges_constructor.c:66:6: warning: too many arguments for format [-Wformat-extra-args]
IRanges_constructor.c:86:6: warning: too many arguments for format [-Wformat-extra-args]
IRanges_constructor.c:98:5: warning: too many arguments for format [-Wformat-extra-args]
NCList.c:674:23: warning: '%d' directive writing between 1 and 11 bytes into a region of size 8 [-Wformat-overflow=]
Rd warning: C:/Users/biocbuild/bbs-3.13-bioc/tmpdir/RtmpagFfpO/R.INSTALLef83c4d60a6/IRanges/man/intra-range-methods.Rd:94: missing link 'RangesList'
Rd warning: C:/Users/biocbuild/bbs-3.13-bioc/tmpdir/RtmpagFfpO/R.INSTALLef83c4d60a6/IRanges/man/intra-range-methods.Rd:102: missing link 'RangesList'
Rd warning: C:/Users/biocbuild/bbs-3.13-bioc/tmpdir/RtmpagFfpO/R.INSTALLef83c4d60a6/IRanges/man/intra-range-methods.Rd:123: missing link 'RangesList'
Rd warning: C:/Users/biocbuild/bbs-3.13-bioc/tmpdir/RtmpagFfpO/R.INSTALLef83c4d60a6/IRanges/man/intra-range-methods.Rd:136: missing link 'RangesList'
Rd warning: C:/Users/biocbuild/bbs-3.13-bioc/tmpdir/RtmpagFfpO/R.INSTALLef83c4d60a6/IRanges/man/intra-range-methods.Rd:146: missing link 'RangesList'
Rd warning: C:/Users/biocbuild/bbs-3.13-bioc/tmpdir/RtmpagFfpO/R.INSTALLef83c4d60a6/IRanges/man/intra-range-methods.Rd:160: missing link 'RangesList'
Rd warning: C:/Users/biocbuild/bbs-3.13-bioc/tmpdir/RtmpagFfpO/R.INSTALLef83c4d60a6/IRanges/man/intra-range-methods.Rd:188: missing link 'RangesList'
Rd warning: C:/Users/biocbuild/bbs-3.13-bioc/tmpdir/RtmpagFfpO/R.INSTALLef83c4d60a6/IRanges/man/intra-range-methods.Rd:297: missing link 'RangesList'
See 'C:/Users/biocbuild/bbs-3.13-bioc/meat/IRanges.Rcheck/00install.out' for details.
* checking installed package size ... NOTE
installed size is 5.3Mb
sub-directories of 1Mb or more:
R 2.2Mb
help 2.0Mb
* checking package directory ... OK
* checking 'build' directory ... OK
* checking DESCRIPTION meta-information ... OK
* checking top-level files ... OK
* checking for left-over files ... OK
* checking index information ... OK
* checking package subdirectories ... OK
* checking R files for non-ASCII characters ... OK
* checking R files for syntax errors ... OK
* loading checks for arch 'i386'
** checking whether the package can be loaded ... OK
** checking whether the package can be loaded with stated dependencies ... OK
** checking whether the package can be unloaded cleanly ... OK
** checking whether the namespace can be loaded with stated dependencies ... OK
** checking whether the namespace can be unloaded cleanly ... OK
* loading checks for arch 'x64'
** checking whether the package can be loaded ... OK
** checking whether the package can be loaded with stated dependencies ... OK
** checking whether the package can be unloaded cleanly ... OK
** checking whether the namespace can be loaded with stated dependencies ... OK
** checking whether the namespace can be unloaded cleanly ... OK
* checking dependencies in R code ... OK
* checking S3 generic/method consistency ... OK
* checking replacement functions ... OK
* checking foreign function calls ... OK
* checking R code for possible problems ... NOTE
setCompressedListSummaryMethod : <anonymous>: no visible binding for
global variable 'C_fun'
setCompressedListWhichSummaryMethod : def: no visible binding for
global variable 'C_fun'
Undefined global functions or variables:
C_fun
* checking Rd files ... OK
* checking Rd metadata ... OK
* checking Rd cross-references ... WARNING
Missing link or links in documentation object 'IntegerRangesList-class.Rd':
'[IRanges]{RangesList}'
Missing link or links in documentation object 'intra-range-methods.Rd':
'RangesList'
See section 'Cross-references' in the 'Writing R Extensions' manual.
* checking for missing documentation entries ... WARNING
Undocumented code objects:
'%poutside%' '%pover%' '%pwithin%' 'cvg' 'heads' 'slidingIRanges'
'slidingViews' 'tails' 'windows'
Undocumented S4 classes:
'SimpleRangesList' 'IPosList' 'SimpleIPosList' 'Pos'
'CompressedIPosList' 'RangesList' 'BaseManyToManyGrouping' 'Ranges'
'CompressedRangesList' 'CompressedIntegerRangesList' 'SimplePosList'
'PosList' 'CompressedPosList'
Undocumented S4 methods:
generic 'anyDuplicated' and siglist 'RangesNSBS'
generic 'as.factor' and siglist 'ManyToOneGrouping'
generic 'as.integer' and siglist 'NormalIRanges'
generic 'as.integer' and siglist 'Pos'
generic 'as.integer' and siglist 'RangesNSBS'
generic 'cbind' and siglist 'Rle'
generic 'cbind' and siglist 'RleList'
generic 'chartr' and siglist 'ANY,ANY,CharacterList'
generic 'chartr' and siglist 'ANY,ANY,RleList'
generic 'coerce' and siglist 'ANY,IPosRanges'
generic 'coerce' and siglist 'AtomicList,RleViews'
generic 'coerce' and siglist 'IPosRanges,CompressedIntegerList'
generic 'coerce' and siglist 'IPosRanges,IntegerList'
generic 'coerce' and siglist 'IRanges,IPosList'
generic 'coerce' and siglist 'IntegerRanges,CompressedIPosList'
generic 'coerce' and siglist 'IntegerRanges,IPosList'
generic 'coerce' and siglist 'PartitioningByEnd,PartitioningMap'
generic 'coerce' and siglist 'factor,ManyToOneGrouping'
generic 'commonColnames<-' and siglist 'SplitDataFrameList'
generic 'cvg' and siglist 'IntegerRanges'
generic 'cvg' and siglist 'IntegerRangesList'
generic 'endsWith' and siglist 'CharacterList'
generic 'endsWith' and siglist 'RleList'
generic 'extractROWS' and siglist 'CompressedList,ANY'
generic 'extractROWS' and siglist 'IPos,ANY'
generic 'extractROWS' and siglist 'MaskCollection,ANY'
generic 'extractROWS' and siglist 'NormalIRanges,ANY'
generic 'extractROWS' and siglist 'Partitioning,ANY'
generic 'extractROWS' and siglist 'Rle,RangesNSBS'
generic 'extractROWS' and siglist 'vector_OR_factor,RangesNSBS'
generic 'getListElement' and siglist 'CompressedList'
generic 'getListElement' and siglist 'CompressedNormalIRangesList'
generic 'getListElement' and siglist 'H2LGrouping'
generic 'getListElement' and siglist 'MaskCollection'
generic 'getListElement' and siglist 'NCLists'
generic 'getListElement' and siglist 'Partitioning'
generic 'getListElement' and siglist 'Views'
generic 'gsub' and siglist 'ANY,ANY,CharacterList'
generic 'gsub' and siglist 'ANY,ANY,RleList'
generic 'ifelse2' and siglist 'ANY,List,List'
generic 'is.unsorted' and siglist 'CompressedIntegerList'
generic 'is.unsorted' and siglist 'CompressedLogicalList'
generic 'is.unsorted' and siglist 'CompressedNumericList'
generic 'isNormal' and siglist 'IntegerRanges'
generic 'length' and siglist 'RangesNSBS'
generic 'nchar' and siglist 'CharacterList'
generic 'nchar' and siglist 'RleList'
generic 'pcompareRecursively' and siglist 'IPosRanges'
generic 'range' and siglist 'CompressedRleList'
generic 'relist' and siglist 'grouping,missing'
generic 'replaceROWS' and siglist 'IRanges'
generic 'replaceROWS' and siglist 'NormalIRanges'
generic 'slidingWindows' and siglist 'IntegerRanges'
generic 'startsWith' and siglist 'CharacterList'
generic 'startsWith' and siglist 'RleList'
generic 'sub' and siglist 'ANY,ANY,CharacterList'
generic 'sub' and siglist 'ANY,ANY,RleList'
generic 'tile' and siglist 'IntegerRanges'
generic 'tolower' and siglist 'CharacterList'
generic 'tolower' and siglist 'RleList'
generic 'toupper' and siglist 'CharacterList'
generic 'toupper' and siglist 'RleList'
generic 'updateObject' and siglist 'CompressedList'
generic 'updateObject' and siglist 'IPosRanges'
generic 'whichFirstNotNormal' and siglist 'IntegerRanges'
generic 'windows' and siglist 'list_OR_List'
All user-level objects in a package (including S4 classes and methods)
should have documentation entries.
See chapter 'Writing R documentation files' in the 'Writing R
Extensions' manual.
* checking for code/documentation mismatches ... OK
* checking Rd \usage sections ... WARNING
Documented arguments not in \usage in documentation object 'nearest-methods':
'hits' '...'
Functions with \usage entries need to have the appropriate \alias
entries, and all their arguments documented.
The \usage entries must correspond to syntactically valid R code.
See chapter 'Writing R documentation files' in the 'Writing R
Extensions' manual.
* checking Rd contents ... OK
* checking for unstated dependencies in examples ... OK
* checking line endings in C/C++/Fortran sources/headers ... OK
* checking compiled code ... NOTE
Note: information on .o files for i386 is not available
Note: information on .o files for x64 is not available
File 'C:/Users/biocbuild/bbs-3.13-bioc/R/library/IRanges/libs/i386/IRanges.dll':
Found 'abort', possibly from 'abort' (C), 'runtime' (Fortran)
File 'C:/Users/biocbuild/bbs-3.13-bioc/R/library/IRanges/libs/x64/IRanges.dll':
Found 'abort', possibly from 'abort' (C), 'runtime' (Fortran)
Compiled code should not call entry points which might terminate R nor
write to stdout/stderr instead of to the console, nor use Fortran I/O
nor system RNGs. The detected symbols are linked into the code but
might come from libraries and not actually be called.
See 'Writing portable packages' in the 'Writing R Extensions' manual.
* checking files in 'vignettes' ... OK
* checking examples ...
** running examples for arch 'i386' ... OK
Examples with CPU (user + system) or elapsed time > 5s
user system elapsed
IPos-class 6.64 0.69 7.33
read.Mask 0.07 0.00 9.97
** running examples for arch 'x64' ... OK
Examples with CPU (user + system) or elapsed time > 5s
user system elapsed
IPos-class 8.2 0.32 8.53
* checking for unstated dependencies in 'tests' ... OK
* checking tests ...
** running tests for arch 'i386' ...
Running 'run_unitTests.R'
OK
** running tests for arch 'x64' ...
Running 'run_unitTests.R'
OK
* checking for unstated dependencies in vignettes ... OK
* checking package vignettes in 'inst/doc' ... OK
* checking running R code from vignettes ... SKIPPED
* checking re-building of vignette outputs ... SKIPPED
* checking PDF version of manual ... OK
* DONE
Status: 4 WARNINGs, 3 NOTEs
See
'C:/Users/biocbuild/bbs-3.13-bioc/meat/IRanges.Rcheck/00check.log'
for details.
IRanges.Rcheck/00install.out
##############################################################################
##############################################################################
###
### Running command:
###
### C:\cygwin\bin\curl.exe -O http://155.52.207.165/BBS/3.13/bioc/src/contrib/IRanges_2.26.0.tar.gz && rm -rf IRanges.buildbin-libdir && mkdir IRanges.buildbin-libdir && C:\Users\biocbuild\bbs-3.13-bioc\R\bin\R.exe CMD INSTALL --merge-multiarch --build --library=IRanges.buildbin-libdir IRanges_2.26.0.tar.gz && C:\Users\biocbuild\bbs-3.13-bioc\R\bin\R.exe CMD INSTALL IRanges_2.26.0.zip && rm IRanges_2.26.0.tar.gz IRanges_2.26.0.zip
###
##############################################################################
##############################################################################
% Total % Received % Xferd Average Speed Time Time Time Current
Dload Upload Total Spent Left Speed
0 0 0 0 0 0 0 0 --:--:-- --:--:-- --:--:-- 0
100 256k 100 256k 0 0 972k 0 --:--:-- --:--:-- --:--:-- 976k
install for i386
* installing *source* package 'IRanges' ...
** using staged installation
** libs
"C:/rtools40/mingw32/bin/"gcc -I"C:/Users/BIOCBU~1/BBS-3~1.13-/R/include" -DNDEBUG -I'C:/Users/biocbuild/bbs-3.13-bioc/R/library/S4Vectors/include' -I"c:/extsoft/include" -O2 -Wall -std=gnu99 -mfpmath=sse -msse2 -mstackrealign -c CompressedAtomicList_utils.c -o CompressedAtomicList_utils.o
"C:/rtools40/mingw32/bin/"gcc -I"C:/Users/BIOCBU~1/BBS-3~1.13-/R/include" -DNDEBUG -I'C:/Users/biocbuild/bbs-3.13-bioc/R/library/S4Vectors/include' -I"c:/extsoft/include" -O2 -Wall -std=gnu99 -mfpmath=sse -msse2 -mstackrealign -c CompressedIRangesList_class.c -o CompressedIRangesList_class.o
"C:/rtools40/mingw32/bin/"gcc -I"C:/Users/BIOCBU~1/BBS-3~1.13-/R/include" -DNDEBUG -I'C:/Users/biocbuild/bbs-3.13-bioc/R/library/S4Vectors/include' -I"c:/extsoft/include" -O2 -Wall -std=gnu99 -mfpmath=sse -msse2 -mstackrealign -c CompressedList_class.c -o CompressedList_class.o
"C:/rtools40/mingw32/bin/"gcc -I"C:/Users/BIOCBU~1/BBS-3~1.13-/R/include" -DNDEBUG -I'C:/Users/biocbuild/bbs-3.13-bioc/R/library/S4Vectors/include' -I"c:/extsoft/include" -O2 -Wall -std=gnu99 -mfpmath=sse -msse2 -mstackrealign -c Grouping_class.c -o Grouping_class.o
"C:/rtools40/mingw32/bin/"gcc -I"C:/Users/BIOCBU~1/BBS-3~1.13-/R/include" -DNDEBUG -I'C:/Users/biocbuild/bbs-3.13-bioc/R/library/S4Vectors/include' -I"c:/extsoft/include" -O2 -Wall -std=gnu99 -mfpmath=sse -msse2 -mstackrealign -c IPosRanges_comparison.c -o IPosRanges_comparison.o
"C:/rtools40/mingw32/bin/"gcc -I"C:/Users/BIOCBU~1/BBS-3~1.13-/R/include" -DNDEBUG -I'C:/Users/biocbuild/bbs-3.13-bioc/R/library/S4Vectors/include' -I"c:/extsoft/include" -O2 -Wall -std=gnu99 -mfpmath=sse -msse2 -mstackrealign -c IRanges_class.c -o IRanges_class.o
"C:/rtools40/mingw32/bin/"gcc -I"C:/Users/BIOCBU~1/BBS-3~1.13-/R/include" -DNDEBUG -I'C:/Users/biocbuild/bbs-3.13-bioc/R/library/S4Vectors/include' -I"c:/extsoft/include" -O2 -Wall -std=gnu99 -mfpmath=sse -msse2 -mstackrealign -c IRanges_constructor.c -o IRanges_constructor.o
IRanges_constructor.c: In function 'solve_range':
IRanges_constructor.c:43:22: warning: unknown conversion type character 'l' in format [-Wformat=]
"the 'width' (%lld) inferred from the "
^
IRanges_constructor.c:43:6: warning: too many arguments for format [-Wformat-extra-args]
"the 'width' (%lld) inferred from the "
^~~~~~~~~~~~~~~~~~~~~~~~~~~~~~~~~~~~~~~
IRanges_constructor.c:66:22: warning: unknown conversion type character 'l' in format [-Wformat=]
"the 'start' (%lld) inferred from the "
^
IRanges_constructor.c:66:6: warning: too many arguments for format [-Wformat-extra-args]
"the 'start' (%lld) inferred from the "
^~~~~~~~~~~~~~~~~~~~~~~~~~~~~~~~~~~~~~~
IRanges_constructor.c:86:20: warning: unknown conversion type character 'l' in format [-Wformat=]
"the 'end' (%lld) inferred from the "
^
IRanges_constructor.c:86:6: warning: too many arguments for format [-Wformat-extra-args]
"the 'end' (%lld) inferred from the "
^~~~~~~~~~~~~~~~~~~~~~~~~~~~~~~~~~~~~
IRanges_constructor.c:98:5: warning: unknown conversion type character 'l' in format [-Wformat=]
"the supplied 'width' (%d) doesn't match "
^~~~~~~~~~~~~~~~~~~~~~~~~~~~~~~~~~~~~~~~~~
IRanges_constructor.c:100:27: note: format string is defined here
"'start' and 'end' (%lld)", width, tmp);
^
IRanges_constructor.c:98:5: warning: too many arguments for format [-Wformat-extra-args]
"the supplied 'width' (%d) doesn't match "
^~~~~~~~~~~~~~~~~~~~~~~~~~~~~~~~~~~~~~~~~~
"C:/rtools40/mingw32/bin/"gcc -I"C:/Users/BIOCBU~1/BBS-3~1.13-/R/include" -DNDEBUG -I'C:/Users/biocbuild/bbs-3.13-bioc/R/library/S4Vectors/include' -I"c:/extsoft/include" -O2 -Wall -std=gnu99 -mfpmath=sse -msse2 -mstackrealign -c NCList.c -o NCList.o
NCList.c:1173:13: warning: 'NCList_get_y_overlaps_rec' defined but not used [-Wunused-function]
static void NCList_get_y_overlaps_rec(const NCList *x_nclist,
^~~~~~~~~~~~~~~~~~~~~~~~~
NCList.c:202:22: warning: 'next_top_down' defined but not used [-Wunused-function]
static const NCList *next_top_down(const NCList *nclist)
^~~~~~~~~~~~~
NCList.c: In function 'C_print_NCListAsINTSXP':
NCList.c:674:23: warning: '%d' directive writing between 1 and 11 bytes into a region of size 8 [-Wformat-overflow=]
sprintf(format, "%c0%d%c", '%', max_digits, 'd');
^~
NCList.c:674:19: note: directive argument in the range [-2147483647, 2147483647]
sprintf(format, "%c0%d%c", '%', max_digits, 'd');
^~~~~~~~~
NCList.c:674:3: note: 'sprintf' output between 5 and 15 bytes into a destination of size 10
sprintf(format, "%c0%d%c", '%', max_digits, 'd');
^~~~~~~~~~~~~~~~~~~~~~~~~~~~~~~~~~~~~~~~~~~~~~~~
NCList.c: In function 'C_find_overlaps_in_groups_NCList':
NCList.c:1546:7: warning: 'ans' may be used uninitialized in this function [-Wmaybe-uninitialized]
SEXP ans;
^~~
"C:/rtools40/mingw32/bin/"gcc -I"C:/Users/BIOCBU~1/BBS-3~1.13-/R/include" -DNDEBUG -I'C:/Users/biocbuild/bbs-3.13-bioc/R/library/S4Vectors/include' -I"c:/extsoft/include" -O2 -Wall -std=gnu99 -mfpmath=sse -msse2 -mstackrealign -c R_init_IRanges.c -o R_init_IRanges.o
"C:/rtools40/mingw32/bin/"gcc -I"C:/Users/BIOCBU~1/BBS-3~1.13-/R/include" -DNDEBUG -I'C:/Users/biocbuild/bbs-3.13-bioc/R/library/S4Vectors/include' -I"c:/extsoft/include" -O2 -Wall -std=gnu99 -mfpmath=sse -msse2 -mstackrealign -c Ranges_class.c -o Ranges_class.o
"C:/rtools40/mingw32/bin/"gcc -I"C:/Users/BIOCBU~1/BBS-3~1.13-/R/include" -DNDEBUG -I'C:/Users/biocbuild/bbs-3.13-bioc/R/library/S4Vectors/include' -I"c:/extsoft/include" -O2 -Wall -std=gnu99 -mfpmath=sse -msse2 -mstackrealign -c RleViews_utils.c -o RleViews_utils.o
"C:/rtools40/mingw32/bin/"gcc -I"C:/Users/BIOCBU~1/BBS-3~1.13-/R/include" -DNDEBUG -I'C:/Users/biocbuild/bbs-3.13-bioc/R/library/S4Vectors/include' -I"c:/extsoft/include" -O2 -Wall -std=gnu99 -mfpmath=sse -msse2 -mstackrealign -c S4Vectors_stubs.c -o S4Vectors_stubs.o
"C:/rtools40/mingw32/bin/"gcc -I"C:/Users/BIOCBU~1/BBS-3~1.13-/R/include" -DNDEBUG -I'C:/Users/biocbuild/bbs-3.13-bioc/R/library/S4Vectors/include' -I"c:/extsoft/include" -O2 -Wall -std=gnu99 -mfpmath=sse -msse2 -mstackrealign -c SimpleIRangesList_class.c -o SimpleIRangesList_class.o
"C:/rtools40/mingw32/bin/"gcc -I"C:/Users/BIOCBU~1/BBS-3~1.13-/R/include" -DNDEBUG -I'C:/Users/biocbuild/bbs-3.13-bioc/R/library/S4Vectors/include' -I"c:/extsoft/include" -O2 -Wall -std=gnu99 -mfpmath=sse -msse2 -mstackrealign -c coverage_methods.c -o coverage_methods.o
coverage_methods.c: In function 'compute_coverage_from_IRanges_holder':
coverage_methods.c:579:28: warning: 'x_end' may be used uninitialized in this function [-Wmaybe-uninitialized]
if (*out_ranges_are_tiles && x_end != cvg_len)
~~~~~~~~~~~~~~~~~~~~~~^~~~~~~~~~~~~~~~~~~
coverage_methods.c:495:21: note: 'x_end' was declared here
i, j, x_start, x_end, shift_elt, tmp;
^~~~~
"C:/rtools40/mingw32/bin/"gcc -I"C:/Users/BIOCBU~1/BBS-3~1.13-/R/include" -DNDEBUG -I'C:/Users/biocbuild/bbs-3.13-bioc/R/library/S4Vectors/include' -I"c:/extsoft/include" -O2 -Wall -std=gnu99 -mfpmath=sse -msse2 -mstackrealign -c extractListFragments.c -o extractListFragments.o
extractListFragments.c: In function 'C_find_partition_overlaps':
extractListFragments.c:66:5: warning: 'split_partitions_buf' may be used uninitialized in this function [-Wmaybe-uninitialized]
IntAE_insert_at(split_partitions_buf,
^~~~~~~~~~~~~~~~~~~~~~~~~~~~~~~~~~~~~
IntAE_get_nelt(split_partitions_buf),
~~~~~~~~~~~~~~~~~~~~~~~~~~~~~~~~~~~~~
q_prev_end);
~~~~~~~~~~~
"C:/rtools40/mingw32/bin/"gcc -I"C:/Users/BIOCBU~1/BBS-3~1.13-/R/include" -DNDEBUG -I'C:/Users/biocbuild/bbs-3.13-bioc/R/library/S4Vectors/include' -I"c:/extsoft/include" -O2 -Wall -std=gnu99 -mfpmath=sse -msse2 -mstackrealign -c inter_range_methods.c -o inter_range_methods.o
C:/rtools40/mingw32/bin/gcc -shared -s -static-libgcc -o IRanges.dll tmp.def CompressedAtomicList_utils.o CompressedIRangesList_class.o CompressedList_class.o Grouping_class.o IPosRanges_comparison.o IRanges_class.o IRanges_constructor.o NCList.o R_init_IRanges.o Ranges_class.o RleViews_utils.o S4Vectors_stubs.o SimpleIRangesList_class.o coverage_methods.o extractListFragments.o inter_range_methods.o -Lc:/extsoft/lib/i386 -Lc:/extsoft/lib -LC:/Users/BIOCBU~1/BBS-3~1.13-/R/bin/i386 -lR
installing to C:/Users/biocbuild/bbs-3.13-bioc/meat/IRanges.buildbin-libdir/00LOCK-IRanges/00new/IRanges/libs/i386
** R
** inst
** byte-compile and prepare package for lazy loading
Creating a generic function for 'drop' from package 'base' in package 'IRanges'
Creating a generic function for 'runmed' from package 'stats' in package 'IRanges'
Creating a generic function for 'chartr' from package 'base' in package 'IRanges'
Creating a generic function for 'toupper' from package 'base' in package 'IRanges'
Creating a generic function for 'tolower' from package 'base' in package 'IRanges'
Creating a generic function for 'sub' from package 'base' in package 'IRanges'
Creating a generic function for 'gsub' from package 'base' in package 'IRanges'
Creating a generic function for 'startsWith' from package 'base' in package 'IRanges'
Creating a generic function for 'endsWith' from package 'base' in package 'IRanges'
Creating a generic function for 'smoothEnds' from package 'stats' in package 'IRanges'
Creating a new generic function for 'windows' in package 'IRanges'
** help
*** installing help indices
converting help for package 'IRanges'
finding HTML links ... done
AtomicList-class html
finding level-2 HTML links ... done
AtomicList-utils html
CompressedHitsList-class html
CompressedList-class html
DataFrameList-class html
REDIRECT:topic Previous alias or file overwritten by alias: C:/Users/biocbuild/bbs-3.13-bioc/meat/IRanges.buildbin-libdir/00LOCK-IRanges/00new/IRanges/help/NROW+2CDataFrameList-method.html
REDIRECT:topic Previous alias or file overwritten by alias: C:/Users/biocbuild/bbs-3.13-bioc/meat/IRanges.buildbin-libdir/00LOCK-IRanges/00new/IRanges/help/ROWNAMES+2CDataFrameList-method.html
Grouping-class html
Hits-class-leftovers html
IPos-class html
IPosRanges-class html
IPosRanges-comparison html
IRanges-class html
IRanges-constructor html
IRanges-internals html
IRanges-utils html
IRangesList-class html
REDIRECT:topic Previous alias or file overwritten by alias: C:/Users/biocbuild/bbs-3.13-bioc/meat/IRanges.buildbin-libdir/00LOCK-IRanges/00new/IRanges/help/coerce+2CList+2CCompressedIRangesList-method.html
REDIRECT:topic Previous alias or file overwritten by alias: C:/Users/biocbuild/bbs-3.13-bioc/meat/IRanges.buildbin-libdir/00LOCK-IRanges/00new/IRanges/help/coerce+2CList+2CSimpleIRangesList-method.html
REDIRECT:topic Previous alias or file overwritten by alias: C:/Users/biocbuild/bbs-3.13-bioc/meat/IRanges.buildbin-libdir/00LOCK-IRanges/00new/IRanges/help/coerce+2CList+2CIRangesList-method.html
IntegerRanges-class html
IntegerRangesList-class html
MaskCollection-class html
NCList-class html
RangedSelection-class html
Rle-class-leftovers html
RleViews-class html
RleViewsList-class html
Vector-class-leftovers html
REDIRECT:topic Previous alias or file overwritten by alias: C:/Users/biocbuild/bbs-3.13-bioc/meat/IRanges.buildbin-libdir/00LOCK-IRanges/00new/IRanges/help/window+3C-+2Cvector-method.html
REDIRECT:topic Previous alias or file overwritten by alias: C:/Users/biocbuild/bbs-3.13-bioc/meat/IRanges.buildbin-libdir/00LOCK-IRanges/00new/IRanges/help/window+3C-.vector.html
Views-class html
ViewsList-class html
coverage-methods html
extractList html
extractListFragments html
findOverlaps-methods html
inter-range-methods html
intra-range-methods html
Rd warning: C:/Users/biocbuild/bbs-3.13-bioc/tmpdir/RtmpagFfpO/R.INSTALLef83c4d60a6/IRanges/man/intra-range-methods.Rd:94: missing link 'RangesList'
Rd warning: C:/Users/biocbuild/bbs-3.13-bioc/tmpdir/RtmpagFfpO/R.INSTALLef83c4d60a6/IRanges/man/intra-range-methods.Rd:102: missing link 'RangesList'
Rd warning: C:/Users/biocbuild/bbs-3.13-bioc/tmpdir/RtmpagFfpO/R.INSTALLef83c4d60a6/IRanges/man/intra-range-methods.Rd:123: missing link 'RangesList'
Rd warning: C:/Users/biocbuild/bbs-3.13-bioc/tmpdir/RtmpagFfpO/R.INSTALLef83c4d60a6/IRanges/man/intra-range-methods.Rd:136: missing link 'RangesList'
Rd warning: C:/Users/biocbuild/bbs-3.13-bioc/tmpdir/RtmpagFfpO/R.INSTALLef83c4d60a6/IRanges/man/intra-range-methods.Rd:146: missing link 'RangesList'
Rd warning: C:/Users/biocbuild/bbs-3.13-bioc/tmpdir/RtmpagFfpO/R.INSTALLef83c4d60a6/IRanges/man/intra-range-methods.Rd:160: missing link 'RangesList'
Rd warning: C:/Users/biocbuild/bbs-3.13-bioc/tmpdir/RtmpagFfpO/R.INSTALLef83c4d60a6/IRanges/man/intra-range-methods.Rd:188: missing link 'RangesList'
Rd warning: C:/Users/biocbuild/bbs-3.13-bioc/tmpdir/RtmpagFfpO/R.INSTALLef83c4d60a6/IRanges/man/intra-range-methods.Rd:297: missing link 'RangesList'
multisplit html
nearest-methods html
range-squeezers html
read.Mask html
reverse-methods html
seqapply html
setops-methods html
slice-methods html
view-summarization-methods html
** building package indices
** installing vignettes
** testing if installed package can be loaded from temporary location
** testing if installed package can be loaded from final location
** testing if installed package keeps a record of temporary installation path
install for x64
* installing *source* package 'IRanges' ...
** libs
"C:/rtools40/mingw64/bin/"gcc -I"C:/Users/BIOCBU~1/BBS-3~1.13-/R/include" -DNDEBUG -I'C:/Users/biocbuild/bbs-3.13-bioc/R/library/S4Vectors/include' -I"C:/extsoft/include" -O2 -Wall -std=gnu99 -mfpmath=sse -msse2 -mstackrealign -c CompressedAtomicList_utils.c -o CompressedAtomicList_utils.o
"C:/rtools40/mingw64/bin/"gcc -I"C:/Users/BIOCBU~1/BBS-3~1.13-/R/include" -DNDEBUG -I'C:/Users/biocbuild/bbs-3.13-bioc/R/library/S4Vectors/include' -I"C:/extsoft/include" -O2 -Wall -std=gnu99 -mfpmath=sse -msse2 -mstackrealign -c CompressedIRangesList_class.c -o CompressedIRangesList_class.o
"C:/rtools40/mingw64/bin/"gcc -I"C:/Users/BIOCBU~1/BBS-3~1.13-/R/include" -DNDEBUG -I'C:/Users/biocbuild/bbs-3.13-bioc/R/library/S4Vectors/include' -I"C:/extsoft/include" -O2 -Wall -std=gnu99 -mfpmath=sse -msse2 -mstackrealign -c CompressedList_class.c -o CompressedList_class.o
"C:/rtools40/mingw64/bin/"gcc -I"C:/Users/BIOCBU~1/BBS-3~1.13-/R/include" -DNDEBUG -I'C:/Users/biocbuild/bbs-3.13-bioc/R/library/S4Vectors/include' -I"C:/extsoft/include" -O2 -Wall -std=gnu99 -mfpmath=sse -msse2 -mstackrealign -c Grouping_class.c -o Grouping_class.o
"C:/rtools40/mingw64/bin/"gcc -I"C:/Users/BIOCBU~1/BBS-3~1.13-/R/include" -DNDEBUG -I'C:/Users/biocbuild/bbs-3.13-bioc/R/library/S4Vectors/include' -I"C:/extsoft/include" -O2 -Wall -std=gnu99 -mfpmath=sse -msse2 -mstackrealign -c IPosRanges_comparison.c -o IPosRanges_comparison.o
"C:/rtools40/mingw64/bin/"gcc -I"C:/Users/BIOCBU~1/BBS-3~1.13-/R/include" -DNDEBUG -I'C:/Users/biocbuild/bbs-3.13-bioc/R/library/S4Vectors/include' -I"C:/extsoft/include" -O2 -Wall -std=gnu99 -mfpmath=sse -msse2 -mstackrealign -c IRanges_class.c -o IRanges_class.o
"C:/rtools40/mingw64/bin/"gcc -I"C:/Users/BIOCBU~1/BBS-3~1.13-/R/include" -DNDEBUG -I'C:/Users/biocbuild/bbs-3.13-bioc/R/library/S4Vectors/include' -I"C:/extsoft/include" -O2 -Wall -std=gnu99 -mfpmath=sse -msse2 -mstackrealign -c IRanges_constructor.c -o IRanges_constructor.o
IRanges_constructor.c: In function 'solve_range':
IRanges_constructor.c:43:22: warning: unknown conversion type character 'l' in format [-Wformat=]
"the 'width' (%lld) inferred from the "
^
IRanges_constructor.c:43:6: warning: too many arguments for format [-Wformat-extra-args]
"the 'width' (%lld) inferred from the "
^~~~~~~~~~~~~~~~~~~~~~~~~~~~~~~~~~~~~~~
IRanges_constructor.c:66:22: warning: unknown conversion type character 'l' in format [-Wformat=]
"the 'start' (%lld) inferred from the "
^
IRanges_constructor.c:66:6: warning: too many arguments for format [-Wformat-extra-args]
"the 'start' (%lld) inferred from the "
^~~~~~~~~~~~~~~~~~~~~~~~~~~~~~~~~~~~~~~
IRanges_constructor.c:86:20: warning: unknown conversion type character 'l' in format [-Wformat=]
"the 'end' (%lld) inferred from the "
^
IRanges_constructor.c:86:6: warning: too many arguments for format [-Wformat-extra-args]
"the 'end' (%lld) inferred from the "
^~~~~~~~~~~~~~~~~~~~~~~~~~~~~~~~~~~~~
IRanges_constructor.c:98:5: warning: unknown conversion type character 'l' in format [-Wformat=]
"the supplied 'width' (%d) doesn't match "
^~~~~~~~~~~~~~~~~~~~~~~~~~~~~~~~~~~~~~~~~~
IRanges_constructor.c:100:27: note: format string is defined here
"'start' and 'end' (%lld)", width, tmp);
^
IRanges_constructor.c:98:5: warning: too many arguments for format [-Wformat-extra-args]
"the supplied 'width' (%d) doesn't match "
^~~~~~~~~~~~~~~~~~~~~~~~~~~~~~~~~~~~~~~~~~
"C:/rtools40/mingw64/bin/"gcc -I"C:/Users/BIOCBU~1/BBS-3~1.13-/R/include" -DNDEBUG -I'C:/Users/biocbuild/bbs-3.13-bioc/R/library/S4Vectors/include' -I"C:/extsoft/include" -O2 -Wall -std=gnu99 -mfpmath=sse -msse2 -mstackrealign -c NCList.c -o NCList.o
NCList.c:1173:13: warning: 'NCList_get_y_overlaps_rec' defined but not used [-Wunused-function]
static void NCList_get_y_overlaps_rec(const NCList *x_nclist,
^~~~~~~~~~~~~~~~~~~~~~~~~
NCList.c:202:22: warning: 'next_top_down' defined but not used [-Wunused-function]
static const NCList *next_top_down(const NCList *nclist)
^~~~~~~~~~~~~
NCList.c: In function 'C_print_NCListAsINTSXP':
NCList.c:674:23: warning: '%d' directive writing between 1 and 11 bytes into a region of size 8 [-Wformat-overflow=]
sprintf(format, "%c0%d%c", '%', max_digits, 'd');
^~
NCList.c:674:19: note: directive argument in the range [-2147483647, 2147483647]
sprintf(format, "%c0%d%c", '%', max_digits, 'd');
^~~~~~~~~
NCList.c:674:3: note: 'sprintf' output between 5 and 15 bytes into a destination of size 10
sprintf(format, "%c0%d%c", '%', max_digits, 'd');
^~~~~~~~~~~~~~~~~~~~~~~~~~~~~~~~~~~~~~~~~~~~~~~~
"C:/rtools40/mingw64/bin/"gcc -I"C:/Users/BIOCBU~1/BBS-3~1.13-/R/include" -DNDEBUG -I'C:/Users/biocbuild/bbs-3.13-bioc/R/library/S4Vectors/include' -I"C:/extsoft/include" -O2 -Wall -std=gnu99 -mfpmath=sse -msse2 -mstackrealign -c R_init_IRanges.c -o R_init_IRanges.o
"C:/rtools40/mingw64/bin/"gcc -I"C:/Users/BIOCBU~1/BBS-3~1.13-/R/include" -DNDEBUG -I'C:/Users/biocbuild/bbs-3.13-bioc/R/library/S4Vectors/include' -I"C:/extsoft/include" -O2 -Wall -std=gnu99 -mfpmath=sse -msse2 -mstackrealign -c Ranges_class.c -o Ranges_class.o
"C:/rtools40/mingw64/bin/"gcc -I"C:/Users/BIOCBU~1/BBS-3~1.13-/R/include" -DNDEBUG -I'C:/Users/biocbuild/bbs-3.13-bioc/R/library/S4Vectors/include' -I"C:/extsoft/include" -O2 -Wall -std=gnu99 -mfpmath=sse -msse2 -mstackrealign -c RleViews_utils.c -o RleViews_utils.o
"C:/rtools40/mingw64/bin/"gcc -I"C:/Users/BIOCBU~1/BBS-3~1.13-/R/include" -DNDEBUG -I'C:/Users/biocbuild/bbs-3.13-bioc/R/library/S4Vectors/include' -I"C:/extsoft/include" -O2 -Wall -std=gnu99 -mfpmath=sse -msse2 -mstackrealign -c S4Vectors_stubs.c -o S4Vectors_stubs.o
"C:/rtools40/mingw64/bin/"gcc -I"C:/Users/BIOCBU~1/BBS-3~1.13-/R/include" -DNDEBUG -I'C:/Users/biocbuild/bbs-3.13-bioc/R/library/S4Vectors/include' -I"C:/extsoft/include" -O2 -Wall -std=gnu99 -mfpmath=sse -msse2 -mstackrealign -c SimpleIRangesList_class.c -o SimpleIRangesList_class.o
"C:/rtools40/mingw64/bin/"gcc -I"C:/Users/BIOCBU~1/BBS-3~1.13-/R/include" -DNDEBUG -I'C:/Users/biocbuild/bbs-3.13-bioc/R/library/S4Vectors/include' -I"C:/extsoft/include" -O2 -Wall -std=gnu99 -mfpmath=sse -msse2 -mstackrealign -c coverage_methods.c -o coverage_methods.o
coverage_methods.c: In function 'compute_coverage_from_IRanges_holder':
coverage_methods.c:579:28: warning: 'x_end' may be used uninitialized in this function [-Wmaybe-uninitialized]
if (*out_ranges_are_tiles && x_end != cvg_len)
~~~~~~~~~~~~~~~~~~~~~~^~~~~~~~~~~~~~~~~~~
coverage_methods.c:495:21: note: 'x_end' was declared here
i, j, x_start, x_end, shift_elt, tmp;
^~~~~
"C:/rtools40/mingw64/bin/"gcc -I"C:/Users/BIOCBU~1/BBS-3~1.13-/R/include" -DNDEBUG -I'C:/Users/biocbuild/bbs-3.13-bioc/R/library/S4Vectors/include' -I"C:/extsoft/include" -O2 -Wall -std=gnu99 -mfpmath=sse -msse2 -mstackrealign -c extractListFragments.c -o extractListFragments.o
extractListFragments.c: In function 'C_find_partition_overlaps':
extractListFragments.c:66:5: warning: 'split_partitions_buf' may be used uninitialized in this function [-Wmaybe-uninitialized]
IntAE_insert_at(split_partitions_buf,
^~~~~~~~~~~~~~~~~~~~~~~~~~~~~~~~~~~~~
IntAE_get_nelt(split_partitions_buf),
~~~~~~~~~~~~~~~~~~~~~~~~~~~~~~~~~~~~~
q_prev_end);
~~~~~~~~~~~
"C:/rtools40/mingw64/bin/"gcc -I"C:/Users/BIOCBU~1/BBS-3~1.13-/R/include" -DNDEBUG -I'C:/Users/biocbuild/bbs-3.13-bioc/R/library/S4Vectors/include' -I"C:/extsoft/include" -O2 -Wall -std=gnu99 -mfpmath=sse -msse2 -mstackrealign -c inter_range_methods.c -o inter_range_methods.o
C:/rtools40/mingw64/bin/gcc -shared -s -static-libgcc -o IRanges.dll tmp.def CompressedAtomicList_utils.o CompressedIRangesList_class.o CompressedList_class.o Grouping_class.o IPosRanges_comparison.o IRanges_class.o IRanges_constructor.o NCList.o R_init_IRanges.o Ranges_class.o RleViews_utils.o S4Vectors_stubs.o SimpleIRangesList_class.o coverage_methods.o extractListFragments.o inter_range_methods.o -LC:/extsoft/lib/x64 -LC:/extsoft/lib -LC:/Users/BIOCBU~1/BBS-3~1.13-/R/bin/x64 -lR
installing to C:/Users/biocbuild/bbs-3.13-bioc/meat/IRanges.buildbin-libdir/IRanges/libs/x64
** testing if installed package can be loaded
* MD5 sums
packaged installation of 'IRanges' as IRanges_2.26.0.zip
* DONE (IRanges)
* installing to library 'C:/Users/biocbuild/bbs-3.13-bioc/R/library'
package 'IRanges' successfully unpacked and MD5 sums checked
|
IRanges.Rcheck/tests_i386/run_unitTests.Rout
R version 4.1.1 (2021-08-10) -- "Kick Things"
Copyright (C) 2021 The R Foundation for Statistical Computing
Platform: i386-w64-mingw32/i386 (32-bit)
R is free software and comes with ABSOLUTELY NO WARRANTY.
You are welcome to redistribute it under certain conditions.
Type 'license()' or 'licence()' for distribution details.
R is a collaborative project with many contributors.
Type 'contributors()' for more information and
'citation()' on how to cite R or R packages in publications.
Type 'demo()' for some demos, 'help()' for on-line help, or
'help.start()' for an HTML browser interface to help.
Type 'q()' to quit R.
> require("IRanges") || stop("unable to load IRanges package")
Loading required package: IRanges
Loading required package: BiocGenerics
Loading required package: parallel
Attaching package: 'BiocGenerics'
The following objects are masked from 'package:parallel':
clusterApply, clusterApplyLB, clusterCall, clusterEvalQ,
clusterExport, clusterMap, parApply, parCapply, parLapply,
parLapplyLB, parRapply, parSapply, parSapplyLB
The following objects are masked from 'package:stats':
IQR, mad, sd, var, xtabs
The following objects are masked from 'package:base':
Filter, Find, Map, Position, Reduce, anyDuplicated, append,
as.data.frame, basename, cbind, colnames, dirname, do.call,
duplicated, eval, evalq, get, grep, grepl, intersect, is.unsorted,
lapply, mapply, match, mget, order, paste, pmax, pmax.int, pmin,
pmin.int, rank, rbind, rownames, sapply, setdiff, sort, table,
tapply, union, unique, unsplit, which.max, which.min
Loading required package: S4Vectors
Loading required package: stats4
Attaching package: 'S4Vectors'
The following objects are masked from 'package:base':
I, expand.grid, unname
Attaching package: 'IRanges'
The following object is masked from 'package:grDevices':
windows
[1] TRUE
> IRanges:::.test()
RUNIT TEST PROTOCOL -- Fri Oct 15 00:56:43 2021
***********************************************
Number of test functions: 98
Number of errors: 0
Number of failures: 0
1 Test Suite :
IRanges RUnit Tests - 98 test functions, 0 errors, 0 failures
Number of test functions: 98
Number of errors: 0
Number of failures: 0
Warning messages:
1: In recycleListElements(e1, en) :
Some element lengths are not multiples of their corresponding element length in e1
2: In x + y :
longer object length is not a multiple of shorter object length
3: In recycleListElements(e1, en) :
Some element lengths are not multiples of their corresponding element length in e1
4: In x + y :
longer object length is not a multiple of shorter object length
>
> proc.time()
user system elapsed
88.29 0.23 89.71
|
IRanges.Rcheck/tests_x64/run_unitTests.Rout
R version 4.1.1 (2021-08-10) -- "Kick Things"
Copyright (C) 2021 The R Foundation for Statistical Computing
Platform: x86_64-w64-mingw32/x64 (64-bit)
R is free software and comes with ABSOLUTELY NO WARRANTY.
You are welcome to redistribute it under certain conditions.
Type 'license()' or 'licence()' for distribution details.
R is a collaborative project with many contributors.
Type 'contributors()' for more information and
'citation()' on how to cite R or R packages in publications.
Type 'demo()' for some demos, 'help()' for on-line help, or
'help.start()' for an HTML browser interface to help.
Type 'q()' to quit R.
> require("IRanges") || stop("unable to load IRanges package")
Loading required package: IRanges
Loading required package: BiocGenerics
Loading required package: parallel
Attaching package: 'BiocGenerics'
The following objects are masked from 'package:parallel':
clusterApply, clusterApplyLB, clusterCall, clusterEvalQ,
clusterExport, clusterMap, parApply, parCapply, parLapply,
parLapplyLB, parRapply, parSapply, parSapplyLB
The following objects are masked from 'package:stats':
IQR, mad, sd, var, xtabs
The following objects are masked from 'package:base':
Filter, Find, Map, Position, Reduce, anyDuplicated, append,
as.data.frame, basename, cbind, colnames, dirname, do.call,
duplicated, eval, evalq, get, grep, grepl, intersect, is.unsorted,
lapply, mapply, match, mget, order, paste, pmax, pmax.int, pmin,
pmin.int, rank, rbind, rownames, sapply, setdiff, sort, table,
tapply, union, unique, unsplit, which.max, which.min
Loading required package: S4Vectors
Loading required package: stats4
Attaching package: 'S4Vectors'
The following objects are masked from 'package:base':
I, expand.grid, unname
Attaching package: 'IRanges'
The following object is masked from 'package:grDevices':
windows
[1] TRUE
> IRanges:::.test()
RUNIT TEST PROTOCOL -- Fri Oct 15 00:58:34 2021
***********************************************
Number of test functions: 98
Number of errors: 0
Number of failures: 0
1 Test Suite :
IRanges RUnit Tests - 98 test functions, 0 errors, 0 failures
Number of test functions: 98
Number of errors: 0
Number of failures: 0
Warning messages:
1: In recycleListElements(e1, en) :
Some element lengths are not multiples of their corresponding element length in e1
2: In x + y :
longer object length is not a multiple of shorter object length
3: In recycleListElements(e1, en) :
Some element lengths are not multiples of their corresponding element length in e1
4: In x + y :
longer object length is not a multiple of shorter object length
>
> proc.time()
user system elapsed
103.31 0.14 103.43
|
|
IRanges.Rcheck/examples_i386/IRanges-Ex.timings
|
IRanges.Rcheck/examples_x64/IRanges-Ex.timings
|