| Back to Multiple platform build/check report for BioC 3.13 |
|
This page was generated on 2021-10-15 15:06:06 -0400 (Fri, 15 Oct 2021).
|
To the developers/maintainers of the GIGSEA package: - Please allow up to 24 hours (and sometimes 48 hours) for your latest push to git@git.bioconductor.org:packages/GIGSEA.git to reflect on this report. See How and When does the builder pull? When will my changes propagate? here for more information. - Make sure to use the following settings in order to reproduce any error or warning you see on this page. |
| Package 769/2041 | Hostname | OS / Arch | INSTALL | BUILD | CHECK | BUILD BIN | ||||||||
| GIGSEA 1.10.0 (landing page) Shijia Zhu
| nebbiolo1 | Linux (Ubuntu 20.04.2 LTS) / x86_64 | OK | OK | OK | |||||||||
| tokay2 | Windows Server 2012 R2 Standard / x64 | OK | ERROR | skipped | skipped | |||||||||
| machv2 | macOS 10.14.6 Mojave / x86_64 | OK | OK | OK | OK | |||||||||
| Package: GIGSEA |
| Version: 1.10.0 |
| Command: chmod a+r GIGSEA -R && C:\Users\biocbuild\bbs-3.13-bioc\R\bin\R.exe CMD build --keep-empty-dirs --no-resave-data GIGSEA |
| StartedAt: 2021-10-14 14:31:52 -0400 (Thu, 14 Oct 2021) |
| EndedAt: 2021-10-14 14:32:16 -0400 (Thu, 14 Oct 2021) |
| EllapsedTime: 24.2 seconds |
| RetCode: 1 |
| Status: ERROR |
| PackageFile: None |
| PackageFileSize: NA |
############################################################################## ############################################################################## ### ### Running command: ### ### chmod a+r GIGSEA -R && C:\Users\biocbuild\bbs-3.13-bioc\R\bin\R.exe CMD build --keep-empty-dirs --no-resave-data GIGSEA ### ############################################################################## ############################################################################## * checking for file 'GIGSEA/DESCRIPTION' ... OK * preparing 'GIGSEA': * checking DESCRIPTION meta-information ... OK * installing the package to build vignettes * creating vignettes ... ERROR --- re-building 'GIGSEA_tutorial.Rmd' using rmarkdown Quitting from lines 262-299 (GIGSEA_tutorial.Rmd) Error: processing vignette 'GIGSEA_tutorial.Rmd' failed with diagnostics: cannot open the connection --- failed re-building 'GIGSEA_tutorial.Rmd' SUMMARY: processing the following file failed: 'GIGSEA_tutorial.Rmd' Error: Vignette re-building failed. Execution halted