| Back to Multiple platform build/check report for BioC 3.13 |
|
This page was generated on 2021-10-15 15:06:06 -0400 (Fri, 15 Oct 2021).
|
To the developers/maintainers of the GEOmetadb package: - Please allow up to 24 hours (and sometimes 48 hours) for your latest push to git@git.bioconductor.org:packages/GEOmetadb.git to reflect on this report. See How and When does the builder pull? When will my changes propagate? here for more information. - Make sure to use the following settings in order to reproduce any error or warning you see on this page. |
| Package 755/2041 | Hostname | OS / Arch | INSTALL | BUILD | CHECK | BUILD BIN | ||||||||
| GEOmetadb 1.54.0 (landing page) Jack Zhu
| nebbiolo1 | Linux (Ubuntu 20.04.2 LTS) / x86_64 | OK | OK | WARNINGS | |||||||||
| tokay2 | Windows Server 2012 R2 Standard / x64 | OK | OK | WARNINGS | OK | |||||||||
| machv2 | macOS 10.14.6 Mojave / x86_64 | OK | OK | WARNINGS | OK | |||||||||
| Package: GEOmetadb |
| Version: 1.54.0 |
| Command: C:\Users\biocbuild\bbs-3.13-bioc\R\bin\R.exe CMD check --force-multiarch --install=check:GEOmetadb.install-out.txt --library=C:\Users\biocbuild\bbs-3.13-bioc\R\library --no-vignettes --timings GEOmetadb_1.54.0.tar.gz |
| StartedAt: 2021-10-14 23:44:10 -0400 (Thu, 14 Oct 2021) |
| EndedAt: 2021-10-14 23:45:32 -0400 (Thu, 14 Oct 2021) |
| EllapsedTime: 82.3 seconds |
| RetCode: 0 |
| Status: WARNINGS |
| CheckDir: GEOmetadb.Rcheck |
| Warnings: 1 |
##############################################################################
##############################################################################
###
### Running command:
###
### C:\Users\biocbuild\bbs-3.13-bioc\R\bin\R.exe CMD check --force-multiarch --install=check:GEOmetadb.install-out.txt --library=C:\Users\biocbuild\bbs-3.13-bioc\R\library --no-vignettes --timings GEOmetadb_1.54.0.tar.gz
###
##############################################################################
##############################################################################
* using log directory 'C:/Users/biocbuild/bbs-3.13-bioc/meat/GEOmetadb.Rcheck'
* using R version 4.1.1 (2021-08-10)
* using platform: x86_64-w64-mingw32 (64-bit)
* using session charset: ISO8859-1
* using option '--no-vignettes'
* checking for file 'GEOmetadb/DESCRIPTION' ... OK
* checking extension type ... Package
* this is package 'GEOmetadb' version '1.54.0'
* checking package namespace information ... OK
* checking package dependencies ... OK
* checking if this is a source package ... OK
* checking if there is a namespace ... OK
* checking for hidden files and directories ... NOTE
Found the following hidden files and directories:
.travis.yml
These were most likely included in error. See section 'Package
structure' in the 'Writing R Extensions' manual.
* checking for portable file names ... OK
* checking whether package 'GEOmetadb' can be installed ... OK
* checking installed package size ... OK
* checking package directory ... OK
* checking 'build' directory ... OK
* checking DESCRIPTION meta-information ... OK
* checking top-level files ... OK
* checking for left-over files ... OK
* checking index information ... OK
* checking package subdirectories ... OK
* checking R files for non-ASCII characters ... OK
* checking R files for syntax errors ... OK
* loading checks for arch 'i386'
** checking whether the package can be loaded ... OK
** checking whether the package can be loaded with stated dependencies ... OK
** checking whether the package can be unloaded cleanly ... OK
** checking whether the namespace can be loaded with stated dependencies ... OK
** checking whether the namespace can be unloaded cleanly ... OK
* loading checks for arch 'x64'
** checking whether the package can be loaded ... OK
** checking whether the package can be loaded with stated dependencies ... OK
** checking whether the package can be unloaded cleanly ... OK
** checking whether the namespace can be loaded with stated dependencies ... OK
** checking whether the namespace can be unloaded cleanly ... OK
* checking dependencies in R code ... OK
* checking S3 generic/method consistency ... OK
* checking replacement functions ... OK
* checking foreign function calls ... OK
* checking R code for possible problems ... NOTE
getSQLiteFile: no visible global function definition for
'download.file'
Undefined global functions or variables:
download.file
Consider adding
importFrom("utils", "download.file")
to your NAMESPACE file.
* checking Rd files ... OK
* checking Rd metadata ... OK
* checking Rd cross-references ... OK
* checking for missing documentation entries ... OK
* checking for code/documentation mismatches ... WARNING
Codoc mismatches from documentation object 'getSQLiteFile':
getSQLiteFile
Code: function(destdir = getwd(), destfile = "GEOmetadb.sqlite.gz",
type = "full")
Docs: function(destdir = getwd(), destfile = "GEOmetadb.sqlite.gz",
type = "normal")
Mismatches in argument default values:
Name: 'type' Code: "full" Docs: "normal"
* checking Rd \usage sections ... OK
* checking Rd contents ... OK
* checking for unstated dependencies in examples ... OK
* checking files in 'vignettes' ... OK
* checking examples ...
** running examples for arch 'i386' ... OK
** running examples for arch 'x64' ... OK
* checking for unstated dependencies in vignettes ... OK
* checking package vignettes in 'inst/doc' ... OK
* checking running R code from vignettes ... SKIPPED
* checking re-building of vignette outputs ... SKIPPED
* checking PDF version of manual ... OK
* DONE
Status: 1 WARNING, 2 NOTEs
See
'C:/Users/biocbuild/bbs-3.13-bioc/meat/GEOmetadb.Rcheck/00check.log'
for details.
GEOmetadb.Rcheck/00install.out
##############################################################################
##############################################################################
###
### Running command:
###
### C:\cygwin\bin\curl.exe -O http://155.52.207.165/BBS/3.13/bioc/src/contrib/GEOmetadb_1.54.0.tar.gz && rm -rf GEOmetadb.buildbin-libdir && mkdir GEOmetadb.buildbin-libdir && C:\Users\biocbuild\bbs-3.13-bioc\R\bin\R.exe CMD INSTALL --merge-multiarch --build --library=GEOmetadb.buildbin-libdir GEOmetadb_1.54.0.tar.gz && C:\Users\biocbuild\bbs-3.13-bioc\R\bin\R.exe CMD INSTALL GEOmetadb_1.54.0.zip && rm GEOmetadb_1.54.0.tar.gz GEOmetadb_1.54.0.zip
###
##############################################################################
##############################################################################
% Total % Received % Xferd Average Speed Time Time Time Current
Dload Upload Total Spent Left Speed
0 0 0 0 0 0 0 0 --:--:-- --:--:-- --:--:-- 0
100 114k 100 114k 0 0 423k 0 --:--:-- --:--:-- --:--:-- 424k
install for i386
Warning in untar2(tarfile, files, list, exdir, restore_times) :
restoring symbolic link as a file copy
* installing *source* package 'GEOmetadb' ...
** using staged installation
** R
** inst
** byte-compile and prepare package for lazy loading
** help
*** installing help indices
converting help for package 'GEOmetadb'
finding HTML links ... done
GEOmetadb-package html
columnDescriptions html
geoConvert html
getBiocPlatformMap html
getSQLiteFile html
** building package indices
** installing vignettes
** testing if installed package can be loaded from temporary location
** testing if installed package can be loaded from final location
** testing if installed package keeps a record of temporary installation path
install for x64
Warning in untar2(tarfile, files, list, exdir, restore_times) :
restoring symbolic link as a file copy
* installing *source* package 'GEOmetadb' ...
** testing if installed package can be loaded
* MD5 sums
packaged installation of 'GEOmetadb' as GEOmetadb_1.54.0.zip
* DONE (GEOmetadb)
* installing to library 'C:/Users/biocbuild/bbs-3.13-bioc/R/library'
package 'GEOmetadb' successfully unpacked and MD5 sums checked
|
GEOmetadb.Rcheck/examples_i386/GEOmetadb-Ex.timings
|
GEOmetadb.Rcheck/examples_x64/GEOmetadb-Ex.timings
|