| Back to Multiple platform build/check report for BioC 3.13 |
|
This page was generated on 2021-10-15 15:06:04 -0400 (Fri, 15 Oct 2021).
|
To the developers/maintainers of the FISHalyseR package: - Please allow up to 24 hours (and sometimes 48 hours) for your latest push to git@git.bioconductor.org:packages/FISHalyseR.git to reflect on this report. See How and When does the builder pull? When will my changes propagate? here for more information. - Make sure to use the following settings in order to reproduce any error or warning you see on this page. |
| Package 635/2041 | Hostname | OS / Arch | INSTALL | BUILD | CHECK | BUILD BIN | ||||||||
| FISHalyseR 1.26.0 (landing page) Karesh Arunakirinathan
| nebbiolo1 | Linux (Ubuntu 20.04.2 LTS) / x86_64 | OK | OK | WARNINGS | |||||||||
| tokay2 | Windows Server 2012 R2 Standard / x64 | OK | OK | WARNINGS | OK | |||||||||
| machv2 | macOS 10.14.6 Mojave / x86_64 | OK | OK | WARNINGS | OK | |||||||||
| Package: FISHalyseR |
| Version: 1.26.0 |
| Command: C:\Users\biocbuild\bbs-3.13-bioc\R\bin\R.exe CMD check --force-multiarch --install=check:FISHalyseR.install-out.txt --library=C:\Users\biocbuild\bbs-3.13-bioc\R\library --no-vignettes --timings FISHalyseR_1.26.0.tar.gz |
| StartedAt: 2021-10-14 23:09:29 -0400 (Thu, 14 Oct 2021) |
| EndedAt: 2021-10-14 23:10:43 -0400 (Thu, 14 Oct 2021) |
| EllapsedTime: 74.1 seconds |
| RetCode: 0 |
| Status: WARNINGS |
| CheckDir: FISHalyseR.Rcheck |
| Warnings: 3 |
##############################################################################
##############################################################################
###
### Running command:
###
### C:\Users\biocbuild\bbs-3.13-bioc\R\bin\R.exe CMD check --force-multiarch --install=check:FISHalyseR.install-out.txt --library=C:\Users\biocbuild\bbs-3.13-bioc\R\library --no-vignettes --timings FISHalyseR_1.26.0.tar.gz
###
##############################################################################
##############################################################################
* using log directory 'C:/Users/biocbuild/bbs-3.13-bioc/meat/FISHalyseR.Rcheck'
* using R version 4.1.1 (2021-08-10)
* using platform: x86_64-w64-mingw32 (64-bit)
* using session charset: ISO8859-1
* using option '--no-vignettes'
* checking for file 'FISHalyseR/DESCRIPTION' ... OK
* checking extension type ... Package
* this is package 'FISHalyseR' version '1.26.0'
* checking package namespace information ... OK
* checking package dependencies ... OK
* checking if this is a source package ... OK
* checking if there is a namespace ... OK
* checking for hidden files and directories ... OK
* checking for portable file names ... OK
* checking whether package 'FISHalyseR' can be installed ... WARNING
Found the following significant warnings:
Warning: replacing previous import 'EBImage::abind' by 'abind::abind' when loading 'FISHalyseR'
See 'C:/Users/biocbuild/bbs-3.13-bioc/meat/FISHalyseR.Rcheck/00install.out' for details.
* checking installed package size ... OK
* checking package directory ... OK
* checking 'build' directory ... OK
* checking DESCRIPTION meta-information ... OK
* checking top-level files ... OK
* checking for left-over files ... OK
* checking index information ... OK
* checking package subdirectories ... OK
* checking R files for non-ASCII characters ... OK
* checking R files for syntax errors ... OK
* loading checks for arch 'i386'
** checking whether the package can be loaded ... OK
** checking whether the package can be loaded with stated dependencies ... OK
** checking whether the package can be unloaded cleanly ... OK
** checking whether the namespace can be loaded with stated dependencies ... OK
** checking whether the namespace can be unloaded cleanly ... OK
* loading checks for arch 'x64'
** checking whether the package can be loaded ... OK
** checking whether the package can be loaded with stated dependencies ... OK
** checking whether the package can be unloaded cleanly ... OK
** checking whether the namespace can be loaded with stated dependencies ... OK
** checking whether the namespace can be unloaded cleanly ... OK
* checking dependencies in R code ... OK
* checking S3 generic/method consistency ... OK
* checking replacement functions ... OK
* checking foreign function calls ... OK
* checking R code for possible problems ... NOTE
computeIlluminationCorrection: warning in gblur(I, s = 5): partial
argument match of 's' to 'sigma'
GetDistances: no visible global function definition for 'na.exclude'
plotLabelMatrix: no visible global function definition for 'jpeg'
plotLabelMatrix: no visible global function definition for 'text'
plotLabelMatrix: no visible global function definition for 'dev.off'
processFISH: no visible global function definition for 'write.table'
Undefined global functions or variables:
dev.off jpeg na.exclude text write.table
Consider adding
importFrom("grDevices", "dev.off", "jpeg")
importFrom("graphics", "text")
importFrom("stats", "na.exclude")
importFrom("utils", "write.table")
to your NAMESPACE file.
* checking Rd files ... OK
* checking Rd metadata ... OK
* checking Rd cross-references ... OK
* checking for missing documentation entries ... OK
* checking for code/documentation mismatches ... OK
* checking Rd \usage sections ... OK
* checking Rd contents ... OK
* checking for unstated dependencies in examples ... OK
* checking files in 'vignettes' ... OK
* checking examples ...
** running examples for arch 'i386' ... WARNING
Found the following significant warnings:
Warning: working directory was changed to 'C:/Users/biocbuild/bbs-3.13-bioc/tmpdir/RtmpiYREq7SampleFISH.jpg', resetting
** running examples for arch 'x64' ... WARNING
Found the following significant warnings:
Warning: working directory was changed to 'C:/Users/biocbuild/bbs-3.13-bioc/tmpdir/RtmpaAX54jSampleFISH.jpg', resetting
* checking for unstated dependencies in vignettes ... OK
* checking package vignettes in 'inst/doc' ... OK
* checking running R code from vignettes ... SKIPPED
* checking re-building of vignette outputs ... SKIPPED
* checking PDF version of manual ... OK
* DONE
Status: 3 WARNINGs, 1 NOTE
See
'C:/Users/biocbuild/bbs-3.13-bioc/meat/FISHalyseR.Rcheck/00check.log'
for details.
FISHalyseR.Rcheck/00install.out
##############################################################################
##############################################################################
###
### Running command:
###
### C:\cygwin\bin\curl.exe -O http://155.52.207.165/BBS/3.13/bioc/src/contrib/FISHalyseR_1.26.0.tar.gz && rm -rf FISHalyseR.buildbin-libdir && mkdir FISHalyseR.buildbin-libdir && C:\Users\biocbuild\bbs-3.13-bioc\R\bin\R.exe CMD INSTALL --merge-multiarch --build --library=FISHalyseR.buildbin-libdir FISHalyseR_1.26.0.tar.gz && C:\Users\biocbuild\bbs-3.13-bioc\R\bin\R.exe CMD INSTALL FISHalyseR_1.26.0.zip && rm FISHalyseR_1.26.0.tar.gz FISHalyseR_1.26.0.zip
###
##############################################################################
##############################################################################
% Total % Received % Xferd Average Speed Time Time Time Current
Dload Upload Total Spent Left Speed
0 0 0 0 0 0 0 0 --:--:-- --:--:-- --:--:-- 0
100 232k 100 232k 0 0 866k 0 --:--:-- --:--:-- --:--:-- 868k
install for i386
* installing *source* package 'FISHalyseR' ...
** using staged installation
** R
** inst
** byte-compile and prepare package for lazy loading
Warning: replacing previous import 'EBImage::abind' by 'abind::abind' when loading 'FISHalyseR'
** help
*** installing help indices
converting help for package 'FISHalyseR'
finding HTML links ... done
analyseParticles html
calculateMaxEntropy html
calculateThreshold html
computeIlluminationCorrection html
processFISH html
** building package indices
** installing vignettes
** testing if installed package can be loaded from temporary location
Warning: replacing previous import 'EBImage::abind' by 'abind::abind' when loading 'FISHalyseR'
** testing if installed package can be loaded from final location
Warning: replacing previous import 'EBImage::abind' by 'abind::abind' when loading 'FISHalyseR'
** testing if installed package keeps a record of temporary installation path
install for x64
* installing *source* package 'FISHalyseR' ...
** testing if installed package can be loaded
Warning: replacing previous import 'EBImage::abind' by 'abind::abind' when loading 'FISHalyseR'
* MD5 sums
packaged installation of 'FISHalyseR' as FISHalyseR_1.26.0.zip
* DONE (FISHalyseR)
* installing to library 'C:/Users/biocbuild/bbs-3.13-bioc/R/library'
package 'FISHalyseR' successfully unpacked and MD5 sums checked
|
FISHalyseR.Rcheck/examples_i386/FISHalyseR-Ex.timings
|
FISHalyseR.Rcheck/examples_x64/FISHalyseR-Ex.timings
|