| Back to Multiple platform build/check report for BioC 3.13 |
|
This page was generated on 2021-10-15 15:05:59 -0400 (Fri, 15 Oct 2021).
|
To the developers/maintainers of the Biostrings package: - Please allow up to 24 hours (and sometimes 48 hours) for your latest push to git@git.bioconductor.org:packages/Biostrings.git to reflect on this report. See How and When does the builder pull? When will my changes propagate? here for more information. - Make sure to use the following settings in order to reproduce any error or warning you see on this page. |
| Package 190/2041 | Hostname | OS / Arch | INSTALL | BUILD | CHECK | BUILD BIN | ||||||||
| Biostrings 2.60.2 (landing page) H. Pagès
| nebbiolo1 | Linux (Ubuntu 20.04.2 LTS) / x86_64 | OK | OK | WARNINGS | |||||||||
| tokay2 | Windows Server 2012 R2 Standard / x64 | OK | OK | WARNINGS | OK | |||||||||
| machv2 | macOS 10.14.6 Mojave / x86_64 | OK | OK | WARNINGS | OK | |||||||||
| Package: Biostrings |
| Version: 2.60.2 |
| Command: C:\Users\biocbuild\bbs-3.13-bioc\R\bin\R.exe CMD check --force-multiarch --install=check:Biostrings.install-out.txt --library=C:\Users\biocbuild\bbs-3.13-bioc\R\library --no-vignettes --timings Biostrings_2.60.2.tar.gz |
| StartedAt: 2021-10-14 20:17:04 -0400 (Thu, 14 Oct 2021) |
| EndedAt: 2021-10-14 20:35:08 -0400 (Thu, 14 Oct 2021) |
| EllapsedTime: 1083.8 seconds |
| RetCode: 0 |
| Status: WARNINGS |
| CheckDir: Biostrings.Rcheck |
| Warnings: 2 |
##############################################################################
##############################################################################
###
### Running command:
###
### C:\Users\biocbuild\bbs-3.13-bioc\R\bin\R.exe CMD check --force-multiarch --install=check:Biostrings.install-out.txt --library=C:\Users\biocbuild\bbs-3.13-bioc\R\library --no-vignettes --timings Biostrings_2.60.2.tar.gz
###
##############################################################################
##############################################################################
* using log directory 'C:/Users/biocbuild/bbs-3.13-bioc/meat/Biostrings.Rcheck'
* using R version 4.1.1 (2021-08-10)
* using platform: x86_64-w64-mingw32 (64-bit)
* using session charset: ISO8859-1
* using option '--no-vignettes'
* checking for file 'Biostrings/DESCRIPTION' ... OK
* this is package 'Biostrings' version '2.60.2'
* package encoding: UTF-8
* checking package namespace information ... OK
* checking package dependencies ... OK
* checking if this is a source package ... OK
* checking if there is a namespace ... OK
* checking for hidden files and directories ... OK
* checking for portable file names ... OK
* checking whether package 'Biostrings' can be installed ... WARNING
Found the following significant warnings:
read_fasta_files.c:186:9: warning: '*((void *)&loader_ext+32)' is used uninitialized in this function [-Wuninitialized]
read_fasta_files.c:186:9: warning: '*((void *)&loader_ext+36)' is used uninitialized in this function [-Wuninitialized]
read_fasta_files.c:186:9: warning: '*((void *)&loader_ext+64)' is used uninitialized in this function [-Wuninitialized]
read_fasta_files.c:186:9: warning: '*((void *)&loader_ext+72)' is used uninitialized in this function [-Wuninitialized]
See 'C:/Users/biocbuild/bbs-3.13-bioc/meat/Biostrings.Rcheck/00install.out' for details.
* checking installed package size ... NOTE
installed size is 16.3Mb
sub-directories of 1Mb or more:
R 1.8Mb
extdata 11.1Mb
help 1.9Mb
* checking package directory ... OK
* checking 'build' directory ... OK
* checking DESCRIPTION meta-information ... NOTE
Package listed in more than one of Depends, Imports, Suggests, Enhances:
'methods'
A package should be listed in only one of these fields.
* checking top-level files ... OK
* checking for left-over files ... OK
* checking index information ... OK
* checking package subdirectories ... OK
* checking R files for non-ASCII characters ... OK
* checking R files for syntax errors ... OK
* loading checks for arch 'i386'
** checking whether the package can be loaded ... OK
** checking whether the package can be loaded with stated dependencies ... OK
** checking whether the package can be unloaded cleanly ... OK
** checking whether the namespace can be loaded with stated dependencies ... OK
** checking whether the namespace can be unloaded cleanly ... OK
* loading checks for arch 'x64'
** checking whether the package can be loaded ... OK
** checking whether the package can be loaded with stated dependencies ... OK
** checking whether the package can be unloaded cleanly ... OK
** checking whether the namespace can be loaded with stated dependencies ... OK
** checking whether the namespace can be unloaded cleanly ... OK
* checking dependencies in R code ... NOTE
Unexported objects imported by ':::' calls:
'BiocGenerics:::testPackage' 'IRanges:::.showAtomicList'
'IRanges:::new_Views' 'IRanges:::regroupBySupergroup'
'IRanges:::show_IntegerRangesList' 'IRanges:::unlist_as_integer'
'S4Vectors:::anyMissingOrOutside' 'XVector:::close_filexp'
'XVector:::extract_character_from_XRaw_by_positions'
'XVector:::extract_character_from_XRaw_by_ranges'
'XVector:::new_XVectorList_from_list_of_XVector'
'XVector:::open_output_file'
See the note in ?`:::` about the use of this operator.
* checking S3 generic/method consistency ... OK
* checking replacement functions ... OK
* checking foreign function calls ... OK
* checking R code for possible problems ... OK
* checking Rd files ... OK
* checking Rd metadata ... OK
* checking Rd cross-references ... OK
* checking for missing documentation entries ... WARNING
Undocumented code objects:
'strsplit' 'twoWayAlphabetFrequency'
Undocumented S4 methods:
generic 'match' and siglist 'Vector,XStringSet'
generic 'match' and siglist 'XStringSet,Vector'
generic 'match' and siglist 'XStringSet,vector'
generic 'match' and siglist 'vector,XStringSet'
generic 'parallel_slot_names' and siglist 'ByPos_MIndex'
generic 'parallel_slot_names' and siglist 'MIndex'
generic 'pcompare' and siglist 'Vector,XStringSet'
generic 'pcompare' and siglist 'XStringSet,Vector'
generic 'pcompare' and siglist 'XStringSet,vector'
generic 'pcompare' and siglist 'vector,XStringSet'
generic 'relistToClass' and siglist 'XString'
generic 'relistToClass' and siglist 'XStringSet'
generic 'showAsCell' and siglist 'XStringSetList'
generic 'strsplit' and siglist 'XStringSet'
generic 'twoWayAlphabetFrequency' and siglist 'XString,XString'
generic 'twoWayAlphabetFrequency' and siglist 'XString,XStringSet'
generic 'twoWayAlphabetFrequency' and siglist 'XStringSet,XString'
generic 'twoWayAlphabetFrequency' and siglist 'XStringSet,XStringSet'
generic 'unstrsplit' and siglist 'XStringSet'
generic 'unstrsplit' and siglist 'XStringSetList'
All user-level objects in a package (including S4 classes and methods)
should have documentation entries.
See chapter 'Writing R documentation files' in the 'Writing R
Extensions' manual.
* checking for code/documentation mismatches ... OK
* checking Rd \usage sections ... OK
* checking Rd contents ... OK
* checking for unstated dependencies in examples ... OK
* checking contents of 'data' directory ... OK
* checking data for non-ASCII characters ... OK
* checking data for ASCII and uncompressed saves ... OK
* checking line endings in C/C++/Fortran sources/headers ... OK
* checking compiled code ... NOTE
Note: information on .o files for i386 is not available
Note: information on .o files for x64 is not available
File 'C:/Users/biocbuild/bbs-3.13-bioc/R/library/Biostrings/libs/i386/Biostrings.dll':
Found 'abort', possibly from 'abort' (C), 'runtime' (Fortran)
File 'C:/Users/biocbuild/bbs-3.13-bioc/R/library/Biostrings/libs/x64/Biostrings.dll':
Found 'abort', possibly from 'abort' (C), 'runtime' (Fortran)
Compiled code should not call entry points which might terminate R nor
write to stdout/stderr instead of to the console, nor use Fortran I/O
nor system RNGs. The detected symbols are linked into the code but
might come from libraries and not actually be called.
See 'Writing portable packages' in the 'Writing R Extensions' manual.
* checking files in 'vignettes' ... OK
* checking examples ...
** running examples for arch 'i386' ... OK
Examples with CPU (user + system) or elapsed time > 5s
user system elapsed
matchPDict-exact 280.62 5.32 285.95
matchPDict-inexact 44.94 1.79 46.74
findPalindromes 45.00 0.03 45.11
XStringSet-io 10.98 0.31 11.89
XStringSet-class 8.36 0.77 9.13
matchPattern 7.36 0.14 7.50
** running examples for arch 'x64' ... OK
Examples with CPU (user + system) or elapsed time > 5s
user system elapsed
matchPDict-exact 263.57 1.75 265.35
matchPDict-inexact 49.69 0.22 49.90
findPalindromes 42.72 0.08 42.80
XStringSet-io 10.62 0.31 10.97
XStringSet-class 8.78 0.57 9.34
matchPattern 6.07 0.17 6.25
* checking for unstated dependencies in 'tests' ... OK
* checking tests ...
** running tests for arch 'i386' ...
Running 'run_unitTests.R'
OK
** running tests for arch 'x64' ...
Running 'run_unitTests.R'
OK
* checking for unstated dependencies in vignettes ... OK
* checking package vignettes in 'inst/doc' ... OK
* checking running R code from vignettes ... SKIPPED
* checking re-building of vignette outputs ... SKIPPED
* checking PDF version of manual ... OK
* DONE
Status: 2 WARNINGs, 4 NOTEs
See
'C:/Users/biocbuild/bbs-3.13-bioc/meat/Biostrings.Rcheck/00check.log'
for details.
Biostrings.Rcheck/00install.out
##############################################################################
##############################################################################
###
### Running command:
###
### C:\cygwin\bin\curl.exe -O http://155.52.207.165/BBS/3.13/bioc/src/contrib/Biostrings_2.60.2.tar.gz && rm -rf Biostrings.buildbin-libdir && mkdir Biostrings.buildbin-libdir && C:\Users\biocbuild\bbs-3.13-bioc\R\bin\R.exe CMD INSTALL --merge-multiarch --build --library=Biostrings.buildbin-libdir Biostrings_2.60.2.tar.gz && C:\Users\biocbuild\bbs-3.13-bioc\R\bin\R.exe CMD INSTALL Biostrings_2.60.2.zip && rm Biostrings_2.60.2.tar.gz Biostrings_2.60.2.zip
###
##############################################################################
##############################################################################
% Total % Received % Xferd Average Speed Time Time Time Current
Dload Upload Total Spent Left Speed
0 0 0 0 0 0 0 0 --:--:-- --:--:-- --:--:-- 0
60 11.1M 60 6991k 0 0 6990k 0 0:00:01 0:00:01 --:--:-- 6991k
100 11.1M 100 11.1M 0 0 7613k 0 0:00:01 0:00:01 --:--:-- 7618k
install for i386
* installing *source* package 'Biostrings' ...
** using staged installation
** libs
"C:/rtools40/mingw32/bin/"gcc -I"C:/Users/BIOCBU~1/BBS-3~1.13-/R/include" -DNDEBUG -I'C:/Users/biocbuild/bbs-3.13-bioc/R/library/S4Vectors/include' -I'C:/Users/biocbuild/bbs-3.13-bioc/R/library/IRanges/include' -I'C:/Users/biocbuild/bbs-3.13-bioc/R/library/XVector/include' -I"c:/extsoft/include" -O2 -Wall -std=gnu99 -mfpmath=sse -msse2 -mstackrealign -c BAB_class.c -o BAB_class.o
"C:/rtools40/mingw32/bin/"gcc -I"C:/Users/BIOCBU~1/BBS-3~1.13-/R/include" -DNDEBUG -I'C:/Users/biocbuild/bbs-3.13-bioc/R/library/S4Vectors/include' -I'C:/Users/biocbuild/bbs-3.13-bioc/R/library/IRanges/include' -I'C:/Users/biocbuild/bbs-3.13-bioc/R/library/XVector/include' -I"c:/extsoft/include" -O2 -Wall -std=gnu99 -mfpmath=sse -msse2 -mstackrealign -c BitMatrix.c -o BitMatrix.o
BitMatrix.c:299:13: warning: 'BitMatrix_print' defined but not used [-Wunused-function]
static void BitMatrix_print(BitMatrix *bitmat)
^~~~~~~~~~~~~~~
"C:/rtools40/mingw32/bin/"gcc -I"C:/Users/BIOCBU~1/BBS-3~1.13-/R/include" -DNDEBUG -I'C:/Users/biocbuild/bbs-3.13-bioc/R/library/S4Vectors/include' -I'C:/Users/biocbuild/bbs-3.13-bioc/R/library/IRanges/include' -I'C:/Users/biocbuild/bbs-3.13-bioc/R/library/XVector/include' -I"c:/extsoft/include" -O2 -Wall -std=gnu99 -mfpmath=sse -msse2 -mstackrealign -c IRanges_stubs.c -o IRanges_stubs.o
"C:/rtools40/mingw32/bin/"gcc -I"C:/Users/BIOCBU~1/BBS-3~1.13-/R/include" -DNDEBUG -I'C:/Users/biocbuild/bbs-3.13-bioc/R/library/S4Vectors/include' -I'C:/Users/biocbuild/bbs-3.13-bioc/R/library/IRanges/include' -I'C:/Users/biocbuild/bbs-3.13-bioc/R/library/XVector/include' -I"c:/extsoft/include" -O2 -Wall -std=gnu99 -mfpmath=sse -msse2 -mstackrealign -c MIndex_class.c -o MIndex_class.o
MIndex_class.c: In function 'SparseMIndex_endIndex':
MIndex_class.c:184:20: warning: unused variable 'poffsets_order' [-Wunused-variable]
IntAE *poffsets, *poffsets_order;
^~~~~~~~~~~~~~
"C:/rtools40/mingw32/bin/"gcc -I"C:/Users/BIOCBU~1/BBS-3~1.13-/R/include" -DNDEBUG -I'C:/Users/biocbuild/bbs-3.13-bioc/R/library/S4Vectors/include' -I'C:/Users/biocbuild/bbs-3.13-bioc/R/library/IRanges/include' -I'C:/Users/biocbuild/bbs-3.13-bioc/R/library/XVector/include' -I"c:/extsoft/include" -O2 -Wall -std=gnu99 -mfpmath=sse -msse2 -mstackrealign -c PreprocessedTB_class.c -o PreprocessedTB_class.o
"C:/rtools40/mingw32/bin/"gcc -I"C:/Users/BIOCBU~1/BBS-3~1.13-/R/include" -DNDEBUG -I'C:/Users/biocbuild/bbs-3.13-bioc/R/library/S4Vectors/include' -I'C:/Users/biocbuild/bbs-3.13-bioc/R/library/IRanges/include' -I'C:/Users/biocbuild/bbs-3.13-bioc/R/library/XVector/include' -I"c:/extsoft/include" -O2 -Wall -std=gnu99 -mfpmath=sse -msse2 -mstackrealign -c R_init_Biostrings.c -o R_init_Biostrings.o
"C:/rtools40/mingw32/bin/"gcc -I"C:/Users/BIOCBU~1/BBS-3~1.13-/R/include" -DNDEBUG -I'C:/Users/biocbuild/bbs-3.13-bioc/R/library/S4Vectors/include' -I'C:/Users/biocbuild/bbs-3.13-bioc/R/library/IRanges/include' -I'C:/Users/biocbuild/bbs-3.13-bioc/R/library/XVector/include' -I"c:/extsoft/include" -O2 -Wall -std=gnu99 -mfpmath=sse -msse2 -mstackrealign -c RoSeqs_utils.c -o RoSeqs_utils.o
"C:/rtools40/mingw32/bin/"gcc -I"C:/Users/BIOCBU~1/BBS-3~1.13-/R/include" -DNDEBUG -I'C:/Users/biocbuild/bbs-3.13-bioc/R/library/S4Vectors/include' -I'C:/Users/biocbuild/bbs-3.13-bioc/R/library/IRanges/include' -I'C:/Users/biocbuild/bbs-3.13-bioc/R/library/XVector/include' -I"c:/extsoft/include" -O2 -Wall -std=gnu99 -mfpmath=sse -msse2 -mstackrealign -c S4Vectors_stubs.c -o S4Vectors_stubs.o
"C:/rtools40/mingw32/bin/"gcc -I"C:/Users/BIOCBU~1/BBS-3~1.13-/R/include" -DNDEBUG -I'C:/Users/biocbuild/bbs-3.13-bioc/R/library/S4Vectors/include' -I'C:/Users/biocbuild/bbs-3.13-bioc/R/library/IRanges/include' -I'C:/Users/biocbuild/bbs-3.13-bioc/R/library/XVector/include' -I"c:/extsoft/include" -O2 -Wall -std=gnu99 -mfpmath=sse -msse2 -mstackrealign -c SparseList_utils.c -o SparseList_utils.o
"C:/rtools40/mingw32/bin/"gcc -I"C:/Users/BIOCBU~1/BBS-3~1.13-/R/include" -DNDEBUG -I'C:/Users/biocbuild/bbs-3.13-bioc/R/library/S4Vectors/include' -I'C:/Users/biocbuild/bbs-3.13-bioc/R/library/IRanges/include' -I'C:/Users/biocbuild/bbs-3.13-bioc/R/library/XVector/include' -I"c:/extsoft/include" -O2 -Wall -std=gnu99 -mfpmath=sse -msse2 -mstackrealign -c XStringSetList_class.c -o XStringSetList_class.o
"C:/rtools40/mingw32/bin/"gcc -I"C:/Users/BIOCBU~1/BBS-3~1.13-/R/include" -DNDEBUG -I'C:/Users/biocbuild/bbs-3.13-bioc/R/library/S4Vectors/include' -I'C:/Users/biocbuild/bbs-3.13-bioc/R/library/IRanges/include' -I'C:/Users/biocbuild/bbs-3.13-bioc/R/library/XVector/include' -I"c:/extsoft/include" -O2 -Wall -std=gnu99 -mfpmath=sse -msse2 -mstackrealign -c XStringSet_class.c -o XStringSet_class.o
XStringSet_class.c: In function 'new_XStringSet_from_CHARACTER':
XStringSet_class.c:124:3: warning: 'lkup_len' may be used uninitialized in this function [-Wmaybe-uninitialized]
_copy_CHARSXP_to_Chars_holder(&ans_elt_holder, x_elt,
^~~~~~~~~~~~~~~~~~~~~~~~~~~~~~~~~~~~~~~~~~~~~~~~~~~~~
INTEGER(start)[i], lkup0, lkup_len);
~~~~~~~~~~~~~~~~~~~~~~~~~~~~~~~~~~~
"C:/rtools40/mingw32/bin/"gcc -I"C:/Users/BIOCBU~1/BBS-3~1.13-/R/include" -DNDEBUG -I'C:/Users/biocbuild/bbs-3.13-bioc/R/library/S4Vectors/include' -I'C:/Users/biocbuild/bbs-3.13-bioc/R/library/IRanges/include' -I'C:/Users/biocbuild/bbs-3.13-bioc/R/library/XVector/include' -I"c:/extsoft/include" -O2 -Wall -std=gnu99 -mfpmath=sse -msse2 -mstackrealign -c XString_class.c -o XString_class.o
"C:/rtools40/mingw32/bin/"gcc -I"C:/Users/BIOCBU~1/BBS-3~1.13-/R/include" -DNDEBUG -I'C:/Users/biocbuild/bbs-3.13-bioc/R/library/S4Vectors/include' -I'C:/Users/biocbuild/bbs-3.13-bioc/R/library/IRanges/include' -I'C:/Users/biocbuild/bbs-3.13-bioc/R/library/XVector/include' -I"c:/extsoft/include" -O2 -Wall -std=gnu99 -mfpmath=sse -msse2 -mstackrealign -c XVector_stubs.c -o XVector_stubs.o
"C:/rtools40/mingw32/bin/"gcc -I"C:/Users/BIOCBU~1/BBS-3~1.13-/R/include" -DNDEBUG -I'C:/Users/biocbuild/bbs-3.13-bioc/R/library/S4Vectors/include' -I'C:/Users/biocbuild/bbs-3.13-bioc/R/library/IRanges/include' -I'C:/Users/biocbuild/bbs-3.13-bioc/R/library/XVector/include' -I"c:/extsoft/include" -O2 -Wall -std=gnu99 -mfpmath=sse -msse2 -mstackrealign -c align_needwunsQS.c -o align_needwunsQS.o
align_needwunsQS.c: In function 'align_needwunsQS':
align_needwunsQS.c:155:22: warning: 'sc' may be used uninitialized in this function [-Wmaybe-uninitialized]
INTEGER(ans_elt)[0] = score;
~~~~~~~~~~~~~~~~~~~~^~~~~~~
"C:/rtools40/mingw32/bin/"gcc -I"C:/Users/BIOCBU~1/BBS-3~1.13-/R/include" -DNDEBUG -I'C:/Users/biocbuild/bbs-3.13-bioc/R/library/S4Vectors/include' -I'C:/Users/biocbuild/bbs-3.13-bioc/R/library/IRanges/include' -I'C:/Users/biocbuild/bbs-3.13-bioc/R/library/XVector/include' -I"c:/extsoft/include" -O2 -Wall -std=gnu99 -mfpmath=sse -msse2 -mstackrealign -c align_pairwiseAlignment.c -o align_pairwiseAlignment.o
"C:/rtools40/mingw32/bin/"gcc -I"C:/Users/BIOCBU~1/BBS-3~1.13-/R/include" -DNDEBUG -I'C:/Users/biocbuild/bbs-3.13-bioc/R/library/S4Vectors/include' -I'C:/Users/biocbuild/bbs-3.13-bioc/R/library/IRanges/include' -I'C:/Users/biocbuild/bbs-3.13-bioc/R/library/XVector/include' -I"c:/extsoft/include" -O2 -Wall -std=gnu99 -mfpmath=sse -msse2 -mstackrealign -c align_utils.c -o align_utils.o
align_utils.c: In function 'PairwiseAlignmentsSingleSubject_align_aligned':
align_utils.c:250:14: warning: 'indelWidthSubject' may be used uninitialized in this function [-Wmaybe-uninitialized]
jPattern += indelWidthSubject;
~~~~~~~~~^~~~~~~~~~~~~~~~~~~~
align_utils.c:231:42: warning: 'indelStartSubject' may be used uninitialized in this function [-Wmaybe-uninitialized]
if ((numberOfIndelSubject == 0) || (j < indelStartSubject)) {
~~~^~~~~~~~~~~~~~~~~~~~
align_utils.c:221:26: warning: 'indelWidthPattern' may be used uninitialized in this function [-Wmaybe-uninitialized]
int indelStartPattern, indelWidthPattern, indelStartSubject, indelWidthSubject;
^~~~~~~~~~~~~~~~~
align_utils.c:232:50: warning: 'indelStartPattern' may be used uninitialized in this function [-Wmaybe-uninitialized]
if ((numberOfIndelPattern == 0) || (jPattern < indelStartPattern)) {
~~~~~~~~~~^~~~~~~~~~~~~~~~~~~~
"C:/rtools40/mingw32/bin/"gcc -I"C:/Users/BIOCBU~1/BBS-3~1.13-/R/include" -DNDEBUG -I'C:/Users/biocbuild/bbs-3.13-bioc/R/library/S4Vectors/include' -I'C:/Users/biocbuild/bbs-3.13-bioc/R/library/IRanges/include' -I'C:/Users/biocbuild/bbs-3.13-bioc/R/library/XVector/include' -I"c:/extsoft/include" -O2 -Wall -std=gnu99 -mfpmath=sse -msse2 -mstackrealign -c find_palindromes.c -o find_palindromes.o
"C:/rtools40/mingw32/bin/"gcc -I"C:/Users/BIOCBU~1/BBS-3~1.13-/R/include" -DNDEBUG -I'C:/Users/biocbuild/bbs-3.13-bioc/R/library/S4Vectors/include' -I'C:/Users/biocbuild/bbs-3.13-bioc/R/library/IRanges/include' -I'C:/Users/biocbuild/bbs-3.13-bioc/R/library/XVector/include' -I"c:/extsoft/include" -O2 -Wall -std=gnu99 -mfpmath=sse -msse2 -mstackrealign -c gtestsim.c -o gtestsim.o
"C:/rtools40/mingw32/bin/"gcc -I"C:/Users/BIOCBU~1/BBS-3~1.13-/R/include" -DNDEBUG -I'C:/Users/biocbuild/bbs-3.13-bioc/R/library/S4Vectors/include' -I'C:/Users/biocbuild/bbs-3.13-bioc/R/library/IRanges/include' -I'C:/Users/biocbuild/bbs-3.13-bioc/R/library/XVector/include' -I"c:/extsoft/include" -O2 -Wall -std=gnu99 -mfpmath=sse -msse2 -mstackrealign -c inject_code.c -o inject_code.o
"C:/rtools40/mingw32/bin/"gcc -I"C:/Users/BIOCBU~1/BBS-3~1.13-/R/include" -DNDEBUG -I'C:/Users/biocbuild/bbs-3.13-bioc/R/library/S4Vectors/include' -I'C:/Users/biocbuild/bbs-3.13-bioc/R/library/IRanges/include' -I'C:/Users/biocbuild/bbs-3.13-bioc/R/library/XVector/include' -I"c:/extsoft/include" -O2 -Wall -std=gnu99 -mfpmath=sse -msse2 -mstackrealign -c letter_frequency.c -o letter_frequency.o
letter_frequency.c: In function 'XStringSet_two_way_letter_frequency':
letter_frequency.c:957:48: warning: unused variable 'x_pos' [-Wunused-variable]
int x_width, y_width, x_length, *ans_mat, i, x_pos;
^~~~~
letter_frequency.c:956:13: warning: unused variable 'ans_dimnames' [-Wunused-variable]
SEXP ans, ans_dimnames;
^~~~~~~~~~~~
"C:/rtools40/mingw32/bin/"gcc -I"C:/Users/BIOCBU~1/BBS-3~1.13-/R/include" -DNDEBUG -I'C:/Users/biocbuild/bbs-3.13-bioc/R/library/S4Vectors/include' -I'C:/Users/biocbuild/bbs-3.13-bioc/R/library/IRanges/include' -I'C:/Users/biocbuild/bbs-3.13-bioc/R/library/XVector/include' -I"c:/extsoft/include" -O2 -Wall -std=gnu99 -mfpmath=sse -msse2 -mstackrealign -c lowlevel_matching.c -o lowlevel_matching.o
"C:/rtools40/mingw32/bin/"gcc -I"C:/Users/BIOCBU~1/BBS-3~1.13-/R/include" -DNDEBUG -I'C:/Users/biocbuild/bbs-3.13-bioc/R/library/S4Vectors/include' -I'C:/Users/biocbuild/bbs-3.13-bioc/R/library/IRanges/include' -I'C:/Users/biocbuild/bbs-3.13-bioc/R/library/XVector/include' -I"c:/extsoft/include" -O2 -Wall -std=gnu99 -mfpmath=sse -msse2 -mstackrealign -c match_PWM.c -o match_PWM.o
"C:/rtools40/mingw32/bin/"gcc -I"C:/Users/BIOCBU~1/BBS-3~1.13-/R/include" -DNDEBUG -I'C:/Users/biocbuild/bbs-3.13-bioc/R/library/S4Vectors/include' -I'C:/Users/biocbuild/bbs-3.13-bioc/R/library/IRanges/include' -I'C:/Users/biocbuild/bbs-3.13-bioc/R/library/XVector/include' -I"c:/extsoft/include" -O2 -Wall -std=gnu99 -mfpmath=sse -msse2 -mstackrealign -c match_pattern.c -o match_pattern.o
"C:/rtools40/mingw32/bin/"gcc -I"C:/Users/BIOCBU~1/BBS-3~1.13-/R/include" -DNDEBUG -I'C:/Users/biocbuild/bbs-3.13-bioc/R/library/S4Vectors/include' -I'C:/Users/biocbuild/bbs-3.13-bioc/R/library/IRanges/include' -I'C:/Users/biocbuild/bbs-3.13-bioc/R/library/XVector/include' -I"c:/extsoft/include" -O2 -Wall -std=gnu99 -mfpmath=sse -msse2 -mstackrealign -c match_pattern_boyermoore.c -o match_pattern_boyermoore.o
"C:/rtools40/mingw32/bin/"gcc -I"C:/Users/BIOCBU~1/BBS-3~1.13-/R/include" -DNDEBUG -I'C:/Users/biocbuild/bbs-3.13-bioc/R/library/S4Vectors/include' -I'C:/Users/biocbuild/bbs-3.13-bioc/R/library/IRanges/include' -I'C:/Users/biocbuild/bbs-3.13-bioc/R/library/XVector/include' -I"c:/extsoft/include" -O2 -Wall -std=gnu99 -mfpmath=sse -msse2 -mstackrealign -c match_pattern_indels.c -o match_pattern_indels.o
match_pattern_indels.c:7:13: warning: 'test_match_pattern_indels' defined but not used [-Wunused-function]
static void test_match_pattern_indels(const char *p, const char *s,
^~~~~~~~~~~~~~~~~~~~~~~~~
"C:/rtools40/mingw32/bin/"gcc -I"C:/Users/BIOCBU~1/BBS-3~1.13-/R/include" -DNDEBUG -I'C:/Users/biocbuild/bbs-3.13-bioc/R/library/S4Vectors/include' -I'C:/Users/biocbuild/bbs-3.13-bioc/R/library/IRanges/include' -I'C:/Users/biocbuild/bbs-3.13-bioc/R/library/XVector/include' -I"c:/extsoft/include" -O2 -Wall -std=gnu99 -mfpmath=sse -msse2 -mstackrealign -c match_pattern_shiftor.c -o match_pattern_shiftor.o
"C:/rtools40/mingw32/bin/"gcc -I"C:/Users/BIOCBU~1/BBS-3~1.13-/R/include" -DNDEBUG -I'C:/Users/biocbuild/bbs-3.13-bioc/R/library/S4Vectors/include' -I'C:/Users/biocbuild/bbs-3.13-bioc/R/library/IRanges/include' -I'C:/Users/biocbuild/bbs-3.13-bioc/R/library/XVector/include' -I"c:/extsoft/include" -O2 -Wall -std=gnu99 -mfpmath=sse -msse2 -mstackrealign -c match_pdict.c -o match_pdict.o
match_pdict.c: In function 'vmatch_PDict3Parts_XStringSet':
match_pdict.c:419:12: warning: 'ans_col' may be used uninitialized in this function [-Wmaybe-uninitialized]
ans_col += tb_length;
~~~~~~~~^~~~~~~~~~~~
match_pdict.c:392:58: note: 'ans_col' was declared here
int tb_length, S_length, collapse0, i, j, match_count, *ans_col;
^~~~~~~
match_pdict.c: In function 'vmatch_XStringSet_XStringSet':
match_pdict.c:470:13: warning: 'ans_elt' may be used uninitialized in this function [-Wmaybe-uninitialized]
ans_elt += P_length;
~~~~~~~~^~~~~~~~~~~
match_pdict.c:441:57: note: 'ans_elt' was declared here
int P_length, S_length, collapse0, i, j, match_count, *ans_elt;
^~~~~~~
"C:/rtools40/mingw32/bin/"gcc -I"C:/Users/BIOCBU~1/BBS-3~1.13-/R/include" -DNDEBUG -I'C:/Users/biocbuild/bbs-3.13-bioc/R/library/S4Vectors/include' -I'C:/Users/biocbuild/bbs-3.13-bioc/R/library/IRanges/include' -I'C:/Users/biocbuild/bbs-3.13-bioc/R/library/XVector/include' -I"c:/extsoft/include" -O2 -Wall -std=gnu99 -mfpmath=sse -msse2 -mstackrealign -c match_pdict_ACtree2.c -o match_pdict_ACtree2.o
match_pdict_ACtree2.c: In function 'split_and_move_pointers':
match_pdict_ACtree2.c:1031:10: warning: variable 'node0' set but not used [-Wunused-but-set-variable]
ACnode *node0, *node1, *node2;
^~~~~
match_pdict_ACtree2.c: In function 'merge_pointers':
match_pdict_ACtree2.c:1076:10: warning: variable 'node0' set but not used [-Wunused-but-set-variable]
ACnode *node0, *node1, *node2;
^~~~~
At top level:
match_pdict_ACtree2.c:602:21: warning: 'a_nice_max_nodeextbuf_nelt' defined but not used [-Wunused-function]
static unsigned int a_nice_max_nodeextbuf_nelt(int nnodes)
^~~~~~~~~~~~~~~~~~~~~~~~~~
match_pdict_ACtree2.c:139:13: warning: 'debug_node_counting_functions' defined but not used [-Wunused-function]
static void debug_node_counting_functions(int maxdepth)
^~~~~~~~~~~~~~~~~~~~~~~~~~~~~
"C:/rtools40/mingw32/bin/"gcc -I"C:/Users/BIOCBU~1/BBS-3~1.13-/R/include" -DNDEBUG -I'C:/Users/biocbuild/bbs-3.13-bioc/R/library/S4Vectors/include' -I'C:/Users/biocbuild/bbs-3.13-bioc/R/library/IRanges/include' -I'C:/Users/biocbuild/bbs-3.13-bioc/R/library/XVector/include' -I"c:/extsoft/include" -O2 -Wall -std=gnu99 -mfpmath=sse -msse2 -mstackrealign -c match_pdict_Twobit.c -o match_pdict_Twobit.o
match_pdict_Twobit.c: In function 'build_Twobit':
match_pdict_Twobit.c:75:20: warning: 'twobit_sign2pos' may be used uninitialized in this function [-Wmaybe-uninitialized]
PROTECT(ans_elt = new_XInteger_from_tag("XInteger", twobit_sign2pos));
^~~~~~~~~~~~~~~~~~~~~
match_pdict_Twobit.c:110:12: note: 'twobit_sign2pos' was declared here
SEXP ans, twobit_sign2pos;
^~~~~~~~~~~~~~~
"C:/rtools40/mingw32/bin/"gcc -I"C:/Users/BIOCBU~1/BBS-3~1.13-/R/include" -DNDEBUG -I'C:/Users/biocbuild/bbs-3.13-bioc/R/library/S4Vectors/include' -I'C:/Users/biocbuild/bbs-3.13-bioc/R/library/IRanges/include' -I'C:/Users/biocbuild/bbs-3.13-bioc/R/library/XVector/include' -I"c:/extsoft/include" -O2 -Wall -std=gnu99 -mfpmath=sse -msse2 -mstackrealign -c match_pdict_utils.c -o match_pdict_utils.o
match_pdict_utils.c: In function 'match_ppheadtail0':
match_pdict_utils.c:652:49: warning: unused variable 'ncol' [-Wunused-variable]
int nelt, min_safe_tb_end, max_safe_tb_end, j, ncol;
^~~~
match_pdict_utils.c: In function 'match_ppheadtail':
match_pdict_utils.c:712:6: warning: unused variable 'nelt' [-Wunused-variable]
int nelt, nkey0, nkey1, nkey2, i, key;
^~~~
match_pdict_utils.c: In function '_match_pdict_all_flanks':
match_pdict_utils.c:819:44: warning: unused variable 'subtotal_NFC' [-Wunused-variable]
static unsigned long int total_NFC = 0UL, subtotal_NFC = 0UL;
^~~~~~~~~~~~
match_pdict_utils.c:819:27: warning: unused variable 'total_NFC' [-Wunused-variable]
static unsigned long int total_NFC = 0UL, subtotal_NFC = 0UL;
^~~~~~~~~
match_pdict_utils.c:818:33: warning: unused variable 'NFC' [-Wunused-variable]
unsigned long int ndup, nloci, NFC; // NFC = Number of Flank Comparisons
^~~
match_pdict_utils.c:818:26: warning: unused variable 'nloci' [-Wunused-variable]
unsigned long int ndup, nloci, NFC; // NFC = Number of Flank Comparisons
^~~~~
match_pdict_utils.c:818:20: warning: unused variable 'ndup' [-Wunused-variable]
unsigned long int ndup, nloci, NFC; // NFC = Number of Flank Comparisons
^~~~
At top level:
match_pdict_utils.c:819:27: warning: 'total_NFC' defined but not used [-Wunused-variable]
static unsigned long int total_NFC = 0UL, subtotal_NFC = 0UL;
^~~~~~~~~
match_pdict_utils.c:819:44: warning: 'subtotal_NFC' defined but not used [-Wunused-variable]
static unsigned long int total_NFC = 0UL, subtotal_NFC = 0UL;
^~~~~~~~~~~~
match_pdict_utils.c:260:13: warning: 'match_headtail_by_loc' defined but not used [-Wunused-function]
static void match_headtail_by_loc(const HeadTail *headtail,
^~~~~~~~~~~~~~~~~~~~~
"C:/rtools40/mingw32/bin/"gcc -I"C:/Users/BIOCBU~1/BBS-3~1.13-/R/include" -DNDEBUG -I'C:/Users/biocbuild/bbs-3.13-bioc/R/library/S4Vectors/include' -I'C:/Users/biocbuild/bbs-3.13-bioc/R/library/IRanges/include' -I'C:/Users/biocbuild/bbs-3.13-bioc/R/library/XVector/include' -I"c:/extsoft/include" -O2 -Wall -std=gnu99 -mfpmath=sse -msse2 -mstackrealign -c match_reporting.c -o match_reporting.o
"C:/rtools40/mingw32/bin/"gcc -I"C:/Users/BIOCBU~1/BBS-3~1.13-/R/include" -DNDEBUG -I'C:/Users/biocbuild/bbs-3.13-bioc/R/library/S4Vectors/include' -I'C:/Users/biocbuild/bbs-3.13-bioc/R/library/IRanges/include' -I'C:/Users/biocbuild/bbs-3.13-bioc/R/library/XVector/include' -I"c:/extsoft/include" -O2 -Wall -std=gnu99 -mfpmath=sse -msse2 -mstackrealign -c matchprobes.c -o matchprobes.o
"C:/rtools40/mingw32/bin/"gcc -I"C:/Users/BIOCBU~1/BBS-3~1.13-/R/include" -DNDEBUG -I'C:/Users/biocbuild/bbs-3.13-bioc/R/library/S4Vectors/include' -I'C:/Users/biocbuild/bbs-3.13-bioc/R/library/IRanges/include' -I'C:/Users/biocbuild/bbs-3.13-bioc/R/library/XVector/include' -I"c:/extsoft/include" -O2 -Wall -std=gnu99 -mfpmath=sse -msse2 -mstackrealign -c pmatchPattern.c -o pmatchPattern.o
"C:/rtools40/mingw32/bin/"gcc -I"C:/Users/BIOCBU~1/BBS-3~1.13-/R/include" -DNDEBUG -I'C:/Users/biocbuild/bbs-3.13-bioc/R/library/S4Vectors/include' -I'C:/Users/biocbuild/bbs-3.13-bioc/R/library/IRanges/include' -I'C:/Users/biocbuild/bbs-3.13-bioc/R/library/XVector/include' -I"c:/extsoft/include" -O2 -Wall -std=gnu99 -mfpmath=sse -msse2 -mstackrealign -c read_fasta_files.c -o read_fasta_files.o
read_fasta_files.c: In function 'read_fasta_files':
read_fasta_files.c:186:9: warning: '*((void *)&loader_ext+32)' may be used uninitialized in this function [-Wmaybe-uninitialized]
return loader_ext;
^~~~~~~~~~
read_fasta_files.c:186:9: warning: '*((void *)&loader_ext+36)' may be used uninitialized in this function [-Wmaybe-uninitialized]
read_fasta_files.c: In function 'read_fasta_blocks':
read_fasta_files.c:186:9: warning: '*((void *)&loader_ext+32)' is used uninitialized in this function [-Wuninitialized]
return loader_ext;
^~~~~~~~~~
read_fasta_files.c:186:9: warning: '*((void *)&loader_ext+36)' is used uninitialized in this function [-Wuninitialized]
"C:/rtools40/mingw32/bin/"gcc -I"C:/Users/BIOCBU~1/BBS-3~1.13-/R/include" -DNDEBUG -I'C:/Users/biocbuild/bbs-3.13-bioc/R/library/S4Vectors/include' -I'C:/Users/biocbuild/bbs-3.13-bioc/R/library/IRanges/include' -I'C:/Users/biocbuild/bbs-3.13-bioc/R/library/XVector/include' -I"c:/extsoft/include" -O2 -Wall -std=gnu99 -mfpmath=sse -msse2 -mstackrealign -c read_fastq_files.c -o read_fastq_files.o
read_fastq_files.c: In function 'parse_FASTQ_file':
read_fastq_files.c:392:7: warning: 'dont_load' may be used uninitialized in this function [-Wmaybe-uninitialized]
if (dont_load || loader->new_empty_seq_hook == NULL)
^
"C:/rtools40/mingw32/bin/"gcc -I"C:/Users/BIOCBU~1/BBS-3~1.13-/R/include" -DNDEBUG -I'C:/Users/biocbuild/bbs-3.13-bioc/R/library/S4Vectors/include' -I'C:/Users/biocbuild/bbs-3.13-bioc/R/library/IRanges/include' -I'C:/Users/biocbuild/bbs-3.13-bioc/R/library/XVector/include' -I"c:/extsoft/include" -O2 -Wall -std=gnu99 -mfpmath=sse -msse2 -mstackrealign -c replaceAt.c -o replaceAt.o
"C:/rtools40/mingw32/bin/"gcc -I"C:/Users/BIOCBU~1/BBS-3~1.13-/R/include" -DNDEBUG -I'C:/Users/biocbuild/bbs-3.13-bioc/R/library/S4Vectors/include' -I'C:/Users/biocbuild/bbs-3.13-bioc/R/library/IRanges/include' -I'C:/Users/biocbuild/bbs-3.13-bioc/R/library/XVector/include' -I"c:/extsoft/include" -O2 -Wall -std=gnu99 -mfpmath=sse -msse2 -mstackrealign -c replace_letter_at.c -o replace_letter_at.o
"C:/rtools40/mingw32/bin/"gcc -I"C:/Users/BIOCBU~1/BBS-3~1.13-/R/include" -DNDEBUG -I'C:/Users/biocbuild/bbs-3.13-bioc/R/library/S4Vectors/include' -I'C:/Users/biocbuild/bbs-3.13-bioc/R/library/IRanges/include' -I'C:/Users/biocbuild/bbs-3.13-bioc/R/library/XVector/include' -I"c:/extsoft/include" -O2 -Wall -std=gnu99 -mfpmath=sse -msse2 -mstackrealign -c strutils.c -o strutils.o
"C:/rtools40/mingw32/bin/"gcc -I"C:/Users/BIOCBU~1/BBS-3~1.13-/R/include" -DNDEBUG -I'C:/Users/biocbuild/bbs-3.13-bioc/R/library/S4Vectors/include' -I'C:/Users/biocbuild/bbs-3.13-bioc/R/library/IRanges/include' -I'C:/Users/biocbuild/bbs-3.13-bioc/R/library/XVector/include' -I"c:/extsoft/include" -O2 -Wall -std=gnu99 -mfpmath=sse -msse2 -mstackrealign -c translate.c -o translate.o
translate.c: In function 'DNAStringSet_translate':
translate.c:110:8: warning: 'if_ambig0' may be used uninitialized in this function [-Wmaybe-uninitialized]
if (if_ambig == TRANSLATE_ERROR) {
^
translate.c:136:29: note: 'if_ambig0' was declared here
int ncodes, if_non_ambig0, if_ambig0, ans_length, i, errcode;
^~~~~~~~~
translate.c:106:8: warning: 'if_non_ambig0' may be used uninitialized in this function [-Wmaybe-uninitialized]
if (if_non_ambig == TRANSLATE_TO_X)
^
translate.c:136:14: note: 'if_non_ambig0' was declared here
int ncodes, if_non_ambig0, if_ambig0, ans_length, i, errcode;
^~~~~~~~~~~~~
"C:/rtools40/mingw32/bin/"gcc -I"C:/Users/BIOCBU~1/BBS-3~1.13-/R/include" -DNDEBUG -I'C:/Users/biocbuild/bbs-3.13-bioc/R/library/S4Vectors/include' -I'C:/Users/biocbuild/bbs-3.13-bioc/R/library/IRanges/include' -I'C:/Users/biocbuild/bbs-3.13-bioc/R/library/XVector/include' -I"c:/extsoft/include" -O2 -Wall -std=gnu99 -mfpmath=sse -msse2 -mstackrealign -c unstrsplit_methods.c -o unstrsplit_methods.o
"C:/rtools40/mingw32/bin/"gcc -I"C:/Users/BIOCBU~1/BBS-3~1.13-/R/include" -DNDEBUG -I'C:/Users/biocbuild/bbs-3.13-bioc/R/library/S4Vectors/include' -I'C:/Users/biocbuild/bbs-3.13-bioc/R/library/IRanges/include' -I'C:/Users/biocbuild/bbs-3.13-bioc/R/library/XVector/include' -I"c:/extsoft/include" -O2 -Wall -std=gnu99 -mfpmath=sse -msse2 -mstackrealign -c utils.c -o utils.o
utils.c: In function '_get_twobit_signature':
utils.c:157:9: warning: 'twobit_sign' may be used uninitialized in this function [-Wmaybe-uninitialized]
return twobit_sign;
^~~~~~~~~~~
utils.c: In function '_get_twobit_signature_at':
utils.c:164:12: warning: 'twobit_sign' may be used uninitialized in this function [-Wmaybe-uninitialized]
int i, j, twobit_sign;
^~~~~~~~~~~
"C:/rtools40/mingw32/bin/"gcc -I"C:/Users/BIOCBU~1/BBS-3~1.13-/R/include" -DNDEBUG -I'C:/Users/biocbuild/bbs-3.13-bioc/R/library/S4Vectors/include' -I'C:/Users/biocbuild/bbs-3.13-bioc/R/library/IRanges/include' -I'C:/Users/biocbuild/bbs-3.13-bioc/R/library/XVector/include' -I"c:/extsoft/include" -O2 -Wall -std=gnu99 -mfpmath=sse -msse2 -mstackrealign -c xscat.c -o xscat.o
In file included from C:/Users/biocbuild/bbs-3.13-bioc/R/library/S4Vectors/include/S4Vectors_defines.h:18,
from C:/Users/biocbuild/bbs-3.13-bioc/R/library/IRanges/include/IRanges_defines.h:18,
from ../inst/include/Biostrings_defines.h:18,
from Biostrings.h:1,
from xscat.c:1:
xscat.c: In function 'XString_xscat':
C:/Users/BIOCBU~1/BBS-3~1.13-/R/include/Rdefines.h:100:21: warning: 'ans_length' may be used uninitialized in this function [-Wmaybe-uninitialized]
#define NEW_RAW(n) Rf_allocVector(RAWSXP,n)
^~~~~~~~~~~~~~
xscat.c:18:13: note: 'ans_length' was declared here
int nargs, ans_length, tag_offset, j;
^~~~~~~~~~
xscat.c:52:16: warning: 'ans_classname' may be used uninitialized in this function [-Wmaybe-uninitialized]
PROTECT(ans = new_XRaw_from_tag(ans_classname, ans_tag));
^~~~~~~~~~~~~~~~~
In file included from C:/Users/biocbuild/bbs-3.13-bioc/R/library/S4Vectors/include/S4Vectors_defines.h:18,
from C:/Users/biocbuild/bbs-3.13-bioc/R/library/IRanges/include/IRanges_defines.h:18,
from ../inst/include/Biostrings_defines.h:18,
from Biostrings.h:1,
from xscat.c:1:
xscat.c: In function 'XStringSet_xscat':
C:/Users/BIOCBU~1/BBS-3~1.13-/R/include/Rdefines.h:94:25: warning: 'ans_length' may be used uninitialized in this function [-Wmaybe-uninitialized]
#define NEW_INTEGER(n) Rf_allocVector(INTSXP,n)
^~~~~~~~~~~~~~
xscat.c:66:32: note: 'ans_length' was declared here
int nargs, *arg_lengths, *ii, ans_length, i, j, *width;
^~~~~~~~~~
xscat.c:108:16: warning: 'ans_element_type' may be used uninitialized in this function [-Wmaybe-uninitialized]
PROTECT(ans = _alloc_XStringSet(ans_element_type, ans_width));
^~~~~~~~~~~~~~~~~
C:/rtools40/mingw32/bin/gcc -shared -s -static-libgcc -o Biostrings.dll tmp.def BAB_class.o BitMatrix.o IRanges_stubs.o MIndex_class.o PreprocessedTB_class.o R_init_Biostrings.o RoSeqs_utils.o S4Vectors_stubs.o SparseList_utils.o XStringSetList_class.o XStringSet_class.o XString_class.o XVector_stubs.o align_needwunsQS.o align_pairwiseAlignment.o align_utils.o find_palindromes.o gtestsim.o inject_code.o letter_frequency.o lowlevel_matching.o match_PWM.o match_pattern.o match_pattern_boyermoore.o match_pattern_indels.o match_pattern_shiftor.o match_pdict.o match_pdict_ACtree2.o match_pdict_Twobit.o match_pdict_utils.o match_reporting.o matchprobes.o pmatchPattern.o read_fasta_files.o read_fastq_files.o replaceAt.o replace_letter_at.o strutils.o translate.o unstrsplit_methods.o utils.o xscat.o -Lc:/extsoft/lib/i386 -Lc:/extsoft/lib -LC:/Users/BIOCBU~1/BBS-3~1.13-/R/bin/i386 -lR
installing to C:/Users/biocbuild/bbs-3.13-bioc/meat/Biostrings.buildbin-libdir/00LOCK-Biostrings/00new/Biostrings/libs/i386
** R
** data
** inst
** byte-compile and prepare package for lazy loading
in method for 'twoWayAlphabetFrequencyByQuality' with signature '"QualityScaledXStringSet"': no definition for class "QualityScaledXStringSet"
Creating a new generic function for 'strsplit' in package 'Biostrings'
Creating a generic function for 'ls' from package 'base' in package 'Biostrings'
Creating a new generic function for 'pattern' in package 'Biostrings'
Creating a new generic function for 'offset' in package 'Biostrings'
** help
*** installing help indices
converting help for package 'Biostrings'
finding HTML links ... done
AAString-class html
AMINO_ACID_CODE html
AlignedXStringSet-class html
Biostrings-internals html
DNAString-class html
GENETIC_CODE html
HNF4alpha html
IUPAC_CODE_MAP html
InDel-class html
REDIRECT:topic Previous alias or file overwritten by alias: C:/Users/biocbuild/bbs-3.13-bioc/meat/Biostrings.buildbin-libdir/00LOCK-Biostrings/00new/Biostrings/help/InDel.html
MIndex-class html
MaskedXString-class html
MultipleAlignment-class html
finding level-2 HTML links ... done
PDict-class html
PairwiseAlignments-class html
PairwiseAlignments-io html
QualityScaledXStringSet-class html
RNAString-class html
XString-class html
XStringPartialMatches-class html
XStringQuality-class html
XStringSet-class html
XStringSet-comparison html
XStringSet-io html
XStringSetList-class html
XStringViews-class html
align-utils html
chartr html
detail html
dinucleotideFrequencyTest html
findPalindromes html
getSeq html
gregexpr2 html
injectHardMask html
letter html
letterFrequency html
longestConsecutive html
lowlevel-matching html
maskMotif html
match-utils html
matchLRPatterns html
matchPDict-exact html
matchPDict-inexact html
matchPWM html
matchPattern html
matchProbePair html
matchprobes html
misc html
needwunsQS html
nucleotideFrequency html
padAndClip html
pairwiseAlignment html
phiX174Phage html
pid html
pmatchPattern html
replaceAt html
replaceLetterAt html
reverseComplement html
seqinfo html
stringDist html
substitution_matrices html
toComplex html
translate html
trimLRPatterns html
xscat html
yeastSEQCHR1 html
** building package indices
** installing vignettes
** testing if installed package can be loaded from temporary location
** testing if installed package can be loaded from final location
** testing if installed package keeps a record of temporary installation path
install for x64
* installing *source* package 'Biostrings' ...
** libs
"C:/rtools40/mingw64/bin/"gcc -I"C:/Users/BIOCBU~1/BBS-3~1.13-/R/include" -DNDEBUG -I'C:/Users/biocbuild/bbs-3.13-bioc/R/library/S4Vectors/include' -I'C:/Users/biocbuild/bbs-3.13-bioc/R/library/IRanges/include' -I'C:/Users/biocbuild/bbs-3.13-bioc/R/library/XVector/include' -I"C:/extsoft/include" -O2 -Wall -std=gnu99 -mfpmath=sse -msse2 -mstackrealign -c BAB_class.c -o BAB_class.o
"C:/rtools40/mingw64/bin/"gcc -I"C:/Users/BIOCBU~1/BBS-3~1.13-/R/include" -DNDEBUG -I'C:/Users/biocbuild/bbs-3.13-bioc/R/library/S4Vectors/include' -I'C:/Users/biocbuild/bbs-3.13-bioc/R/library/IRanges/include' -I'C:/Users/biocbuild/bbs-3.13-bioc/R/library/XVector/include' -I"C:/extsoft/include" -O2 -Wall -std=gnu99 -mfpmath=sse -msse2 -mstackrealign -c BitMatrix.c -o BitMatrix.o
BitMatrix.c:299:13: warning: 'BitMatrix_print' defined but not used [-Wunused-function]
static void BitMatrix_print(BitMatrix *bitmat)
^~~~~~~~~~~~~~~
"C:/rtools40/mingw64/bin/"gcc -I"C:/Users/BIOCBU~1/BBS-3~1.13-/R/include" -DNDEBUG -I'C:/Users/biocbuild/bbs-3.13-bioc/R/library/S4Vectors/include' -I'C:/Users/biocbuild/bbs-3.13-bioc/R/library/IRanges/include' -I'C:/Users/biocbuild/bbs-3.13-bioc/R/library/XVector/include' -I"C:/extsoft/include" -O2 -Wall -std=gnu99 -mfpmath=sse -msse2 -mstackrealign -c IRanges_stubs.c -o IRanges_stubs.o
"C:/rtools40/mingw64/bin/"gcc -I"C:/Users/BIOCBU~1/BBS-3~1.13-/R/include" -DNDEBUG -I'C:/Users/biocbuild/bbs-3.13-bioc/R/library/S4Vectors/include' -I'C:/Users/biocbuild/bbs-3.13-bioc/R/library/IRanges/include' -I'C:/Users/biocbuild/bbs-3.13-bioc/R/library/XVector/include' -I"C:/extsoft/include" -O2 -Wall -std=gnu99 -mfpmath=sse -msse2 -mstackrealign -c MIndex_class.c -o MIndex_class.o
MIndex_class.c: In function 'SparseMIndex_endIndex':
MIndex_class.c:184:20: warning: unused variable 'poffsets_order' [-Wunused-variable]
IntAE *poffsets, *poffsets_order;
^~~~~~~~~~~~~~
"C:/rtools40/mingw64/bin/"gcc -I"C:/Users/BIOCBU~1/BBS-3~1.13-/R/include" -DNDEBUG -I'C:/Users/biocbuild/bbs-3.13-bioc/R/library/S4Vectors/include' -I'C:/Users/biocbuild/bbs-3.13-bioc/R/library/IRanges/include' -I'C:/Users/biocbuild/bbs-3.13-bioc/R/library/XVector/include' -I"C:/extsoft/include" -O2 -Wall -std=gnu99 -mfpmath=sse -msse2 -mstackrealign -c PreprocessedTB_class.c -o PreprocessedTB_class.o
"C:/rtools40/mingw64/bin/"gcc -I"C:/Users/BIOCBU~1/BBS-3~1.13-/R/include" -DNDEBUG -I'C:/Users/biocbuild/bbs-3.13-bioc/R/library/S4Vectors/include' -I'C:/Users/biocbuild/bbs-3.13-bioc/R/library/IRanges/include' -I'C:/Users/biocbuild/bbs-3.13-bioc/R/library/XVector/include' -I"C:/extsoft/include" -O2 -Wall -std=gnu99 -mfpmath=sse -msse2 -mstackrealign -c R_init_Biostrings.c -o R_init_Biostrings.o
"C:/rtools40/mingw64/bin/"gcc -I"C:/Users/BIOCBU~1/BBS-3~1.13-/R/include" -DNDEBUG -I'C:/Users/biocbuild/bbs-3.13-bioc/R/library/S4Vectors/include' -I'C:/Users/biocbuild/bbs-3.13-bioc/R/library/IRanges/include' -I'C:/Users/biocbuild/bbs-3.13-bioc/R/library/XVector/include' -I"C:/extsoft/include" -O2 -Wall -std=gnu99 -mfpmath=sse -msse2 -mstackrealign -c RoSeqs_utils.c -o RoSeqs_utils.o
"C:/rtools40/mingw64/bin/"gcc -I"C:/Users/BIOCBU~1/BBS-3~1.13-/R/include" -DNDEBUG -I'C:/Users/biocbuild/bbs-3.13-bioc/R/library/S4Vectors/include' -I'C:/Users/biocbuild/bbs-3.13-bioc/R/library/IRanges/include' -I'C:/Users/biocbuild/bbs-3.13-bioc/R/library/XVector/include' -I"C:/extsoft/include" -O2 -Wall -std=gnu99 -mfpmath=sse -msse2 -mstackrealign -c S4Vectors_stubs.c -o S4Vectors_stubs.o
"C:/rtools40/mingw64/bin/"gcc -I"C:/Users/BIOCBU~1/BBS-3~1.13-/R/include" -DNDEBUG -I'C:/Users/biocbuild/bbs-3.13-bioc/R/library/S4Vectors/include' -I'C:/Users/biocbuild/bbs-3.13-bioc/R/library/IRanges/include' -I'C:/Users/biocbuild/bbs-3.13-bioc/R/library/XVector/include' -I"C:/extsoft/include" -O2 -Wall -std=gnu99 -mfpmath=sse -msse2 -mstackrealign -c SparseList_utils.c -o SparseList_utils.o
"C:/rtools40/mingw64/bin/"gcc -I"C:/Users/BIOCBU~1/BBS-3~1.13-/R/include" -DNDEBUG -I'C:/Users/biocbuild/bbs-3.13-bioc/R/library/S4Vectors/include' -I'C:/Users/biocbuild/bbs-3.13-bioc/R/library/IRanges/include' -I'C:/Users/biocbuild/bbs-3.13-bioc/R/library/XVector/include' -I"C:/extsoft/include" -O2 -Wall -std=gnu99 -mfpmath=sse -msse2 -mstackrealign -c XStringSetList_class.c -o XStringSetList_class.o
"C:/rtools40/mingw64/bin/"gcc -I"C:/Users/BIOCBU~1/BBS-3~1.13-/R/include" -DNDEBUG -I'C:/Users/biocbuild/bbs-3.13-bioc/R/library/S4Vectors/include' -I'C:/Users/biocbuild/bbs-3.13-bioc/R/library/IRanges/include' -I'C:/Users/biocbuild/bbs-3.13-bioc/R/library/XVector/include' -I"C:/extsoft/include" -O2 -Wall -std=gnu99 -mfpmath=sse -msse2 -mstackrealign -c XStringSet_class.c -o XStringSet_class.o
XStringSet_class.c: In function 'new_XStringSet_from_CHARACTER':
XStringSet_class.c:124:3: warning: 'lkup_len' may be used uninitialized in this function [-Wmaybe-uninitialized]
_copy_CHARSXP_to_Chars_holder(&ans_elt_holder, x_elt,
^~~~~~~~~~~~~~~~~~~~~~~~~~~~~~~~~~~~~~~~~~~~~~~~~~~~~
INTEGER(start)[i], lkup0, lkup_len);
~~~~~~~~~~~~~~~~~~~~~~~~~~~~~~~~~~~
"C:/rtools40/mingw64/bin/"gcc -I"C:/Users/BIOCBU~1/BBS-3~1.13-/R/include" -DNDEBUG -I'C:/Users/biocbuild/bbs-3.13-bioc/R/library/S4Vectors/include' -I'C:/Users/biocbuild/bbs-3.13-bioc/R/library/IRanges/include' -I'C:/Users/biocbuild/bbs-3.13-bioc/R/library/XVector/include' -I"C:/extsoft/include" -O2 -Wall -std=gnu99 -mfpmath=sse -msse2 -mstackrealign -c XString_class.c -o XString_class.o
"C:/rtools40/mingw64/bin/"gcc -I"C:/Users/BIOCBU~1/BBS-3~1.13-/R/include" -DNDEBUG -I'C:/Users/biocbuild/bbs-3.13-bioc/R/library/S4Vectors/include' -I'C:/Users/biocbuild/bbs-3.13-bioc/R/library/IRanges/include' -I'C:/Users/biocbuild/bbs-3.13-bioc/R/library/XVector/include' -I"C:/extsoft/include" -O2 -Wall -std=gnu99 -mfpmath=sse -msse2 -mstackrealign -c XVector_stubs.c -o XVector_stubs.o
"C:/rtools40/mingw64/bin/"gcc -I"C:/Users/BIOCBU~1/BBS-3~1.13-/R/include" -DNDEBUG -I'C:/Users/biocbuild/bbs-3.13-bioc/R/library/S4Vectors/include' -I'C:/Users/biocbuild/bbs-3.13-bioc/R/library/IRanges/include' -I'C:/Users/biocbuild/bbs-3.13-bioc/R/library/XVector/include' -I"C:/extsoft/include" -O2 -Wall -std=gnu99 -mfpmath=sse -msse2 -mstackrealign -c align_needwunsQS.c -o align_needwunsQS.o
align_needwunsQS.c: In function 'align_needwunsQS':
align_needwunsQS.c:155:22: warning: 'sc' may be used uninitialized in this function [-Wmaybe-uninitialized]
INTEGER(ans_elt)[0] = score;
~~~~~~~~~~~~~~~~~~~~^~~~~~~
"C:/rtools40/mingw64/bin/"gcc -I"C:/Users/BIOCBU~1/BBS-3~1.13-/R/include" -DNDEBUG -I'C:/Users/biocbuild/bbs-3.13-bioc/R/library/S4Vectors/include' -I'C:/Users/biocbuild/bbs-3.13-bioc/R/library/IRanges/include' -I'C:/Users/biocbuild/bbs-3.13-bioc/R/library/XVector/include' -I"C:/extsoft/include" -O2 -Wall -std=gnu99 -mfpmath=sse -msse2 -mstackrealign -c align_pairwiseAlignment.c -o align_pairwiseAlignment.o
"C:/rtools40/mingw64/bin/"gcc -I"C:/Users/BIOCBU~1/BBS-3~1.13-/R/include" -DNDEBUG -I'C:/Users/biocbuild/bbs-3.13-bioc/R/library/S4Vectors/include' -I'C:/Users/biocbuild/bbs-3.13-bioc/R/library/IRanges/include' -I'C:/Users/biocbuild/bbs-3.13-bioc/R/library/XVector/include' -I"C:/extsoft/include" -O2 -Wall -std=gnu99 -mfpmath=sse -msse2 -mstackrealign -c align_utils.c -o align_utils.o
align_utils.c: In function 'PairwiseAlignmentsSingleSubject_align_aligned':
align_utils.c:250:14: warning: 'indelWidthSubject' may be used uninitialized in this function [-Wmaybe-uninitialized]
jPattern += indelWidthSubject;
~~~~~~~~~^~~~~~~~~~~~~~~~~~~~
align_utils.c:231:42: warning: 'indelStartSubject' may be used uninitialized in this function [-Wmaybe-uninitialized]
if ((numberOfIndelSubject == 0) || (j < indelStartSubject)) {
~~~^~~~~~~~~~~~~~~~~~~~
align_utils.c:221:26: warning: 'indelWidthPattern' may be used uninitialized in this function [-Wmaybe-uninitialized]
int indelStartPattern, indelWidthPattern, indelStartSubject, indelWidthSubject;
^~~~~~~~~~~~~~~~~
align_utils.c:232:50: warning: 'indelStartPattern' may be used uninitialized in this function [-Wmaybe-uninitialized]
if ((numberOfIndelPattern == 0) || (jPattern < indelStartPattern)) {
~~~~~~~~~~^~~~~~~~~~~~~~~~~~~~
"C:/rtools40/mingw64/bin/"gcc -I"C:/Users/BIOCBU~1/BBS-3~1.13-/R/include" -DNDEBUG -I'C:/Users/biocbuild/bbs-3.13-bioc/R/library/S4Vectors/include' -I'C:/Users/biocbuild/bbs-3.13-bioc/R/library/IRanges/include' -I'C:/Users/biocbuild/bbs-3.13-bioc/R/library/XVector/include' -I"C:/extsoft/include" -O2 -Wall -std=gnu99 -mfpmath=sse -msse2 -mstackrealign -c find_palindromes.c -o find_palindromes.o
"C:/rtools40/mingw64/bin/"gcc -I"C:/Users/BIOCBU~1/BBS-3~1.13-/R/include" -DNDEBUG -I'C:/Users/biocbuild/bbs-3.13-bioc/R/library/S4Vectors/include' -I'C:/Users/biocbuild/bbs-3.13-bioc/R/library/IRanges/include' -I'C:/Users/biocbuild/bbs-3.13-bioc/R/library/XVector/include' -I"C:/extsoft/include" -O2 -Wall -std=gnu99 -mfpmath=sse -msse2 -mstackrealign -c gtestsim.c -o gtestsim.o
"C:/rtools40/mingw64/bin/"gcc -I"C:/Users/BIOCBU~1/BBS-3~1.13-/R/include" -DNDEBUG -I'C:/Users/biocbuild/bbs-3.13-bioc/R/library/S4Vectors/include' -I'C:/Users/biocbuild/bbs-3.13-bioc/R/library/IRanges/include' -I'C:/Users/biocbuild/bbs-3.13-bioc/R/library/XVector/include' -I"C:/extsoft/include" -O2 -Wall -std=gnu99 -mfpmath=sse -msse2 -mstackrealign -c inject_code.c -o inject_code.o
"C:/rtools40/mingw64/bin/"gcc -I"C:/Users/BIOCBU~1/BBS-3~1.13-/R/include" -DNDEBUG -I'C:/Users/biocbuild/bbs-3.13-bioc/R/library/S4Vectors/include' -I'C:/Users/biocbuild/bbs-3.13-bioc/R/library/IRanges/include' -I'C:/Users/biocbuild/bbs-3.13-bioc/R/library/XVector/include' -I"C:/extsoft/include" -O2 -Wall -std=gnu99 -mfpmath=sse -msse2 -mstackrealign -c letter_frequency.c -o letter_frequency.o
letter_frequency.c: In function 'XStringSet_two_way_letter_frequency':
letter_frequency.c:957:48: warning: unused variable 'x_pos' [-Wunused-variable]
int x_width, y_width, x_length, *ans_mat, i, x_pos;
^~~~~
letter_frequency.c:956:13: warning: unused variable 'ans_dimnames' [-Wunused-variable]
SEXP ans, ans_dimnames;
^~~~~~~~~~~~
"C:/rtools40/mingw64/bin/"gcc -I"C:/Users/BIOCBU~1/BBS-3~1.13-/R/include" -DNDEBUG -I'C:/Users/biocbuild/bbs-3.13-bioc/R/library/S4Vectors/include' -I'C:/Users/biocbuild/bbs-3.13-bioc/R/library/IRanges/include' -I'C:/Users/biocbuild/bbs-3.13-bioc/R/library/XVector/include' -I"C:/extsoft/include" -O2 -Wall -std=gnu99 -mfpmath=sse -msse2 -mstackrealign -c lowlevel_matching.c -o lowlevel_matching.o
"C:/rtools40/mingw64/bin/"gcc -I"C:/Users/BIOCBU~1/BBS-3~1.13-/R/include" -DNDEBUG -I'C:/Users/biocbuild/bbs-3.13-bioc/R/library/S4Vectors/include' -I'C:/Users/biocbuild/bbs-3.13-bioc/R/library/IRanges/include' -I'C:/Users/biocbuild/bbs-3.13-bioc/R/library/XVector/include' -I"C:/extsoft/include" -O2 -Wall -std=gnu99 -mfpmath=sse -msse2 -mstackrealign -c match_PWM.c -o match_PWM.o
"C:/rtools40/mingw64/bin/"gcc -I"C:/Users/BIOCBU~1/BBS-3~1.13-/R/include" -DNDEBUG -I'C:/Users/biocbuild/bbs-3.13-bioc/R/library/S4Vectors/include' -I'C:/Users/biocbuild/bbs-3.13-bioc/R/library/IRanges/include' -I'C:/Users/biocbuild/bbs-3.13-bioc/R/library/XVector/include' -I"C:/extsoft/include" -O2 -Wall -std=gnu99 -mfpmath=sse -msse2 -mstackrealign -c match_pattern.c -o match_pattern.o
"C:/rtools40/mingw64/bin/"gcc -I"C:/Users/BIOCBU~1/BBS-3~1.13-/R/include" -DNDEBUG -I'C:/Users/biocbuild/bbs-3.13-bioc/R/library/S4Vectors/include' -I'C:/Users/biocbuild/bbs-3.13-bioc/R/library/IRanges/include' -I'C:/Users/biocbuild/bbs-3.13-bioc/R/library/XVector/include' -I"C:/extsoft/include" -O2 -Wall -std=gnu99 -mfpmath=sse -msse2 -mstackrealign -c match_pattern_boyermoore.c -o match_pattern_boyermoore.o
"C:/rtools40/mingw64/bin/"gcc -I"C:/Users/BIOCBU~1/BBS-3~1.13-/R/include" -DNDEBUG -I'C:/Users/biocbuild/bbs-3.13-bioc/R/library/S4Vectors/include' -I'C:/Users/biocbuild/bbs-3.13-bioc/R/library/IRanges/include' -I'C:/Users/biocbuild/bbs-3.13-bioc/R/library/XVector/include' -I"C:/extsoft/include" -O2 -Wall -std=gnu99 -mfpmath=sse -msse2 -mstackrealign -c match_pattern_indels.c -o match_pattern_indels.o
match_pattern_indels.c:7:13: warning: 'test_match_pattern_indels' defined but not used [-Wunused-function]
static void test_match_pattern_indels(const char *p, const char *s,
^~~~~~~~~~~~~~~~~~~~~~~~~
"C:/rtools40/mingw64/bin/"gcc -I"C:/Users/BIOCBU~1/BBS-3~1.13-/R/include" -DNDEBUG -I'C:/Users/biocbuild/bbs-3.13-bioc/R/library/S4Vectors/include' -I'C:/Users/biocbuild/bbs-3.13-bioc/R/library/IRanges/include' -I'C:/Users/biocbuild/bbs-3.13-bioc/R/library/XVector/include' -I"C:/extsoft/include" -O2 -Wall -std=gnu99 -mfpmath=sse -msse2 -mstackrealign -c match_pattern_shiftor.c -o match_pattern_shiftor.o
"C:/rtools40/mingw64/bin/"gcc -I"C:/Users/BIOCBU~1/BBS-3~1.13-/R/include" -DNDEBUG -I'C:/Users/biocbuild/bbs-3.13-bioc/R/library/S4Vectors/include' -I'C:/Users/biocbuild/bbs-3.13-bioc/R/library/IRanges/include' -I'C:/Users/biocbuild/bbs-3.13-bioc/R/library/XVector/include' -I"C:/extsoft/include" -O2 -Wall -std=gnu99 -mfpmath=sse -msse2 -mstackrealign -c match_pdict.c -o match_pdict.o
match_pdict.c: In function 'vmatch_PDict3Parts_XStringSet':
match_pdict.c:419:12: warning: 'ans_col' may be used uninitialized in this function [-Wmaybe-uninitialized]
ans_col += tb_length;
~~~~~~~~^~~~~~~~~~~~
match_pdict.c:392:58: note: 'ans_col' was declared here
int tb_length, S_length, collapse0, i, j, match_count, *ans_col;
^~~~~~~
match_pdict.c: In function 'vmatch_XStringSet_XStringSet':
match_pdict.c:470:13: warning: 'ans_elt' may be used uninitialized in this function [-Wmaybe-uninitialized]
ans_elt += P_length;
~~~~~~~~^~~~~~~~~~~
match_pdict.c:441:57: note: 'ans_elt' was declared here
int P_length, S_length, collapse0, i, j, match_count, *ans_elt;
^~~~~~~
"C:/rtools40/mingw64/bin/"gcc -I"C:/Users/BIOCBU~1/BBS-3~1.13-/R/include" -DNDEBUG -I'C:/Users/biocbuild/bbs-3.13-bioc/R/library/S4Vectors/include' -I'C:/Users/biocbuild/bbs-3.13-bioc/R/library/IRanges/include' -I'C:/Users/biocbuild/bbs-3.13-bioc/R/library/XVector/include' -I"C:/extsoft/include" -O2 -Wall -std=gnu99 -mfpmath=sse -msse2 -mstackrealign -c match_pdict_ACtree2.c -o match_pdict_ACtree2.o
match_pdict_ACtree2.c: In function 'split_and_move_pointers':
match_pdict_ACtree2.c:1031:10: warning: variable 'node0' set but not used [-Wunused-but-set-variable]
ACnode *node0, *node1, *node2;
^~~~~
match_pdict_ACtree2.c: In function 'merge_pointers':
match_pdict_ACtree2.c:1076:10: warning: variable 'node0' set but not used [-Wunused-but-set-variable]
ACnode *node0, *node1, *node2;
^~~~~
At top level:
match_pdict_ACtree2.c:602:21: warning: 'a_nice_max_nodeextbuf_nelt' defined but not used [-Wunused-function]
static unsigned int a_nice_max_nodeextbuf_nelt(int nnodes)
^~~~~~~~~~~~~~~~~~~~~~~~~~
match_pdict_ACtree2.c:139:13: warning: 'debug_node_counting_functions' defined but not used [-Wunused-function]
static void debug_node_counting_functions(int maxdepth)
^~~~~~~~~~~~~~~~~~~~~~~~~~~~~
"C:/rtools40/mingw64/bin/"gcc -I"C:/Users/BIOCBU~1/BBS-3~1.13-/R/include" -DNDEBUG -I'C:/Users/biocbuild/bbs-3.13-bioc/R/library/S4Vectors/include' -I'C:/Users/biocbuild/bbs-3.13-bioc/R/library/IRanges/include' -I'C:/Users/biocbuild/bbs-3.13-bioc/R/library/XVector/include' -I"C:/extsoft/include" -O2 -Wall -std=gnu99 -mfpmath=sse -msse2 -mstackrealign -c match_pdict_Twobit.c -o match_pdict_Twobit.o
match_pdict_Twobit.c: In function 'build_Twobit':
match_pdict_Twobit.c:75:20: warning: 'twobit_sign2pos' may be used uninitialized in this function [-Wmaybe-uninitialized]
PROTECT(ans_elt = new_XInteger_from_tag("XInteger", twobit_sign2pos));
^~~~~~~~~~~~~~~~~~~~~
match_pdict_Twobit.c:110:12: note: 'twobit_sign2pos' was declared here
SEXP ans, twobit_sign2pos;
^~~~~~~~~~~~~~~
"C:/rtools40/mingw64/bin/"gcc -I"C:/Users/BIOCBU~1/BBS-3~1.13-/R/include" -DNDEBUG -I'C:/Users/biocbuild/bbs-3.13-bioc/R/library/S4Vectors/include' -I'C:/Users/biocbuild/bbs-3.13-bioc/R/library/IRanges/include' -I'C:/Users/biocbuild/bbs-3.13-bioc/R/library/XVector/include' -I"C:/extsoft/include" -O2 -Wall -std=gnu99 -mfpmath=sse -msse2 -mstackrealign -c match_pdict_utils.c -o match_pdict_utils.o
match_pdict_utils.c: In function 'match_ppheadtail0':
match_pdict_utils.c:652:49: warning: unused variable 'ncol' [-Wunused-variable]
int nelt, min_safe_tb_end, max_safe_tb_end, j, ncol;
^~~~
match_pdict_utils.c: In function 'match_ppheadtail':
match_pdict_utils.c:712:6: warning: unused variable 'nelt' [-Wunused-variable]
int nelt, nkey0, nkey1, nkey2, i, key;
^~~~
match_pdict_utils.c: In function '_match_pdict_all_flanks':
match_pdict_utils.c:819:44: warning: unused variable 'subtotal_NFC' [-Wunused-variable]
static unsigned long int total_NFC = 0UL, subtotal_NFC = 0UL;
^~~~~~~~~~~~
match_pdict_utils.c:819:27: warning: unused variable 'total_NFC' [-Wunused-variable]
static unsigned long int total_NFC = 0UL, subtotal_NFC = 0UL;
^~~~~~~~~
match_pdict_utils.c:818:33: warning: unused variable 'NFC' [-Wunused-variable]
unsigned long int ndup, nloci, NFC; // NFC = Number of Flank Comparisons
^~~
match_pdict_utils.c:818:26: warning: unused variable 'nloci' [-Wunused-variable]
unsigned long int ndup, nloci, NFC; // NFC = Number of Flank Comparisons
^~~~~
match_pdict_utils.c:818:20: warning: unused variable 'ndup' [-Wunused-variable]
unsigned long int ndup, nloci, NFC; // NFC = Number of Flank Comparisons
^~~~
At top level:
match_pdict_utils.c:819:27: warning: 'total_NFC' defined but not used [-Wunused-variable]
static unsigned long int total_NFC = 0UL, subtotal_NFC = 0UL;
^~~~~~~~~
match_pdict_utils.c:819:44: warning: 'subtotal_NFC' defined but not used [-Wunused-variable]
static unsigned long int total_NFC = 0UL, subtotal_NFC = 0UL;
^~~~~~~~~~~~
match_pdict_utils.c:260:13: warning: 'match_headtail_by_loc' defined but not used [-Wunused-function]
static void match_headtail_by_loc(const HeadTail *headtail,
^~~~~~~~~~~~~~~~~~~~~
"C:/rtools40/mingw64/bin/"gcc -I"C:/Users/BIOCBU~1/BBS-3~1.13-/R/include" -DNDEBUG -I'C:/Users/biocbuild/bbs-3.13-bioc/R/library/S4Vectors/include' -I'C:/Users/biocbuild/bbs-3.13-bioc/R/library/IRanges/include' -I'C:/Users/biocbuild/bbs-3.13-bioc/R/library/XVector/include' -I"C:/extsoft/include" -O2 -Wall -std=gnu99 -mfpmath=sse -msse2 -mstackrealign -c match_reporting.c -o match_reporting.o
"C:/rtools40/mingw64/bin/"gcc -I"C:/Users/BIOCBU~1/BBS-3~1.13-/R/include" -DNDEBUG -I'C:/Users/biocbuild/bbs-3.13-bioc/R/library/S4Vectors/include' -I'C:/Users/biocbuild/bbs-3.13-bioc/R/library/IRanges/include' -I'C:/Users/biocbuild/bbs-3.13-bioc/R/library/XVector/include' -I"C:/extsoft/include" -O2 -Wall -std=gnu99 -mfpmath=sse -msse2 -mstackrealign -c matchprobes.c -o matchprobes.o
"C:/rtools40/mingw64/bin/"gcc -I"C:/Users/BIOCBU~1/BBS-3~1.13-/R/include" -DNDEBUG -I'C:/Users/biocbuild/bbs-3.13-bioc/R/library/S4Vectors/include' -I'C:/Users/biocbuild/bbs-3.13-bioc/R/library/IRanges/include' -I'C:/Users/biocbuild/bbs-3.13-bioc/R/library/XVector/include' -I"C:/extsoft/include" -O2 -Wall -std=gnu99 -mfpmath=sse -msse2 -mstackrealign -c pmatchPattern.c -o pmatchPattern.o
"C:/rtools40/mingw64/bin/"gcc -I"C:/Users/BIOCBU~1/BBS-3~1.13-/R/include" -DNDEBUG -I'C:/Users/biocbuild/bbs-3.13-bioc/R/library/S4Vectors/include' -I'C:/Users/biocbuild/bbs-3.13-bioc/R/library/IRanges/include' -I'C:/Users/biocbuild/bbs-3.13-bioc/R/library/XVector/include' -I"C:/extsoft/include" -O2 -Wall -std=gnu99 -mfpmath=sse -msse2 -mstackrealign -c read_fasta_files.c -o read_fasta_files.o
read_fasta_files.c: In function 'read_fasta_files':
read_fasta_files.c:186:9: warning: '*((void *)&loader_ext+64)' may be used uninitialized in this function [-Wmaybe-uninitialized]
return loader_ext;
^~~~~~~~~~
read_fasta_files.c:186:9: warning: '*((void *)&loader_ext+72)' may be used uninitialized in this function [-Wmaybe-uninitialized]
read_fasta_files.c: In function 'read_fasta_blocks':
read_fasta_files.c:186:9: warning: '*((void *)&loader_ext+64)' is used uninitialized in this function [-Wuninitialized]
return loader_ext;
^~~~~~~~~~
read_fasta_files.c:186:9: warning: '*((void *)&loader_ext+72)' is used uninitialized in this function [-Wuninitialized]
"C:/rtools40/mingw64/bin/"gcc -I"C:/Users/BIOCBU~1/BBS-3~1.13-/R/include" -DNDEBUG -I'C:/Users/biocbuild/bbs-3.13-bioc/R/library/S4Vectors/include' -I'C:/Users/biocbuild/bbs-3.13-bioc/R/library/IRanges/include' -I'C:/Users/biocbuild/bbs-3.13-bioc/R/library/XVector/include' -I"C:/extsoft/include" -O2 -Wall -std=gnu99 -mfpmath=sse -msse2 -mstackrealign -c read_fastq_files.c -o read_fastq_files.o
read_fastq_files.c: In function 'parse_FASTQ_file':
read_fastq_files.c:392:7: warning: 'dont_load' may be used uninitialized in this function [-Wmaybe-uninitialized]
if (dont_load || loader->new_empty_seq_hook == NULL)
^
"C:/rtools40/mingw64/bin/"gcc -I"C:/Users/BIOCBU~1/BBS-3~1.13-/R/include" -DNDEBUG -I'C:/Users/biocbuild/bbs-3.13-bioc/R/library/S4Vectors/include' -I'C:/Users/biocbuild/bbs-3.13-bioc/R/library/IRanges/include' -I'C:/Users/biocbuild/bbs-3.13-bioc/R/library/XVector/include' -I"C:/extsoft/include" -O2 -Wall -std=gnu99 -mfpmath=sse -msse2 -mstackrealign -c replaceAt.c -o replaceAt.o
"C:/rtools40/mingw64/bin/"gcc -I"C:/Users/BIOCBU~1/BBS-3~1.13-/R/include" -DNDEBUG -I'C:/Users/biocbuild/bbs-3.13-bioc/R/library/S4Vectors/include' -I'C:/Users/biocbuild/bbs-3.13-bioc/R/library/IRanges/include' -I'C:/Users/biocbuild/bbs-3.13-bioc/R/library/XVector/include' -I"C:/extsoft/include" -O2 -Wall -std=gnu99 -mfpmath=sse -msse2 -mstackrealign -c replace_letter_at.c -o replace_letter_at.o
"C:/rtools40/mingw64/bin/"gcc -I"C:/Users/BIOCBU~1/BBS-3~1.13-/R/include" -DNDEBUG -I'C:/Users/biocbuild/bbs-3.13-bioc/R/library/S4Vectors/include' -I'C:/Users/biocbuild/bbs-3.13-bioc/R/library/IRanges/include' -I'C:/Users/biocbuild/bbs-3.13-bioc/R/library/XVector/include' -I"C:/extsoft/include" -O2 -Wall -std=gnu99 -mfpmath=sse -msse2 -mstackrealign -c strutils.c -o strutils.o
"C:/rtools40/mingw64/bin/"gcc -I"C:/Users/BIOCBU~1/BBS-3~1.13-/R/include" -DNDEBUG -I'C:/Users/biocbuild/bbs-3.13-bioc/R/library/S4Vectors/include' -I'C:/Users/biocbuild/bbs-3.13-bioc/R/library/IRanges/include' -I'C:/Users/biocbuild/bbs-3.13-bioc/R/library/XVector/include' -I"C:/extsoft/include" -O2 -Wall -std=gnu99 -mfpmath=sse -msse2 -mstackrealign -c translate.c -o translate.o
translate.c: In function 'DNAStringSet_translate':
translate.c:110:8: warning: 'if_ambig0' may be used uninitialized in this function [-Wmaybe-uninitialized]
if (if_ambig == TRANSLATE_ERROR) {
^
translate.c:136:29: note: 'if_ambig0' was declared here
int ncodes, if_non_ambig0, if_ambig0, ans_length, i, errcode;
^~~~~~~~~
translate.c:106:8: warning: 'if_non_ambig0' may be used uninitialized in this function [-Wmaybe-uninitialized]
if (if_non_ambig == TRANSLATE_TO_X)
^
translate.c:136:14: note: 'if_non_ambig0' was declared here
int ncodes, if_non_ambig0, if_ambig0, ans_length, i, errcode;
^~~~~~~~~~~~~
"C:/rtools40/mingw64/bin/"gcc -I"C:/Users/BIOCBU~1/BBS-3~1.13-/R/include" -DNDEBUG -I'C:/Users/biocbuild/bbs-3.13-bioc/R/library/S4Vectors/include' -I'C:/Users/biocbuild/bbs-3.13-bioc/R/library/IRanges/include' -I'C:/Users/biocbuild/bbs-3.13-bioc/R/library/XVector/include' -I"C:/extsoft/include" -O2 -Wall -std=gnu99 -mfpmath=sse -msse2 -mstackrealign -c unstrsplit_methods.c -o unstrsplit_methods.o
"C:/rtools40/mingw64/bin/"gcc -I"C:/Users/BIOCBU~1/BBS-3~1.13-/R/include" -DNDEBUG -I'C:/Users/biocbuild/bbs-3.13-bioc/R/library/S4Vectors/include' -I'C:/Users/biocbuild/bbs-3.13-bioc/R/library/IRanges/include' -I'C:/Users/biocbuild/bbs-3.13-bioc/R/library/XVector/include' -I"C:/extsoft/include" -O2 -Wall -std=gnu99 -mfpmath=sse -msse2 -mstackrealign -c utils.c -o utils.o
utils.c: In function '_get_twobit_signature':
utils.c:157:9: warning: 'twobit_sign' may be used uninitialized in this function [-Wmaybe-uninitialized]
return twobit_sign;
^~~~~~~~~~~
utils.c: In function '_get_twobit_signature_at':
utils.c:164:12: warning: 'twobit_sign' may be used uninitialized in this function [-Wmaybe-uninitialized]
int i, j, twobit_sign;
^~~~~~~~~~~
"C:/rtools40/mingw64/bin/"gcc -I"C:/Users/BIOCBU~1/BBS-3~1.13-/R/include" -DNDEBUG -I'C:/Users/biocbuild/bbs-3.13-bioc/R/library/S4Vectors/include' -I'C:/Users/biocbuild/bbs-3.13-bioc/R/library/IRanges/include' -I'C:/Users/biocbuild/bbs-3.13-bioc/R/library/XVector/include' -I"C:/extsoft/include" -O2 -Wall -std=gnu99 -mfpmath=sse -msse2 -mstackrealign -c xscat.c -o xscat.o
In file included from C:/Users/biocbuild/bbs-3.13-bioc/R/library/S4Vectors/include/S4Vectors_defines.h:18,
from C:/Users/biocbuild/bbs-3.13-bioc/R/library/IRanges/include/IRanges_defines.h:18,
from ../inst/include/Biostrings_defines.h:18,
from Biostrings.h:1,
from xscat.c:1:
xscat.c: In function 'XString_xscat':
C:/Users/BIOCBU~1/BBS-3~1.13-/R/include/Rdefines.h:100:21: warning: 'ans_length' may be used uninitialized in this function [-Wmaybe-uninitialized]
#define NEW_RAW(n) Rf_allocVector(RAWSXP,n)
^~~~~~~~~~~~~~
xscat.c:18:13: note: 'ans_length' was declared here
int nargs, ans_length, tag_offset, j;
^~~~~~~~~~
xscat.c:52:16: warning: 'ans_classname' may be used uninitialized in this function [-Wmaybe-uninitialized]
PROTECT(ans = new_XRaw_from_tag(ans_classname, ans_tag));
^~~~~~~~~~~~~~~~~
In file included from C:/Users/biocbuild/bbs-3.13-bioc/R/library/S4Vectors/include/S4Vectors_defines.h:18,
from C:/Users/biocbuild/bbs-3.13-bioc/R/library/IRanges/include/IRanges_defines.h:18,
from ../inst/include/Biostrings_defines.h:18,
from Biostrings.h:1,
from xscat.c:1:
xscat.c: In function 'XStringSet_xscat':
C:/Users/BIOCBU~1/BBS-3~1.13-/R/include/Rdefines.h:94:25: warning: 'ans_length' may be used uninitialized in this function [-Wmaybe-uninitialized]
#define NEW_INTEGER(n) Rf_allocVector(INTSXP,n)
^~~~~~~~~~~~~~
xscat.c:66:32: note: 'ans_length' was declared here
int nargs, *arg_lengths, *ii, ans_length, i, j, *width;
^~~~~~~~~~
xscat.c:108:16: warning: 'ans_element_type' may be used uninitialized in this function [-Wmaybe-uninitialized]
PROTECT(ans = _alloc_XStringSet(ans_element_type, ans_width));
^~~~~~~~~~~~~~~~~
C:/rtools40/mingw64/bin/gcc -shared -s -static-libgcc -o Biostrings.dll tmp.def BAB_class.o BitMatrix.o IRanges_stubs.o MIndex_class.o PreprocessedTB_class.o R_init_Biostrings.o RoSeqs_utils.o S4Vectors_stubs.o SparseList_utils.o XStringSetList_class.o XStringSet_class.o XString_class.o XVector_stubs.o align_needwunsQS.o align_pairwiseAlignment.o align_utils.o find_palindromes.o gtestsim.o inject_code.o letter_frequency.o lowlevel_matching.o match_PWM.o match_pattern.o match_pattern_boyermoore.o match_pattern_indels.o match_pattern_shiftor.o match_pdict.o match_pdict_ACtree2.o match_pdict_Twobit.o match_pdict_utils.o match_reporting.o matchprobes.o pmatchPattern.o read_fasta_files.o read_fastq_files.o replaceAt.o replace_letter_at.o strutils.o translate.o unstrsplit_methods.o utils.o xscat.o -LC:/extsoft/lib/x64 -LC:/extsoft/lib -LC:/Users/BIOCBU~1/BBS-3~1.13-/R/bin/x64 -lR
installing to C:/Users/biocbuild/bbs-3.13-bioc/meat/Biostrings.buildbin-libdir/Biostrings/libs/x64
** testing if installed package can be loaded
* MD5 sums
packaged installation of 'Biostrings' as Biostrings_2.60.2.zip
* DONE (Biostrings)
* installing to library 'C:/Users/biocbuild/bbs-3.13-bioc/R/library'
package 'Biostrings' successfully unpacked and MD5 sums checked
|
Biostrings.Rcheck/tests_i386/run_unitTests.Rout
R version 4.1.1 (2021-08-10) -- "Kick Things"
Copyright (C) 2021 The R Foundation for Statistical Computing
Platform: i386-w64-mingw32/i386 (32-bit)
R is free software and comes with ABSOLUTELY NO WARRANTY.
You are welcome to redistribute it under certain conditions.
Type 'license()' or 'licence()' for distribution details.
R is a collaborative project with many contributors.
Type 'contributors()' for more information and
'citation()' on how to cite R or R packages in publications.
Type 'demo()' for some demos, 'help()' for on-line help, or
'help.start()' for an HTML browser interface to help.
Type 'q()' to quit R.
> require("Biostrings") || stop("unable to load Biostrings package")
Loading required package: Biostrings
Loading required package: BiocGenerics
Loading required package: parallel
Attaching package: 'BiocGenerics'
The following objects are masked from 'package:parallel':
clusterApply, clusterApplyLB, clusterCall, clusterEvalQ,
clusterExport, clusterMap, parApply, parCapply, parLapply,
parLapplyLB, parRapply, parSapply, parSapplyLB
The following objects are masked from 'package:stats':
IQR, mad, sd, var, xtabs
The following objects are masked from 'package:base':
Filter, Find, Map, Position, Reduce, anyDuplicated, append,
as.data.frame, basename, cbind, colnames, dirname, do.call,
duplicated, eval, evalq, get, grep, grepl, intersect, is.unsorted,
lapply, mapply, match, mget, order, paste, pmax, pmax.int, pmin,
pmin.int, rank, rbind, rownames, sapply, setdiff, sort, table,
tapply, union, unique, unsplit, which.max, which.min
Loading required package: S4Vectors
Loading required package: stats4
Attaching package: 'S4Vectors'
The following objects are masked from 'package:base':
I, expand.grid, unname
Loading required package: IRanges
Attaching package: 'IRanges'
The following object is masked from 'package:grDevices':
windows
Loading required package: XVector
Loading required package: GenomeInfoDb
Attaching package: 'Biostrings'
The following object is masked from 'package:base':
strsplit
[1] TRUE
> Biostrings:::.test()
RUNIT TEST PROTOCOL -- Thu Oct 14 20:34:41 2021
***********************************************
Number of test functions: 40
Number of errors: 0
Number of failures: 0
1 Test Suite :
Biostrings RUnit Tests - 40 test functions, 0 errors, 0 failures
Number of test functions: 40
Number of errors: 0
Number of failures: 0
>
> proc.time()
user system elapsed
10.82 0.59 42.56
|
Biostrings.Rcheck/tests_x64/run_unitTests.Rout
R version 4.1.1 (2021-08-10) -- "Kick Things"
Copyright (C) 2021 The R Foundation for Statistical Computing
Platform: x86_64-w64-mingw32/x64 (64-bit)
R is free software and comes with ABSOLUTELY NO WARRANTY.
You are welcome to redistribute it under certain conditions.
Type 'license()' or 'licence()' for distribution details.
R is a collaborative project with many contributors.
Type 'contributors()' for more information and
'citation()' on how to cite R or R packages in publications.
Type 'demo()' for some demos, 'help()' for on-line help, or
'help.start()' for an HTML browser interface to help.
Type 'q()' to quit R.
> require("Biostrings") || stop("unable to load Biostrings package")
Loading required package: Biostrings
Loading required package: BiocGenerics
Loading required package: parallel
Attaching package: 'BiocGenerics'
The following objects are masked from 'package:parallel':
clusterApply, clusterApplyLB, clusterCall, clusterEvalQ,
clusterExport, clusterMap, parApply, parCapply, parLapply,
parLapplyLB, parRapply, parSapply, parSapplyLB
The following objects are masked from 'package:stats':
IQR, mad, sd, var, xtabs
The following objects are masked from 'package:base':
Filter, Find, Map, Position, Reduce, anyDuplicated, append,
as.data.frame, basename, cbind, colnames, dirname, do.call,
duplicated, eval, evalq, get, grep, grepl, intersect, is.unsorted,
lapply, mapply, match, mget, order, paste, pmax, pmax.int, pmin,
pmin.int, rank, rbind, rownames, sapply, setdiff, sort, table,
tapply, union, unique, unsplit, which.max, which.min
Loading required package: S4Vectors
Loading required package: stats4
Attaching package: 'S4Vectors'
The following objects are masked from 'package:base':
I, expand.grid, unname
Loading required package: IRanges
Attaching package: 'IRanges'
The following object is masked from 'package:grDevices':
windows
Loading required package: XVector
Loading required package: GenomeInfoDb
Attaching package: 'Biostrings'
The following object is masked from 'package:base':
strsplit
[1] TRUE
> Biostrings:::.test()
RUNIT TEST PROTOCOL -- Thu Oct 14 20:34:52 2021
***********************************************
Number of test functions: 40
Number of errors: 0
Number of failures: 0
1 Test Suite :
Biostrings RUnit Tests - 40 test functions, 0 errors, 0 failures
Number of test functions: 40
Number of errors: 0
Number of failures: 0
>
> proc.time()
user system elapsed
10.17 0.32 10.48
|
|
Biostrings.Rcheck/examples_i386/Biostrings-Ex.timings
|
Biostrings.Rcheck/examples_x64/Biostrings-Ex.timings
|