| Back to Build/check report for BioC 3.12 experimental data |
|
This page was generated on 2021-05-06 14:10:12 -0400 (Thu, 06 May 2021).
|
To the developers/maintainers of the pcaGoPromoter.Hs.hg19 package: Please make sure to use the following settings in order to reproduce any error or warning you see on this page. |
| Package 268/398 | Hostname | OS / Arch | INSTALL | BUILD | CHECK | ||||||||
Morten Hansen
| malbec1 | Linux (Ubuntu 18.04.5 LTS) / x86_64 | OK | OK | WARNINGS | ||||||||
| Package: pcaGoPromoter.Hs.hg19 |
| Version: 1.26.0 |
| Command: /home/biocbuild/bbs-3.12-bioc/R/bin/R CMD check --install=check:pcaGoPromoter.Hs.hg19.install-out.txt --library=/home/biocbuild/bbs-3.12-bioc/R/library --no-vignettes --timings pcaGoPromoter.Hs.hg19_1.26.0.tar.gz |
| StartedAt: 2021-05-06 12:30:23 -0400 (Thu, 06 May 2021) |
| EndedAt: 2021-05-06 12:31:51 -0400 (Thu, 06 May 2021) |
| EllapsedTime: 88.6 seconds |
| RetCode: 0 |
| Status: WARNINGS |
| CheckDir: pcaGoPromoter.Hs.hg19.Rcheck |
| Warnings: 1 |
##############################################################################
##############################################################################
###
### Running command:
###
### /home/biocbuild/bbs-3.12-bioc/R/bin/R CMD check --install=check:pcaGoPromoter.Hs.hg19.install-out.txt --library=/home/biocbuild/bbs-3.12-bioc/R/library --no-vignettes --timings pcaGoPromoter.Hs.hg19_1.26.0.tar.gz
###
##############################################################################
##############################################################################
* using log directory ‘/home/biocbuild/bbs-3.12-data-experiment/meat/pcaGoPromoter.Hs.hg19.Rcheck’
* using R version 4.0.5 (2021-03-31)
* using platform: x86_64-pc-linux-gnu (64-bit)
* using session charset: UTF-8
* using option ‘--no-vignettes’
* checking for file ‘pcaGoPromoter.Hs.hg19/DESCRIPTION’ ... OK
* this is package ‘pcaGoPromoter.Hs.hg19’ version ‘1.26.0’
* checking package namespace information ... OK
* checking package dependencies ... OK
* checking if this is a source package ... OK
* checking if there is a namespace ... OK
* checking for hidden files and directories ... OK
* checking for portable file names ... OK
* checking for sufficient/correct file permissions ... OK
* checking whether package ‘pcaGoPromoter.Hs.hg19’ can be installed ... WARNING
Found the following significant warnings:
Warning: Package 'pcaGoPromoter.Hs.hg19' is deprecated and will be removed from
See ‘/home/biocbuild/bbs-3.12-data-experiment/meat/pcaGoPromoter.Hs.hg19.Rcheck/00install.out’ for details.
* checking installed package size ... NOTE
installed size is 69.7Mb
sub-directories of 1Mb or more:
data 69.6Mb
* checking package directory ... OK
* checking DESCRIPTION meta-information ... NOTE
Malformed Description field: should contain one or more complete sentences.
* checking top-level files ... OK
* checking for left-over files ... OK
* checking index information ... OK
* checking package subdirectories ... OK
* checking R files for non-ASCII characters ... OK
* checking R files for syntax errors ... OK
* checking whether the package can be loaded ... OK
* checking whether the package can be loaded with stated dependencies ... OK
* checking whether the package can be unloaded cleanly ... OK
* checking whether the namespace can be loaded with stated dependencies ... OK
* checking whether the namespace can be unloaded cleanly ... OK
* checking dependencies in R code ... OK
* checking S3 generic/method consistency ... OK
* checking replacement functions ... OK
* checking foreign function calls ... OK
* checking R code for possible problems ... OK
* checking Rd files ... OK
* checking Rd metadata ... OK
* checking Rd cross-references ... OK
* checking for missing documentation entries ... OK
* checking for code/documentation mismatches ... OK
* checking Rd \usage sections ... OK
* checking Rd contents ... OK
* checking for unstated dependencies in examples ... OK
* checking contents of ‘data’ directory ... OK
* checking data for non-ASCII characters ... OK
* checking data for ASCII and uncompressed saves ... OK
* checking examples ... NONE
* checking PDF version of manual ... OK
* DONE
Status: 1 WARNING, 2 NOTEs
See
‘/home/biocbuild/bbs-3.12-data-experiment/meat/pcaGoPromoter.Hs.hg19.Rcheck/00check.log’
for details.
pcaGoPromoter.Hs.hg19.Rcheck/00install.out
############################################################################## ############################################################################## ### ### Running command: ### ### /home/biocbuild/bbs-3.12-bioc/R/bin/R CMD INSTALL pcaGoPromoter.Hs.hg19 ### ############################################################################## ############################################################################## * installing to library ‘/home/biocbuild/bbs-3.12-bioc/R/library’ * installing *source* package ‘pcaGoPromoter.Hs.hg19’ ... ** using staged installation ** R ** data ** byte-compile and prepare package for lazy loading ** help *** installing help indices ** building package indices ** testing if installed package can be loaded from temporary location Warning: Package 'pcaGoPromoter.Hs.hg19' is deprecated and will be removed from Bioconductor version 3.13 ** testing if installed package can be loaded from final location Warning: Package 'pcaGoPromoter.Hs.hg19' is deprecated and will be removed from Bioconductor version 3.13 ** testing if installed package keeps a record of temporary installation path * DONE (pcaGoPromoter.Hs.hg19)