| Back to Build/check report for BioC 3.12 experimental data |
|
This page was generated on 2021-05-06 14:10:09 -0400 (Thu, 06 May 2021).
|
To the developers/maintainers of the geuvPack package: Please make sure to use the following settings in order to reproduce any error or warning you see on this page. |
| Package 144/398 | Hostname | OS / Arch | INSTALL | BUILD | CHECK | ||||||||
VJ Carey
| malbec1 | Linux (Ubuntu 18.04.5 LTS) / x86_64 | OK | OK | WARNINGS | ||||||||
| Package: geuvPack |
| Version: 1.22.0 |
| Command: /home/biocbuild/bbs-3.12-bioc/R/bin/R CMD check --install=check:geuvPack.install-out.txt --library=/home/biocbuild/bbs-3.12-bioc/R/library --no-vignettes --timings geuvPack_1.22.0.tar.gz |
| StartedAt: 2021-05-06 12:05:57 -0400 (Thu, 06 May 2021) |
| EndedAt: 2021-05-06 12:09:32 -0400 (Thu, 06 May 2021) |
| EllapsedTime: 214.8 seconds |
| RetCode: 0 |
| Status: WARNINGS |
| CheckDir: geuvPack.Rcheck |
| Warnings: 1 |
##############################################################################
##############################################################################
###
### Running command:
###
### /home/biocbuild/bbs-3.12-bioc/R/bin/R CMD check --install=check:geuvPack.install-out.txt --library=/home/biocbuild/bbs-3.12-bioc/R/library --no-vignettes --timings geuvPack_1.22.0.tar.gz
###
##############################################################################
##############################################################################
* using log directory ‘/home/biocbuild/bbs-3.12-data-experiment/meat/geuvPack.Rcheck’
* using R version 4.0.5 (2021-03-31)
* using platform: x86_64-pc-linux-gnu (64-bit)
* using session charset: UTF-8
* using option ‘--no-vignettes’
* checking for file ‘geuvPack/DESCRIPTION’ ... OK
* this is package ‘geuvPack’ version ‘1.22.0’
* checking package namespace information ... OK
* checking package dependencies ... OK
* checking if this is a source package ... OK
* checking if there is a namespace ... OK
* checking for hidden files and directories ... OK
* checking for portable file names ... OK
* checking for sufficient/correct file permissions ... OK
* checking whether package ‘geuvPack’ can be installed ... WARNING
Found the following significant warnings:
Warning: Package 'geuvPack' is deprecated and will be removed from Bioconductor
See ‘/home/biocbuild/bbs-3.12-data-experiment/meat/geuvPack.Rcheck/00install.out’ for details.
* checking installed package size ... NOTE
installed size is 93.1Mb
sub-directories of 1Mb or more:
data 93.0Mb
* checking package directory ... OK
* checking DESCRIPTION meta-information ... NOTE
Malformed Description field: should contain one or more complete sentences.
* checking top-level files ... OK
* checking for left-over files ... OK
* checking index information ... OK
* checking package subdirectories ... OK
* checking R files for non-ASCII characters ... OK
* checking R files for syntax errors ... OK
* checking whether the package can be loaded ... OK
* checking whether the package can be loaded with stated dependencies ... OK
* checking whether the package can be unloaded cleanly ... OK
* checking whether the namespace can be loaded with stated dependencies ... OK
* checking whether the namespace can be unloaded cleanly ... OK
* checking dependencies in R code ... OK
* checking S3 generic/method consistency ... OK
* checking replacement functions ... OK
* checking foreign function calls ... OK
* checking R code for possible problems ... NOTE
gtpath: no visible global function definition for ‘is’
Undefined global functions or variables:
is
Consider adding
importFrom("methods", "is")
to your NAMESPACE file (and ensure that your DESCRIPTION Imports field
contains 'methods').
* checking Rd files ... OK
* checking Rd metadata ... OK
* checking Rd cross-references ... OK
* checking for missing documentation entries ... OK
* checking for code/documentation mismatches ... OK
* checking Rd \usage sections ... OK
* checking Rd contents ... OK
* checking for unstated dependencies in examples ... OK
* checking contents of ‘data’ directory ... OK
* checking data for non-ASCII characters ... OK
* checking data for ASCII and uncompressed saves ... OK
* checking examples ... OK
Examples with CPU (user + system) or elapsed time > 5s
user system elapsed
geuFPKM 7.756 0.100 7.860
gsvs 7.736 0.096 7.836
* checking PDF version of manual ... OK
* DONE
Status: 1 WARNING, 3 NOTEs
See
‘/home/biocbuild/bbs-3.12-data-experiment/meat/geuvPack.Rcheck/00check.log’
for details.
geuvPack.Rcheck/00install.out
############################################################################## ############################################################################## ### ### Running command: ### ### /home/biocbuild/bbs-3.12-bioc/R/bin/R CMD INSTALL geuvPack ### ############################################################################## ############################################################################## * installing to library ‘/home/biocbuild/bbs-3.12-bioc/R/library’ * installing *source* package ‘geuvPack’ ... ** using staged installation ** R ** data ** byte-compile and prepare package for lazy loading ** help *** installing help indices ** building package indices ** testing if installed package can be loaded from temporary location Warning: Package 'geuvPack' is deprecated and will be removed from Bioconductor version 3.13 ** testing if installed package can be loaded from final location Warning: Package 'geuvPack' is deprecated and will be removed from Bioconductor version 3.13 ** testing if installed package keeps a record of temporary installation path * DONE (geuvPack)
geuvPack.Rcheck/geuvPack-Ex.timings
| name | user | system | elapsed | |
| geuFPKM | 7.756 | 0.100 | 7.860 | |
| gsvs | 7.736 | 0.096 | 7.836 | |
| gtpath | 0 | 0 | 0 | |