| Back to Build/check report for BioC 3.12 experimental data |
|
This page was generated on 2021-05-06 14:10:05 -0400 (Thu, 06 May 2021).
|
To the developers/maintainers of the beta7 package: Please make sure to use the following settings in order to reproduce any error or warning you see on this page. |
| Package 26/398 | Hostname | OS / Arch | INSTALL | BUILD | CHECK | ||||||||
| beta7 1.28.0 (landing page) Jean Yang
| malbec1 | Linux (Ubuntu 18.04.5 LTS) / x86_64 | OK | OK | WARNINGS | ||||||||
| Package: beta7 |
| Version: 1.28.0 |
| Command: /home/biocbuild/bbs-3.12-bioc/R/bin/R CMD check --install=check:beta7.install-out.txt --library=/home/biocbuild/bbs-3.12-bioc/R/library --no-vignettes --timings beta7_1.28.0.tar.gz |
| StartedAt: 2021-05-06 11:36:17 -0400 (Thu, 06 May 2021) |
| EndedAt: 2021-05-06 11:36:29 -0400 (Thu, 06 May 2021) |
| EllapsedTime: 11.7 seconds |
| RetCode: 0 |
| Status: WARNINGS |
| CheckDir: beta7.Rcheck |
| Warnings: 2 |
##############################################################################
##############################################################################
###
### Running command:
###
### /home/biocbuild/bbs-3.12-bioc/R/bin/R CMD check --install=check:beta7.install-out.txt --library=/home/biocbuild/bbs-3.12-bioc/R/library --no-vignettes --timings beta7_1.28.0.tar.gz
###
##############################################################################
##############################################################################
* using log directory ‘/home/biocbuild/bbs-3.12-data-experiment/meat/beta7.Rcheck’
* using R version 4.0.5 (2021-03-31)
* using platform: x86_64-pc-linux-gnu (64-bit)
* using session charset: UTF-8
* using option ‘--no-vignettes’
* checking for file ‘beta7/DESCRIPTION’ ... OK
* this is package ‘beta7’ version ‘1.28.0’
* checking package namespace information ... OK
* checking package dependencies ... OK
* checking if this is a source package ... OK
* checking if there is a namespace ... OK
* checking for hidden files and directories ... OK
* checking for portable file names ... OK
* checking for sufficient/correct file permissions ... OK
* checking whether package ‘beta7’ can be installed ... OK
* checking installed package size ... NOTE
installed size is 37.3Mb
sub-directories of 1Mb or more:
beta7 35.8Mb
data 1.5Mb
* checking package directory ... OK
* checking DESCRIPTION meta-information ... OK
* checking top-level files ... OK
* checking for left-over files ... OK
* checking index information ... OK
* checking package subdirectories ... WARNING
Subdirectory ‘data’ contains no data sets.
* checking whether the package can be loaded ... OK
* checking whether the package can be loaded with stated dependencies ... OK
* checking whether the package can be unloaded cleanly ... OK
* checking whether the namespace can be loaded with stated dependencies ... OK
* checking whether the namespace can be unloaded cleanly ... OK
* checking Rd files ... OK
* checking Rd metadata ... OK
* checking Rd cross-references ... OK
* checking for missing documentation entries ... OK
* checking for code/documentation mismatches ... OK
* checking Rd \usage sections ... OK
* checking Rd contents ... OK
* checking for unstated dependencies in examples ... OK
* checking contents of ‘data’ directory ... WARNING
Files not of a type allowed in a ‘data’ directory:
‘Rdata.rdb’ ‘Rdata.rds’ ‘Rdata.rdx’
Please use e.g. ‘inst/extdata’ for non-R data files
* checking data for non-ASCII characters ... OK
* checking data for ASCII and uncompressed saves ... OK
* checking examples ... OK
* checking PDF version of manual ... OK
* DONE
Status: 2 WARNINGs, 1 NOTE
See
‘/home/biocbuild/bbs-3.12-data-experiment/meat/beta7.Rcheck/00check.log’
for details.
beta7.Rcheck/00install.out
############################################################################## ############################################################################## ### ### Running command: ### ### /home/biocbuild/bbs-3.12-bioc/R/bin/R CMD INSTALL beta7 ### ############################################################################## ############################################################################## * installing to library ‘/home/biocbuild/bbs-3.12-bioc/R/library’ * installing *source* package ‘beta7’ ... ** using staged installation ** data ** inst ** help *** installing help indices ** building package indices ** testing if installed package can be loaded from temporary location ** testing if installed package can be loaded from final location ** testing if installed package keeps a record of temporary installation path * DONE (beta7)
beta7.Rcheck/beta7-Ex.timings
| name | user | system | elapsed | |
| beta7 | 0.188 | 0.028 | 0.228 | |