| Back to Build/check report for BioC 3.12 experimental data |
|
This page was generated on 2021-05-06 14:10:13 -0400 (Thu, 06 May 2021).
|
To the developers/maintainers of the PtH2O2lipids package: Please make sure to use the following settings in order to reproduce any error or warning you see on this page. |
| Package 288/398 | Hostname | OS / Arch | INSTALL | BUILD | CHECK | ||||||||
| PtH2O2lipids 1.16.0 (landing page) James Collins
| malbec1 | Linux (Ubuntu 18.04.5 LTS) / x86_64 | OK | OK | WARNINGS | ||||||||
| Package: PtH2O2lipids |
| Version: 1.16.0 |
| Command: /home/biocbuild/bbs-3.12-bioc/R/bin/R CMD check --install=check:PtH2O2lipids.install-out.txt --library=/home/biocbuild/bbs-3.12-bioc/R/library --no-vignettes --timings PtH2O2lipids_1.16.0.tar.gz |
| StartedAt: 2021-05-06 12:33:42 -0400 (Thu, 06 May 2021) |
| EndedAt: 2021-05-06 12:37:51 -0400 (Thu, 06 May 2021) |
| EllapsedTime: 249.5 seconds |
| RetCode: 0 |
| Status: WARNINGS |
| CheckDir: PtH2O2lipids.Rcheck |
| Warnings: 2 |
##############################################################################
##############################################################################
###
### Running command:
###
### /home/biocbuild/bbs-3.12-bioc/R/bin/R CMD check --install=check:PtH2O2lipids.install-out.txt --library=/home/biocbuild/bbs-3.12-bioc/R/library --no-vignettes --timings PtH2O2lipids_1.16.0.tar.gz
###
##############################################################################
##############################################################################
* using log directory ‘/home/biocbuild/bbs-3.12-data-experiment/meat/PtH2O2lipids.Rcheck’
* using R version 4.0.5 (2021-03-31)
* using platform: x86_64-pc-linux-gnu (64-bit)
* using session charset: UTF-8
* using option ‘--no-vignettes’
* checking for file ‘PtH2O2lipids/DESCRIPTION’ ... OK
* this is package ‘PtH2O2lipids’ version ‘1.16.0’
* checking package namespace information ... OK
* checking package dependencies ... OK
* checking if this is a source package ... OK
* checking if there is a namespace ... OK
* checking for hidden files and directories ... OK
* checking for portable file names ... OK
* checking for sufficient/correct file permissions ... OK
* checking whether package ‘PtH2O2lipids’ can be installed ... WARNING
Found the following significant warnings:
Warning: multiple methods tables found for ‘polarity<-’
Warning: replacing previous import ‘xcms::polarity<-’ by ‘LOBSTAHS::polarity<-’ when loading ‘PtH2O2lipids’
See ‘/home/biocbuild/bbs-3.12-data-experiment/meat/PtH2O2lipids.Rcheck/00install.out’ for details.
* checking installed package size ... NOTE
installed size is 15.6Mb
sub-directories of 1Mb or more:
data 15.5Mb
* checking package directory ... OK
* checking DESCRIPTION meta-information ... OK
* checking top-level files ... OK
* checking for left-over files ... OK
* checking index information ... OK
* checking package subdirectories ... OK
* checking R files for non-ASCII characters ... OK
* checking R files for syntax errors ... OK
* checking whether the package can be loaded ... OK
* checking whether the package can be loaded with stated dependencies ... OK
* checking whether the package can be unloaded cleanly ... OK
* checking whether the namespace can be loaded with stated dependencies ... OK
* checking whether the namespace can be unloaded cleanly ... OK
* checking dependencies in R code ... OK
* checking S3 generic/method consistency ... OK
* checking replacement functions ... OK
* checking foreign function calls ... OK
* checking R code for possible problems ... OK
* checking Rd files ... OK
* checking Rd metadata ... OK
* checking Rd cross-references ... WARNING
Missing link or links in documentation object 'PtH2O2lipids.Rd':
‘LOBSet-class-class’
See section 'Cross-references' in the 'Writing R Extensions' manual.
* checking for missing documentation entries ... OK
* checking for code/documentation mismatches ... OK
* checking Rd \usage sections ... OK
* checking Rd contents ... OK
* checking for unstated dependencies in examples ... OK
* checking contents of ‘data’ directory ... OK
* checking data for non-ASCII characters ... OK
* checking data for ASCII and uncompressed saves ... OK
* checking examples ... OK
* checking PDF version of manual ... OK
* DONE
Status: 2 WARNINGs, 1 NOTE
See
‘/home/biocbuild/bbs-3.12-data-experiment/meat/PtH2O2lipids.Rcheck/00check.log’
for details.
PtH2O2lipids.Rcheck/00install.out
############################################################################## ############################################################################## ### ### Running command: ### ### /home/biocbuild/bbs-3.12-bioc/R/bin/R CMD INSTALL PtH2O2lipids ### ############################################################################## ############################################################################## * installing to library ‘/home/biocbuild/bbs-3.12-bioc/R/library’ * installing *source* package ‘PtH2O2lipids’ ... ** using staged installation ** R ** data ** inst ** byte-compile and prepare package for lazy loading Warning message: multiple methods tables found for ‘polarity<-’ Warning: replacing previous import ‘xcms::polarity<-’ by ‘LOBSTAHS::polarity<-’ when loading ‘PtH2O2lipids’ ** help *** installing help indices ** building package indices ** testing if installed package can be loaded from temporary location Warning: multiple methods tables found for ‘polarity<-’ Warning: replacing previous import ‘xcms::polarity<-’ by ‘LOBSTAHS::polarity<-’ when loading ‘PtH2O2lipids’ ** testing if installed package can be loaded from final location Warning: multiple methods tables found for ‘polarity<-’ Warning: replacing previous import ‘xcms::polarity<-’ by ‘LOBSTAHS::polarity<-’ when loading ‘PtH2O2lipids’ ** testing if installed package keeps a record of temporary installation path * DONE (PtH2O2lipids)
PtH2O2lipids.Rcheck/PtH2O2lipids-Ex.timings
| name | user | system | elapsed | |
| PtH2O2lipids | 0.024 | 0.004 | 0.031 | |