| Back to Build/check report for BioC 3.12 experimental data |
|
This page was generated on 2021-05-06 14:10:11 -0400 (Thu, 06 May 2021).
|
To the developers/maintainers of the IHWpaper package: Please make sure to use the following settings in order to reproduce any error or warning you see on this page. |
| Package 187/398 | Hostname | OS / Arch | INSTALL | BUILD | CHECK | ||||||||
| IHWpaper 1.18.0 (landing page) Nikos Ignatiadis
| malbec1 | Linux (Ubuntu 18.04.5 LTS) / x86_64 | OK | OK | ERROR | ||||||||
| Package: IHWpaper |
| Version: 1.18.0 |
| Command: /home/biocbuild/bbs-3.12-bioc/R/bin/R CMD check --install=check:IHWpaper.install-out.txt --library=/home/biocbuild/bbs-3.12-bioc/R/library --no-vignettes --timings IHWpaper_1.18.0.tar.gz |
| StartedAt: 2021-05-06 12:15:21 -0400 (Thu, 06 May 2021) |
| EndedAt: 2021-05-06 12:18:22 -0400 (Thu, 06 May 2021) |
| EllapsedTime: 181.4 seconds |
| RetCode: 1 |
| Status: ERROR |
| CheckDir: IHWpaper.Rcheck |
| Warnings: NA |
##############################################################################
##############################################################################
###
### Running command:
###
### /home/biocbuild/bbs-3.12-bioc/R/bin/R CMD check --install=check:IHWpaper.install-out.txt --library=/home/biocbuild/bbs-3.12-bioc/R/library --no-vignettes --timings IHWpaper_1.18.0.tar.gz
###
##############################################################################
##############################################################################
* using log directory ‘/home/biocbuild/bbs-3.12-data-experiment/meat/IHWpaper.Rcheck’
* using R version 4.0.5 (2021-03-31)
* using platform: x86_64-pc-linux-gnu (64-bit)
* using session charset: UTF-8
* using option ‘--no-vignettes’
* checking for file ‘IHWpaper/DESCRIPTION’ ... OK
* this is package ‘IHWpaper’ version ‘1.18.0’
* checking package namespace information ... OK
* checking package dependencies ... OK
* checking if this is a source package ... OK
* checking if there is a namespace ... OK
* checking for hidden files and directories ... NOTE
Found the following hidden files and directories:
.travis.yml
These were most likely included in error. See section ‘Package
structure’ in the ‘Writing R Extensions’ manual.
* checking for portable file names ... OK
* checking for sufficient/correct file permissions ... OK
* checking whether package ‘IHWpaper’ can be installed ... OK
* checking installed package size ... NOTE
installed size is 72.5Mb
sub-directories of 1Mb or more:
extdata 70.6Mb
* checking package directory ... OK
* checking ‘build’ directory ... OK
* checking DESCRIPTION meta-information ... OK
* checking top-level files ... OK
* checking for left-over files ... OK
* checking index information ... OK
* checking package subdirectories ... OK
* checking R files for non-ASCII characters ... OK
* checking R files for syntax errors ... OK
* checking whether the package can be loaded ... OK
* checking whether the package can be loaded with stated dependencies ... OK
* checking whether the package can be unloaded cleanly ... OK
* checking whether the namespace can be loaded with stated dependencies ... OK
* checking whether the namespace can be unloaded cleanly ... OK
* checking dependencies in R code ... OK
* checking S3 generic/method consistency ... OK
* checking replacement functions ... OK
* checking foreign function calls ... OK
* checking R code for possible problems ... NOTE
scott_fdrreg: no visible global function definition for ‘FDRreg’
scott_fdrreg: no visible global function definition for ‘getFDR’
sim_fun_eval: no visible binding for global variable ‘fdr_method’
sim_fun_eval: no visible binding for global variable ‘fdr_pars’
sim_fun_eval: no visible binding for global variable ‘FDP’
sim_fun_eval: no visible binding for global variable ‘power’
sim_fun_eval: no visible binding for global variable ‘rj_ratio’
sim_fun_eval: no visible binding for global variable ‘FPR’
sim_fun_eval: no visible global function definition for ‘sd’
sim_fun_eval: no visible binding for global variable ‘FWER’
Undefined global functions or variables:
FDP FDRreg FPR FWER fdr_method fdr_pars getFDR power rj_ratio sd
Consider adding
importFrom("stats", "power", "sd")
to your NAMESPACE file.
* checking Rd files ... OK
* checking Rd metadata ... OK
* checking Rd cross-references ... OK
* checking for missing documentation entries ... OK
* checking for code/documentation mismatches ... OK
* checking Rd \usage sections ... OK
* checking Rd contents ... OK
* checking for unstated dependencies in examples ... OK
* checking line endings in C/C++/Fortran sources/headers ... OK
* checking compiled code ... NOTE
Note: information on .o files is not available
* checking files in ‘vignettes’ ... OK
* checking examples ... ERROR
Running examples in ‘IHWpaper-Ex.R’ failed
The error most likely occurred in:
> base::assign(".ptime", proc.time(), pos = "CheckExEnv")
> ### Name: analyze_dataset
> ### Title: analyze_dataset: Basically performs preprocessing and then
> ### returns analyzed RNASeq dataset (diff. expression) , i.e. the DESeq2
> ### result whose p-values and baseMean statistics can then be used with
> ### DDHW
> ### Aliases: analyze_dataset
>
> ### ** Examples
>
> pasilla <- analyze_dataset("pasilla")
Warning in data("pasillaGenes", package = "pasilla", envir = environment()) :
data set ‘pasillaGenes’ not found
Error in (function (classes, fdef, mtable) :
unable to find an inherited method for function ‘counts’ for signature ‘"NULL"’
Calls: analyze_dataset -> counts -> <Anonymous>
Execution halted
* checking for unstated dependencies in ‘tests’ ... OK
* checking tests ...
Running ‘testthat.R’
ERROR
Running the tests in ‘tests/testthat.R’ failed.
Last 13 lines of output:
[1] "IHW-Bonferroni E3"
[1] "Bonferroni"
[1] "qvalue"
══ Failed tests ════════════════════════════════════════════════════════════════
── Error (test_analyze_datasets.R:4:1): (code run outside of `test_that()`) ────
Error: unable to find an inherited method for function 'counts' for signature '"NULL"'
Backtrace:
█
1. └─IHWpaper::analyze_dataset("pasilla") test_analyze_datasets.R:4:0
2. └─BiocGenerics::counts(pasillaGenes)
3. └─(function (classes, fdef, mtable) ...
[ FAIL 1 | WARN 1 | SKIP 0 | PASS 1 ]
Error: Test failures
Execution halted
* checking for unstated dependencies in vignettes ... OK
* checking package vignettes in ‘inst/doc’ ... OK
* checking running R code from vignettes ... SKIPPED
* checking re-building of vignette outputs ... SKIPPED
* checking PDF version of manual ... OK
* DONE
Status: 2 ERRORs, 4 NOTEs
See
‘/home/biocbuild/bbs-3.12-data-experiment/meat/IHWpaper.Rcheck/00check.log’
for details.
IHWpaper.Rcheck/00install.out
############################################################################## ############################################################################## ### ### Running command: ### ### /home/biocbuild/bbs-3.12-bioc/R/bin/R CMD INSTALL IHWpaper ### ############################################################################## ############################################################################## * installing to library ‘/home/biocbuild/bbs-3.12-bioc/R/library’ * installing *source* package ‘IHWpaper’ ... ** using staged installation ** libs g++ -std=gnu++11 -I"/home/biocbuild/bbs-3.12-bioc/R/include" -DNDEBUG -I'/home/biocbuild/bbs-3.12-bioc/R/library/Rcpp/include' -I/usr/local/include -fpic -g -O2 -Wall -c RcppExports.cpp -o RcppExports.o g++ -std=gnu++11 -I"/home/biocbuild/bbs-3.12-bioc/R/include" -DNDEBUG -I'/home/biocbuild/bbs-3.12-bioc/R/library/Rcpp/include' -I/usr/local/include -fpic -g -O2 -Wall -c ddhf.cpp -o ddhf.o g++ -std=gnu++11 -shared -L/home/biocbuild/bbs-3.12-bioc/R/lib -L/usr/local/lib -o IHWpaper.so RcppExports.o ddhf.o -L/home/biocbuild/bbs-3.12-bioc/R/lib -lR installing to /home/biocbuild/bbs-3.12-bioc/R/library/00LOCK-IHWpaper/00new/IHWpaper/libs ** R ** inst ** byte-compile and prepare package for lazy loading ** help *** installing help indices ** building package indices ** installing vignettes ** testing if installed package can be loaded from temporary location ** checking absolute paths in shared objects and dynamic libraries ** testing if installed package can be loaded from final location ** testing if installed package keeps a record of temporary installation path * DONE (IHWpaper)
IHWpaper.Rcheck/tests/testthat.Rout.fail
R version 4.0.5 (2021-03-31) -- "Shake and Throw"
Copyright (C) 2021 The R Foundation for Statistical Computing
Platform: x86_64-pc-linux-gnu (64-bit)
R is free software and comes with ABSOLUTELY NO WARRANTY.
You are welcome to redistribute it under certain conditions.
Type 'license()' or 'licence()' for distribution details.
R is a collaborative project with many contributors.
Type 'contributors()' for more information and
'citation()' on how to cite R or R packages in publications.
Type 'demo()' for some demos, 'help()' for on-line help, or
'help.start()' for an HTML browser interface to help.
Type 'q()' to quit R.
> library("testthat")
> library("IHWpaper")
Loading required package: IHW
>
> test_check("IHWpaper")
[1] "BH"
[1] "LSL GBH"
[1] "TST GBH"
[1] "SBH"
[1] "Clfdr"
[1] "Greedy Indep. Filt."
[1] "IHW"
[1] "IHW-Bonferroni E3"
[1] "Bonferroni"
[1] "qvalue"
══ Failed tests ════════════════════════════════════════════════════════════════
── Error (test_analyze_datasets.R:4:1): (code run outside of `test_that()`) ────
Error: unable to find an inherited method for function 'counts' for signature '"NULL"'
Backtrace:
█
1. └─IHWpaper::analyze_dataset("pasilla") test_analyze_datasets.R:4:0
2. └─BiocGenerics::counts(pasillaGenes)
3. └─(function (classes, fdef, mtable) ...
[ FAIL 1 | WARN 1 | SKIP 0 | PASS 1 ]
Error: Test failures
Execution halted
IHWpaper.Rcheck/IHWpaper-Ex.timings
| name | user | system | elapsed |