| Back to Multiple platform build/check report for BioC 3.12 |
|
This page was generated on 2021-05-06 12:32:50 -0400 (Thu, 06 May 2021).
|
To the developers/maintainers of the procoil package: Please make sure to use the following settings in order to reproduce any error or warning you see on this page. |
| Package 1390/1974 | Hostname | OS / Arch | INSTALL | BUILD | CHECK | BUILD BIN | ||||||||
| procoil 2.18.0 (landing page) Ulrich Bodenhofer
| malbec1 | Linux (Ubuntu 18.04.5 LTS) / x86_64 | OK | OK | OK | |||||||||
| tokay1 | Windows Server 2012 R2 Standard / x64 | OK | OK | WARNINGS | OK | |||||||||
| merida1 | macOS 10.14.6 Mojave / x86_64 | OK | OK | OK | OK | |||||||||
| Package: procoil |
| Version: 2.18.0 |
| Command: C:\Users\biocbuild\bbs-3.12-bioc\R\bin\R.exe CMD check --force-multiarch --install=check:procoil.install-out.txt --library=C:\Users\biocbuild\bbs-3.12-bioc\R\library --no-vignettes --timings procoil_2.18.0.tar.gz |
| StartedAt: 2021-05-06 05:43:12 -0400 (Thu, 06 May 2021) |
| EndedAt: 2021-05-06 05:46:26 -0400 (Thu, 06 May 2021) |
| EllapsedTime: 193.9 seconds |
| RetCode: 0 |
| Status: WARNINGS |
| CheckDir: procoil.Rcheck |
| Warnings: 1 |
############################################################################## ############################################################################## ### ### Running command: ### ### C:\Users\biocbuild\bbs-3.12-bioc\R\bin\R.exe CMD check --force-multiarch --install=check:procoil.install-out.txt --library=C:\Users\biocbuild\bbs-3.12-bioc\R\library --no-vignettes --timings procoil_2.18.0.tar.gz ### ############################################################################## ############################################################################## * using log directory 'C:/Users/biocbuild/bbs-3.12-bioc/meat/procoil.Rcheck' * using R version 4.0.5 (2021-03-31) * using platform: x86_64-w64-mingw32 (64-bit) * using session charset: ISO8859-1 * using option '--no-vignettes' * checking for file 'procoil/DESCRIPTION' ... OK * checking extension type ... Package * this is package 'procoil' version '2.18.0' * checking package namespace information ... OK * checking package dependencies ... OK * checking if this is a source package ... OK * checking if there is a namespace ... OK * checking for hidden files and directories ... OK * checking for portable file names ... OK * checking whether package 'procoil' can be installed ... WARNING Found the following significant warnings: Rd warning: C:/Users/biocbuild/bbs-3.12-bioc/tmpdir/RtmpiUFA6M/R.INSTALL29783d114d74/procoil/man/plot-methods.Rd:58: file link 'plot' in package 'graphics' does not exist and so has been treated as a topic See 'C:/Users/biocbuild/bbs-3.12-bioc/meat/procoil.Rcheck/00install.out' for details. * checking installed package size ... OK * checking package directory ... OK * checking 'build' directory ... OK * checking DESCRIPTION meta-information ... OK * checking top-level files ... OK * checking for left-over files ... OK * checking index information ... OK * checking package subdirectories ... OK * checking R files for non-ASCII characters ... OK * checking R files for syntax errors ... OK * loading checks for arch 'i386' ** checking whether the package can be loaded ... OK ** checking whether the package can be loaded with stated dependencies ... OK ** checking whether the package can be unloaded cleanly ... OK ** checking whether the namespace can be loaded with stated dependencies ... OK ** checking whether the namespace can be unloaded cleanly ... OK * loading checks for arch 'x64' ** checking whether the package can be loaded ... OK ** checking whether the package can be loaded with stated dependencies ... OK ** checking whether the package can be unloaded cleanly ... OK ** checking whether the namespace can be loaded with stated dependencies ... OK ** checking whether the namespace can be unloaded cleanly ... OK * checking dependencies in R code ... OK * checking S3 generic/method consistency ... OK * checking replacement functions ... OK * checking foreign function calls ... OK * checking R code for possible problems ... OK * checking Rd files ... OK * checking Rd metadata ... OK * checking Rd cross-references ... OK * checking for missing documentation entries ... OK * checking for code/documentation mismatches ... OK * checking Rd \usage sections ... OK * checking Rd contents ... OK * checking for unstated dependencies in examples ... OK * checking contents of 'data' directory ... OK * checking data for non-ASCII characters ... OK * checking data for ASCII and uncompressed saves ... OK * checking files in 'vignettes' ... OK * checking examples ... ** running examples for arch 'i386' ... OK ** running examples for arch 'x64' ... OK * checking for unstated dependencies in vignettes ... OK * checking package vignettes in 'inst/doc' ... OK * checking running R code from vignettes ... SKIPPED * checking re-building of vignette outputs ... SKIPPED * checking PDF version of manual ... OK * DONE Status: 1 WARNING See 'C:/Users/biocbuild/bbs-3.12-bioc/meat/procoil.Rcheck/00check.log' for details.
procoil.Rcheck/00install.out
##############################################################################
##############################################################################
###
### Running command:
###
### C:\cygwin\bin\curl.exe -O http://172.29.0.3/BBS/3.12/bioc/src/contrib/procoil_2.18.0.tar.gz && rm -rf procoil.buildbin-libdir && mkdir procoil.buildbin-libdir && C:\Users\biocbuild\bbs-3.12-bioc\R\bin\R.exe CMD INSTALL --merge-multiarch --build --library=procoil.buildbin-libdir procoil_2.18.0.tar.gz && C:\Users\biocbuild\bbs-3.12-bioc\R\bin\R.exe CMD INSTALL procoil_2.18.0.zip && rm procoil_2.18.0.tar.gz procoil_2.18.0.zip
###
##############################################################################
##############################################################################
% Total % Received % Xferd Average Speed Time Time Time Current
Dload Upload Total Spent Left Speed
0 0 0 0 0 0 0 0 --:--:-- --:--:-- --:--:-- 0
0 834k 0 8517 0 0 401k 0 0:00:02 --:--:-- 0:00:02 396k
100 834k 100 834k 0 0 28.2M 0 --:--:-- --:--:-- --:--:-- 28.0M
install for i386
* installing *source* package 'procoil' ...
** using staged installation
** R
** data
*** moving datasets to lazyload DB
** inst
** byte-compile and prepare package for lazy loading
** help
*** installing help indices
converting help for package 'procoil'
finding HTML links ... done
CCModel-FileOps html
CCModel-class html
CCProfile-class html
finding level-2 HTML links ... done
plot-methods html
Rd warning: C:/Users/biocbuild/bbs-3.12-bioc/tmpdir/RtmpiUFA6M/R.INSTALL29783d114d74/procoil/man/plot-methods.Rd:58: file link 'plot' in package 'graphics' does not exist and so has been treated as a topic
predict-methods html
procoil-package html
** building package indices
** installing vignettes
** testing if installed package can be loaded from temporary location
** testing if installed package can be loaded from final location
** testing if installed package keeps a record of temporary installation path
install for x64
* installing *source* package 'procoil' ...
** testing if installed package can be loaded
* MD5 sums
packaged installation of 'procoil' as procoil_2.18.0.zip
* DONE (procoil)
* installing to library 'C:/Users/biocbuild/bbs-3.12-bioc/R/library'
package 'procoil' successfully unpacked and MD5 sums checked
|
procoil.Rcheck/examples_i386/procoil-Ex.timings
|
procoil.Rcheck/examples_x64/procoil-Ex.timings
|