| Back to Multiple platform build/check report for BioC 3.12 |
|
This page was generated on 2021-05-06 12:35:43 -0400 (Thu, 06 May 2021).
|
To the developers/maintainers of the methyvim package: Please make sure to use the following settings in order to reproduce any error or warning you see on this page. |
| Package 1084/1974 | Hostname | OS / Arch | INSTALL | BUILD | CHECK | BUILD BIN | ||||||||
Nima Hejazi
| malbec1 | Linux (Ubuntu 18.04.5 LTS) / x86_64 | OK | ERROR | skipped | |||||||||
| tokay1 | Windows Server 2012 R2 Standard / x64 | OK | ERROR | skipped | skipped | |||||||||
| merida1 | macOS 10.14.6 Mojave / x86_64 | OK | ERROR | skipped | skipped | |||||||||
| Package: methyvim |
| Version: 1.12.0 |
| Command: /Library/Frameworks/R.framework/Versions/Current/Resources/bin/R CMD build --keep-empty-dirs --no-resave-data methyvim |
| StartedAt: 2021-05-05 20:39:12 -0400 (Wed, 05 May 2021) |
| EndedAt: 2021-05-05 20:41:54 -0400 (Wed, 05 May 2021) |
| EllapsedTime: 161.7 seconds |
| RetCode: 1 |
| Status: ERROR |
| PackageFile: None |
| PackageFileSize: NA |
############################################################################## ############################################################################## ### ### Running command: ### ### /Library/Frameworks/R.framework/Versions/Current/Resources/bin/R CMD build --keep-empty-dirs --no-resave-data methyvim ### ############################################################################## ############################################################################## * checking for file ‘methyvim/DESCRIPTION’ ... OK * preparing ‘methyvim’: * checking DESCRIPTION meta-information ... OK * installing the package to build vignettes * creating vignettes ... ERROR --- re-building ‘using_methyvim.Rmd’ using rmarkdown Quitting from lines 359-364 (using_methyvim.Rmd) Error: processing vignette 'using_methyvim.Rmd' failed with diagnostics: 'names' attribute [8] must be the same length as the vector [1] --- failed re-building ‘using_methyvim.Rmd’ SUMMARY: processing the following file failed: ‘using_methyvim.Rmd’ Error: Vignette re-building failed. Execution halted