| Back to Multiple platform build/check report for BioC 3.12 |
|
This page was generated on 2021-05-06 12:35:42 -0400 (Thu, 06 May 2021).
|
To the developers/maintainers of the methylPipe package: Please make sure to use the following settings in order to reproduce any error or warning you see on this page. |
| Package 1080/1974 | Hostname | OS / Arch | INSTALL | BUILD | CHECK | BUILD BIN | ||||||||
| methylPipe 1.24.0 (landing page) Kamal Kishore
| malbec1 | Linux (Ubuntu 18.04.5 LTS) / x86_64 | OK | OK | WARNINGS | |||||||||
| tokay1 | Windows Server 2012 R2 Standard / x64 | OK | OK | WARNINGS | OK | |||||||||
| merida1 | macOS 10.14.6 Mojave / x86_64 | OK | OK | WARNINGS | OK | |||||||||
| Package: methylPipe |
| Version: 1.24.0 |
| Command: /Library/Frameworks/R.framework/Versions/Current/Resources/bin/R CMD check --install=check:methylPipe.install-out.txt --library=/Library/Frameworks/R.framework/Versions/Current/Resources/library --no-vignettes --timings methylPipe_1.24.0.tar.gz |
| StartedAt: 2021-05-06 03:37:22 -0400 (Thu, 06 May 2021) |
| EndedAt: 2021-05-06 03:46:58 -0400 (Thu, 06 May 2021) |
| EllapsedTime: 576.7 seconds |
| RetCode: 0 |
| Status: WARNINGS |
| CheckDir: methylPipe.Rcheck |
| Warnings: 2 |
##############################################################################
##############################################################################
###
### Running command:
###
### /Library/Frameworks/R.framework/Versions/Current/Resources/bin/R CMD check --install=check:methylPipe.install-out.txt --library=/Library/Frameworks/R.framework/Versions/Current/Resources/library --no-vignettes --timings methylPipe_1.24.0.tar.gz
###
##############################################################################
##############################################################################
* using log directory ‘/Users/biocbuild/bbs-3.12-bioc/meat/methylPipe.Rcheck’
* using R version 4.0.5 (2021-03-31)
* using platform: x86_64-apple-darwin17.0 (64-bit)
* using session charset: UTF-8
* using option ‘--no-vignettes’
* checking for file ‘methylPipe/DESCRIPTION’ ... OK
* checking extension type ... Package
* this is package ‘methylPipe’ version ‘1.24.0’
* checking package namespace information ... OK
* checking package dependencies ... OK
* checking if this is a source package ... OK
* checking if there is a namespace ... OK
* checking for hidden files and directories ... OK
* checking for portable file names ... OK
* checking for sufficient/correct file permissions ... OK
* checking whether package ‘methylPipe’ can be installed ... OK
* checking installed package size ... OK
* checking package directory ... OK
* checking ‘build’ directory ... OK
* checking DESCRIPTION meta-information ... OK
* checking top-level files ... OK
* checking for left-over files ... OK
* checking index information ... OK
* checking package subdirectories ... OK
* checking R files for non-ASCII characters ... OK
* checking R files for syntax errors ... OK
* checking whether the package can be loaded ... OK
* checking whether the package can be loaded with stated dependencies ... OK
* checking whether the package can be unloaded cleanly ... OK
* checking whether the namespace can be loaded with stated dependencies ... OK
* checking whether the namespace can be unloaded cleanly ... OK
* checking dependencies in R code ... OK
* checking S3 generic/method consistency ... OK
* checking replacement functions ... OK
* checking foreign function calls ... OK
* checking R code for possible problems ... NOTE
findDMR,BSdataSet: no visible global function definition for
'stopCluster'
findPMDs,BSdata : PMDchr: no visible global function definition for
'segmentPMDs'
methstats,BSdataSet: no visible global function definition for
'stopCluster'
show,BSdata: no visible global function definition for 'organism'
show,BSdataSet: no visible global function definition for 'organism'
Undefined global functions or variables:
organism segmentPMDs stopCluster
* checking Rd files ... OK
* checking Rd metadata ... OK
* checking Rd cross-references ... OK
* checking for missing documentation entries ... WARNING
Undocumented S4 methods:
generic '[' and siglist 'BSdataSet,ANY,ANY,ANY'
generic '[' and siglist 'GElist,ANY,ANY,ANY'
generic '[[<-' and siglist 'BSdataSet,ANY,ANY,ANY'
generic '[[<-' and siglist 'GElist,ANY,ANY,ANY'
All user-level objects in a package (including S4 classes and methods)
should have documentation entries.
See chapter ‘Writing R documentation files’ in the ‘Writing R
Extensions’ manual.
* checking for code/documentation mismatches ... OK
* checking Rd \usage sections ... OK
* checking Rd contents ... OK
* checking for unstated dependencies in examples ... OK
* checking line endings in C/C++/Fortran sources/headers ... OK
* checking compiled code ... NOTE
Note: information on .o files is not available
* checking sizes of PDF files under ‘inst/doc’ ... OK
* checking files in ‘vignettes’ ... OK
* checking examples ... WARNING
Found the following significant warnings:
Warning: working directory was changed to '/private/tmp/RtmpyuPDki', resetting
Examples with CPU (user + system) or elapsed time > 5s
user system elapsed
plotMeth 26.911 0.861 37.730
findDMR 1.445 2.223 45.997
methstats 0.894 0.212 35.007
findPMDs 0.204 0.148 24.772
* checking for unstated dependencies in vignettes ... OK
* checking package vignettes in ‘inst/doc’ ... OK
* checking running R code from vignettes ... SKIPPED
* checking re-building of vignette outputs ... SKIPPED
* checking PDF version of manual ... OK
* DONE
Status: 2 WARNINGs, 2 NOTEs
See
‘/Users/biocbuild/bbs-3.12-bioc/meat/methylPipe.Rcheck/00check.log’
for details.
methylPipe.Rcheck/00install.out
############################################################################## ############################################################################## ### ### Running command: ### ### /Library/Frameworks/R.framework/Versions/Current/Resources/bin/R CMD INSTALL methylPipe ### ############################################################################## ############################################################################## * installing to library ‘/Library/Frameworks/R.framework/Versions/4.0/Resources/library’ * installing *source* package ‘methylPipe’ ... ** using staged installation ** libs clang -mmacosx-version-min=10.13 -I"/Library/Frameworks/R.framework/Resources/include" -DNDEBUG -I/usr/local/include -fPIC -Wall -g -O2 -c R_init_methylPipe.c -o R_init_methylPipe.o clang -mmacosx-version-min=10.13 -I"/Library/Frameworks/R.framework/Resources/include" -DNDEBUG -I/usr/local/include -fPIC -Wall -g -O2 -c binning.c -o binning.o clang -mmacosx-version-min=10.13 -dynamiclib -Wl,-headerpad_max_install_names -undefined dynamic_lookup -single_module -multiply_defined suppress -L/Library/Frameworks/R.framework/Resources/lib -L/usr/local/lib -o methylPipe.so R_init_methylPipe.o binning.o -F/Library/Frameworks/R.framework/.. -framework R -Wl,-framework -Wl,CoreFoundation installing to /Library/Frameworks/R.framework/Versions/4.0/Resources/library/00LOCK-methylPipe/00new/methylPipe/libs ** R ** exec ** inst ** byte-compile and prepare package for lazy loading ** help *** installing help indices ** building package indices ** installing vignettes ** testing if installed package can be loaded from temporary location ** checking absolute paths in shared objects and dynamic libraries ** testing if installed package can be loaded from final location ** testing if installed package keeps a record of temporary installation path * DONE (methylPipe)
methylPipe.Rcheck/methylPipe-Ex.timings
| name | user | system | elapsed | |
| BSdata-class | 0.281 | 0.010 | 0.293 | |
| BSdataSet-class | 0.246 | 0.010 | 0.257 | |
| BSprepare | 0.000 | 0.000 | 0.001 | |
| GEcollection-class | 3.014 | 0.105 | 3.125 | |
| GElist-class | 0.053 | 0.002 | 0.054 | |
| chiCombP | 0.000 | 0.001 | 0.000 | |
| consolidateDMRs | 0.293 | 0.003 | 0.297 | |
| extractBinGRanges | 0.031 | 0.002 | 0.032 | |
| findDMR | 1.445 | 2.223 | 45.997 | |
| findPMDs | 0.204 | 0.148 | 24.772 | |
| getCpos | 0.143 | 0.016 | 0.159 | |
| getCposDensity | 0.125 | 0.012 | 0.138 | |
| mCsmoothing | 0.411 | 0.023 | 0.436 | |
| mapBSdata2GRanges | 1.275 | 0.013 | 1.292 | |
| methstats | 0.894 | 0.212 | 35.007 | |
| plotMeth | 26.911 | 0.861 | 37.730 | |
| pool.reads | 0.000 | 0.001 | 0.000 | |
| process.hmc | 0.001 | 0.000 | 0.001 | |
| profileDNAmetBin | 1.713 | 0.088 | 1.805 | |