| Back to Multiple platform build/check report for BioC 3.12 |
|
This page was generated on 2021-05-06 12:35:05 -0400 (Thu, 06 May 2021).
|
To the developers/maintainers of the genomation package: Please make sure to use the following settings in order to reproduce any error or warning you see on this page. |
| Package 710/1974 | Hostname | OS / Arch | INSTALL | BUILD | CHECK | BUILD BIN | ||||||||
| genomation 1.22.0 (landing page) Altuna Akalin
| malbec1 | Linux (Ubuntu 18.04.5 LTS) / x86_64 | OK | OK | WARNINGS | |||||||||
| tokay1 | Windows Server 2012 R2 Standard / x64 | OK | OK | WARNINGS | OK | |||||||||
| merida1 | macOS 10.14.6 Mojave / x86_64 | OK | OK | WARNINGS | OK | |||||||||
| Package: genomation |
| Version: 1.22.0 |
| Command: /Library/Frameworks/R.framework/Versions/Current/Resources/bin/R CMD check --install=check:genomation.install-out.txt --library=/Library/Frameworks/R.framework/Versions/Current/Resources/library --no-vignettes --timings genomation_1.22.0.tar.gz |
| StartedAt: 2021-05-06 02:05:01 -0400 (Thu, 06 May 2021) |
| EndedAt: 2021-05-06 02:10:48 -0400 (Thu, 06 May 2021) |
| EllapsedTime: 346.8 seconds |
| RetCode: 0 |
| Status: WARNINGS |
| CheckDir: genomation.Rcheck |
| Warnings: 1 |
##############################################################################
##############################################################################
###
### Running command:
###
### /Library/Frameworks/R.framework/Versions/Current/Resources/bin/R CMD check --install=check:genomation.install-out.txt --library=/Library/Frameworks/R.framework/Versions/Current/Resources/library --no-vignettes --timings genomation_1.22.0.tar.gz
###
##############################################################################
##############################################################################
* using log directory ‘/Users/biocbuild/bbs-3.12-bioc/meat/genomation.Rcheck’
* using R version 4.0.5 (2021-03-31)
* using platform: x86_64-apple-darwin17.0 (64-bit)
* using session charset: UTF-8
* using option ‘--no-vignettes’
* checking for file ‘genomation/DESCRIPTION’ ... OK
* checking extension type ... Package
* this is package ‘genomation’ version ‘1.22.0’
* package encoding: latin1
* checking package namespace information ... OK
* checking package dependencies ... OK
* checking if this is a source package ... OK
* checking if there is a namespace ... OK
* checking for hidden files and directories ... OK
* checking for portable file names ... OK
* checking for sufficient/correct file permissions ... OK
* checking whether package ‘genomation’ can be installed ... OK
* checking installed package size ... NOTE
installed size is 6.2Mb
sub-directories of 1Mb or more:
doc 3.6Mb
extdata 1.2Mb
* checking package directory ... OK
* checking ‘build’ directory ... OK
* checking DESCRIPTION meta-information ... OK
* checking top-level files ... OK
* checking for left-over files ... OK
* checking index information ... OK
* checking package subdirectories ... OK
* checking R files for non-ASCII characters ... OK
* checking R files for syntax errors ... OK
* checking whether the package can be loaded ... OK
* checking whether the package can be loaded with stated dependencies ... OK
* checking whether the package can be unloaded cleanly ... OK
* checking whether the namespace can be loaded with stated dependencies ... OK
* checking whether the namespace can be unloaded cleanly ... OK
* checking dependencies in R code ... NOTE
Namespace in Imports field not imported from: ‘RUnit’
All declared Imports should be used.
Unexported object imported by a ':::' call: ‘BiocGenerics:::testPackage’
See the note in ?`:::` about the use of this operator.
* checking S3 generic/method consistency ... OK
* checking replacement functions ... OK
* checking foreign function calls ... OK
* checking R code for possible problems ... NOTE
ScoreMatrixBin,RleList-GRangesList: no visible binding for global
variable ‘id’
ScoreMatrixBin,RleList-GRangesList: no visible global function
definition for ‘:=’
Undefined global functions or variables:
:= id
* checking Rd files ... OK
* checking Rd metadata ... OK
* checking Rd cross-references ... OK
* checking for missing documentation entries ... OK
* checking for code/documentation mismatches ... OK
* checking Rd \usage sections ... OK
* checking Rd contents ... OK
* checking for unstated dependencies in examples ... OK
* checking contents of ‘data’ directory ... OK
* checking data for non-ASCII characters ... OK
* checking data for ASCII and uncompressed saves ... OK
* checking line endings in C/C++/Fortran sources/headers ... OK
* checking compiled code ... NOTE
Note: information on .o files is not available
* checking installed files from ‘inst/doc’ ... OK
* checking files in ‘vignettes’ ... NOTE
The following directory looks like a leftover from 'knitr':
‘cache’
Please remove from your package.
* checking examples ... WARNING
Found the following significant warnings:
Warning: 'GenomicRangesList' is deprecated.
Deprecated functions may be defunct as soon as of the next release of
R.
See ?Deprecated.
Examples with CPU (user + system) or elapsed time > 5s
user system elapsed
enrichmentMatrix-ScoreMatrixList-ScoreMatrix-method 4.762 1.652 6.054
enrichmentMatrix-ScoreMatrixList-method 4.903 1.333 6.501
* checking for unstated dependencies in ‘tests’ ... OK
* checking tests ...
Running ‘genomation_unit_tests.R’
OK
* checking for unstated dependencies in vignettes ... OK
* checking package vignettes in ‘inst/doc’ ... OK
* checking running R code from vignettes ... SKIPPED
* checking re-building of vignette outputs ... SKIPPED
* checking PDF version of manual ... OK
* DONE
Status: 1 WARNING, 5 NOTEs
See
‘/Users/biocbuild/bbs-3.12-bioc/meat/genomation.Rcheck/00check.log’
for details.
genomation.Rcheck/00install.out
##############################################################################
##############################################################################
###
### Running command:
###
### /Library/Frameworks/R.framework/Versions/Current/Resources/bin/R CMD INSTALL genomation
###
##############################################################################
##############################################################################
* installing to library ‘/Library/Frameworks/R.framework/Versions/4.0/Resources/library’
* installing *source* package ‘genomation’ ...
** using staged installation
** libs
clang++ -mmacosx-version-min=10.13 -std=gnu++11 -I"/Library/Frameworks/R.framework/Resources/include" -DNDEBUG -I'/Library/Frameworks/R.framework/Versions/4.0/Resources/library/Rcpp/include' -I/usr/local/include -fPIC -Wall -g -O2 -c RcppExports.cpp -o RcppExports.o
In file included from RcppExports.cpp:4:
In file included from /Library/Frameworks/R.framework/Versions/4.0/Resources/library/Rcpp/include/Rcpp.h:57:
/Library/Frameworks/R.framework/Versions/4.0/Resources/library/Rcpp/include/Rcpp/DataFrame.h:136:18: warning: unused variable 'data' [-Wunused-variable]
SEXP data = Parent::get__();
^
1 warning generated.
clang++ -mmacosx-version-min=10.13 -std=gnu++11 -I"/Library/Frameworks/R.framework/Resources/include" -DNDEBUG -I'/Library/Frameworks/R.framework/Versions/4.0/Resources/library/Rcpp/include' -I/usr/local/include -fPIC -Wall -g -O2 -c binSum.cpp -o binSum.o
In file included from binSum.cpp:3:
In file included from /Library/Frameworks/R.framework/Versions/4.0/Resources/library/Rcpp/include/Rcpp.h:57:
/Library/Frameworks/R.framework/Versions/4.0/Resources/library/Rcpp/include/Rcpp/DataFrame.h:136:18: warning: unused variable 'data' [-Wunused-variable]
SEXP data = Parent::get__();
^
1 warning generated.
clang++ -mmacosx-version-min=10.13 -std=gnu++11 -dynamiclib -Wl,-headerpad_max_install_names -undefined dynamic_lookup -single_module -multiply_defined suppress -L/Library/Frameworks/R.framework/Resources/lib -L/usr/local/lib -o genomation.so RcppExports.o binSum.o -F/Library/Frameworks/R.framework/.. -framework R -Wl,-framework -Wl,CoreFoundation
installing to /Library/Frameworks/R.framework/Versions/4.0/Resources/library/00LOCK-genomation/00new/genomation/libs
** R
** data
** inst
** byte-compile and prepare package for lazy loading
** help
*** installing help indices
** building package indices
** installing vignettes
‘GenomationManual.Rmd’ using ‘UTF-8’
** testing if installed package can be loaded from temporary location
** checking absolute paths in shared objects and dynamic libraries
** testing if installed package can be loaded from final location
** testing if installed package keeps a record of temporary installation path
* DONE (genomation)
genomation.Rcheck/tests/genomation_unit_tests.Rout
R version 4.0.5 (2021-03-31) -- "Shake and Throw"
Copyright (C) 2021 The R Foundation for Statistical Computing
Platform: x86_64-apple-darwin17.0 (64-bit)
R is free software and comes with ABSOLUTELY NO WARRANTY.
You are welcome to redistribute it under certain conditions.
Type 'license()' or 'licence()' for distribution details.
R is a collaborative project with many contributors.
Type 'contributors()' for more information and
'citation()' on how to cite R or R packages in publications.
Type 'demo()' for some demos, 'help()' for on-line help, or
'help.start()' for an HTML browser interface to help.
Type 'q()' to quit R.
> (require("genomation") & require("GenomicRanges") & require("GenomicAlignments") & require("rtracklayer") & require("readr") & require("Biostrings")) || stop("unable to load genomation package")
Loading required package: genomation
Loading required package: grid
Loading required package: GenomicRanges
Loading required package: stats4
Loading required package: BiocGenerics
Loading required package: parallel
Attaching package: 'BiocGenerics'
The following objects are masked from 'package:parallel':
clusterApply, clusterApplyLB, clusterCall, clusterEvalQ,
clusterExport, clusterMap, parApply, parCapply, parLapply,
parLapplyLB, parRapply, parSapply, parSapplyLB
The following objects are masked from 'package:stats':
IQR, mad, sd, var, xtabs
The following objects are masked from 'package:base':
Filter, Find, Map, Position, Reduce, anyDuplicated, append,
as.data.frame, basename, cbind, colnames, dirname, do.call,
duplicated, eval, evalq, get, grep, grepl, intersect, is.unsorted,
lapply, mapply, match, mget, order, paste, pmax, pmax.int, pmin,
pmin.int, rank, rbind, rownames, sapply, setdiff, sort, table,
tapply, union, unique, unsplit, which.max, which.min
Loading required package: S4Vectors
Attaching package: 'S4Vectors'
The following object is masked from 'package:base':
expand.grid
Loading required package: IRanges
Loading required package: GenomeInfoDb
Loading required package: GenomicAlignments
Loading required package: SummarizedExperiment
Loading required package: MatrixGenerics
Loading required package: matrixStats
Attaching package: 'MatrixGenerics'
The following objects are masked from 'package:matrixStats':
colAlls, colAnyNAs, colAnys, colAvgsPerRowSet, colCollapse,
colCounts, colCummaxs, colCummins, colCumprods, colCumsums,
colDiffs, colIQRDiffs, colIQRs, colLogSumExps, colMadDiffs,
colMads, colMaxs, colMeans2, colMedians, colMins, colOrderStats,
colProds, colQuantiles, colRanges, colRanks, colSdDiffs, colSds,
colSums2, colTabulates, colVarDiffs, colVars, colWeightedMads,
colWeightedMeans, colWeightedMedians, colWeightedSds,
colWeightedVars, rowAlls, rowAnyNAs, rowAnys, rowAvgsPerColSet,
rowCollapse, rowCounts, rowCummaxs, rowCummins, rowCumprods,
rowCumsums, rowDiffs, rowIQRDiffs, rowIQRs, rowLogSumExps,
rowMadDiffs, rowMads, rowMaxs, rowMeans2, rowMedians, rowMins,
rowOrderStats, rowProds, rowQuantiles, rowRanges, rowRanks,
rowSdDiffs, rowSds, rowSums2, rowTabulates, rowVarDiffs, rowVars,
rowWeightedMads, rowWeightedMeans, rowWeightedMedians,
rowWeightedSds, rowWeightedVars
Loading required package: Biobase
Welcome to Bioconductor
Vignettes contain introductory material; view with
'browseVignettes()'. To cite Bioconductor, see
'citation("Biobase")', and for packages 'citation("pkgname")'.
Attaching package: 'Biobase'
The following object is masked from 'package:MatrixGenerics':
rowMedians
The following objects are masked from 'package:matrixStats':
anyMissing, rowMedians
Loading required package: Biostrings
Loading required package: XVector
Attaching package: 'Biostrings'
The following object is masked from 'package:base':
strsplit
Loading required package: Rsamtools
Loading required package: rtracklayer
Loading required package: readr
[1] TRUE
> genomation:::.test()
Normalizing to rpm ...
Normalizing to rpm ...
Normalizing to rpm ...
testing:min
testing:max
testing:median
Normalizing to rpm ...
Normalizing to rpm ...
Normalizing to rpm ...
Normalizing to rpm ...
Normalizing to rpm ...
Normalizing to rpm ...
Normalizing to rpm ...
── Column specification ────────────────────────────────────────────────────────
cols(
X1 = col_character(),
X2 = col_double(),
X3 = col_double(),
X4 = col_character(),
X5 = col_double(),
X6 = col_character(),
X7 = col_double(),
X8 = col_double(),
X9 = col_number()
)
── Column specification ────────────────────────────────────────────────────────
cols(
X1 = col_character(),
X2 = col_double(),
X3 = col_double(),
X4 = col_character(),
X5 = col_double(),
X6 = col_character(),
X7 = col_double(),
X8 = col_double(),
X9 = col_number()
)
RUNIT TEST PROTOCOL -- Thu May 6 02:10:39 2021
***********************************************
Number of test functions: 24
Number of errors: 0
Number of failures: 0
1 Test Suite :
genomation RUnit Tests - 24 test functions, 0 errors, 0 failures
Number of test functions: 24
Number of errors: 0
Number of failures: 0
Warning messages:
1: In .local(target, windows, strand.aware) :
1 windows fall off the target
2: In .local(target, windows, strand.aware) :
2 windows fall off the target
3: In .local(target, windows, strand.aware) :
2 windows fall off the target
4: In .local(target, windows, strand.aware) :
2 windows fall off the target
5: In .local(target, windows, strand.aware) :
2 windows fall off the target
6: In .local(target, windows, strand.aware) :
2 windows fall off the target
7: In .local(target, windows, bin.num, bin.op, strand.aware) :
2 windows fall off the target
8: In .local(target, windows, bin.num, bin.op, strand.aware) :
2 windows fall off the target
>
> proc.time()
user system elapsed
36.366 1.303 37.637
genomation.Rcheck/genomation-Ex.timings
| name | user | system | elapsed | |
| AnnotationByGeneParts-methods | 1.608 | 0.028 | 1.643 | |
| ScoreMatrix-methods | 1.870 | 0.081 | 1.954 | |
| ScoreMatrixBin-methods | 3.015 | 0.115 | 3.138 | |
| ScoreMatrixList-methods | 0.800 | 0.059 | 0.860 | |
| annotateWithFeature-methods | 0.071 | 0.003 | 0.074 | |
| annotateWithFeatureFlank-methods | 0.408 | 0.004 | 0.413 | |
| annotateWithFeatures-methods | 0.927 | 0.035 | 0.964 | |
| annotateWithGeneParts-methods | 0.567 | 0.012 | 0.581 | |
| binMatrix-methods | 0.301 | 0.007 | 0.308 | |
| convertBed2Exons-methods | 0.075 | 0.002 | 0.077 | |
| convertBed2Introns-methods | 0.079 | 0.001 | 0.080 | |
| enrichmentMatrix-ScoreMatrix-method | 3.658 | 0.686 | 4.384 | |
| enrichmentMatrix-ScoreMatrixList-ScoreMatrix-method | 4.762 | 1.652 | 6.054 | |
| enrichmentMatrix-ScoreMatrixList-method | 4.903 | 1.333 | 6.501 | |
| findFeatureComb-methods | 0.505 | 0.085 | 0.591 | |
| getFeatsWithTargetsStats-methods | 0.586 | 0.074 | 0.672 | |
| getFlanks-methods | 0.320 | 0.030 | 0.353 | |
| getRandomEnrichment-methods | 0.002 | 0.002 | 0.004 | |
| getTargetAnnotationStats-methods | 0.565 | 0.047 | 0.614 | |
| gffToGRanges | 0.135 | 0.010 | 0.146 | |
| heatMatrix | 0.262 | 0.020 | 0.282 | |
| heatMeta | 0.524 | 0.041 | 0.565 | |
| heatTargetAnnotation-methods | 0.890 | 0.026 | 0.918 | |
| intersectScoreMatrixList-methods | 0.353 | 0.009 | 0.362 | |
| multiHeatMatrix | 0.595 | 0.043 | 0.639 | |
| orderBy-methods | 1.502 | 0.135 | 1.639 | |
| patternMatrix-methods | 0.136 | 0.007 | 0.143 | |
| plotMeta | 0.540 | 0.028 | 0.569 | |
| plotTargetAnnotation-methods | 0.434 | 0.017 | 0.452 | |
| readBed | 0.187 | 0.026 | 0.214 | |
| readBroadPeak | 0.043 | 0.008 | 0.051 | |
| readFeatureFlank-methods | 0.362 | 0.013 | 0.376 | |
| readGeneric | 0.040 | 0.011 | 0.051 | |
| readNarrowPeak | 0.035 | 0.009 | 0.045 | |
| readTranscriptFeatures-methods | 0.305 | 0.016 | 0.322 | |
| scaleScoreMatrix-methods | 0.278 | 0.007 | 0.286 | |
| scaleScoreMatrixList | 0.768 | 0.025 | 0.793 | |