| Back to Multiple platform build/check report for BioC 3.12 |
|
This page was generated on 2021-05-06 12:31:19 -0400 (Thu, 06 May 2021).
|
To the developers/maintainers of the flowClust package: Please make sure to use the following settings in order to reproduce any error or warning you see on this page. |
| Package 616/1974 | Hostname | OS / Arch | INSTALL | BUILD | CHECK | BUILD BIN | ||||||||
| flowClust 3.28.0 (landing page) Greg Finak
| malbec1 | Linux (Ubuntu 18.04.5 LTS) / x86_64 | OK | OK | OK | |||||||||
| tokay1 | Windows Server 2012 R2 Standard / x64 | OK | OK | WARNINGS | OK | |||||||||
| merida1 | macOS 10.14.6 Mojave / x86_64 | OK | OK | WARNINGS | OK | |||||||||
| Package: flowClust |
| Version: 3.28.0 |
| Command: C:\Users\biocbuild\bbs-3.12-bioc\R\bin\R.exe CMD check --force-multiarch --install=check:flowClust.install-out.txt --library=C:\Users\biocbuild\bbs-3.12-bioc\R\library --no-vignettes --timings flowClust_3.28.0.tar.gz |
| StartedAt: 2021-05-06 02:49:59 -0400 (Thu, 06 May 2021) |
| EndedAt: 2021-05-06 03:02:55 -0400 (Thu, 06 May 2021) |
| EllapsedTime: 776.1 seconds |
| RetCode: 0 |
| Status: WARNINGS |
| CheckDir: flowClust.Rcheck |
| Warnings: 1 |
############################################################################## ############################################################################## ### ### Running command: ### ### C:\Users\biocbuild\bbs-3.12-bioc\R\bin\R.exe CMD check --force-multiarch --install=check:flowClust.install-out.txt --library=C:\Users\biocbuild\bbs-3.12-bioc\R\library --no-vignettes --timings flowClust_3.28.0.tar.gz ### ############################################################################## ############################################################################## * using log directory 'C:/Users/biocbuild/bbs-3.12-bioc/meat/flowClust.Rcheck' * using R version 4.0.5 (2021-03-31) * using platform: x86_64-w64-mingw32 (64-bit) * using session charset: ISO8859-1 * using option '--no-vignettes' * checking for file 'flowClust/DESCRIPTION' ... OK * checking extension type ... Package * this is package 'flowClust' version '3.28.0' * package encoding: UTF-8 * checking package namespace information ... OK * checking package dependencies ... OK * checking if this is a source package ... OK * checking if there is a namespace ... OK * checking for hidden files and directories ... OK * checking for portable file names ... OK * checking whether package 'flowClust' can be installed ... WARNING Found the following significant warnings: Rd warning: C:/Users/biocbuild/bbs-3.12-bioc/tmpdir/RtmpATYksx/R.INSTALL1c7835d32b27/flowClust/man/tmixFilter.Rd:63: file link 'filter' in package 'flowCore' does not exist and so has been treated as a topic Rd warning: C:/Users/biocbuild/bbs-3.12-bioc/tmpdir/RtmpATYksx/R.INSTALL1c7835d32b27/flowClust/man/tmixFilter.Rd:75: file link 'filter' in package 'flowCore' does not exist and so has been treated as a topic See 'C:/Users/biocbuild/bbs-3.12-bioc/meat/flowClust.Rcheck/00install.out' for details. * checking installed package size ... OK * checking package directory ... OK * checking 'build' directory ... OK * checking DESCRIPTION meta-information ... OK * checking top-level files ... OK * checking for left-over files ... OK * checking index information ... OK * checking package subdirectories ... OK * checking R files for non-ASCII characters ... OK * checking R files for syntax errors ... OK * loading checks for arch 'i386' ** checking whether the package can be loaded ... OK ** checking whether the package can be loaded with stated dependencies ... OK ** checking whether the package can be unloaded cleanly ... OK ** checking whether the namespace can be loaded with stated dependencies ... OK ** checking whether the namespace can be unloaded cleanly ... OK * loading checks for arch 'x64' ** checking whether the package can be loaded ... OK ** checking whether the package can be loaded with stated dependencies ... OK ** checking whether the package can be unloaded cleanly ... OK ** checking whether the namespace can be loaded with stated dependencies ... OK ** checking whether the namespace can be unloaded cleanly ... OK * checking dependencies in R code ... NOTE Unexported object imported by a ':::' call: 'flowViz:::fplot' See the note in ?`:::` about the use of this operator. * checking S3 generic/method consistency ... OK * checking replacement functions ... OK * checking foreign function calls ... OK * checking R code for possible problems ... OK * checking Rd files ... OK * checking Rd metadata ... OK * checking Rd cross-references ... OK * checking for missing documentation entries ... OK * checking for code/documentation mismatches ... OK * checking Rd \usage sections ... OK * checking Rd contents ... OK * checking for unstated dependencies in examples ... OK * checking contents of 'data' directory ... OK * checking data for non-ASCII characters ... OK * checking data for ASCII and uncompressed saves ... OK * checking line endings in shell scripts ... OK * checking line endings in C/C++/Fortran sources/headers ... OK * checking line endings in Makefiles ... OK * checking compilation flags in Makevars ... OK * checking for GNU extensions in Makefiles ... NOTE GNU make is a SystemRequirements. * checking for portable use of $(BLAS_LIBS) and $(LAPACK_LIBS) ... OK * checking use of PKG_*FLAGS in Makefiles ... OK * checking compiled code ... NOTE Note: information on .o files for i386 is not available Note: information on .o files for x64 is not available File 'C:/Users/biocbuild/bbs-3.12-bioc/R/library/flowClust/libs/i386/flowClust.dll': Found 'abort', possibly from 'abort' (C), 'runtime' (Fortran) File 'C:/Users/biocbuild/bbs-3.12-bioc/R/library/flowClust/libs/x64/flowClust.dll': Found 'abort', possibly from 'abort' (C), 'runtime' (Fortran) Compiled code should not call entry points which might terminate R nor write to stdout/stderr instead of to the console, nor use Fortran I/O nor system RNGs. The detected symbols are linked into the code but might come from libraries and not actually be called. See 'Writing portable packages' in the 'Writing R Extensions' manual. * checking files in 'vignettes' ... OK * checking examples ... ** running examples for arch 'i386' ... OK ** running examples for arch 'x64' ... OK * checking for unstated dependencies in 'tests' ... OK * checking tests ... ** running tests for arch 'i386' ... Running 'testthat.R' OK ** running tests for arch 'x64' ... Running 'testthat.R' OK * checking for unstated dependencies in vignettes ... OK * checking package vignettes in 'inst/doc' ... OK * checking running R code from vignettes ... SKIPPED * checking re-building of vignette outputs ... SKIPPED * checking PDF version of manual ... OK * DONE Status: 1 WARNING, 3 NOTEs See 'C:/Users/biocbuild/bbs-3.12-bioc/meat/flowClust.Rcheck/00check.log' for details.
flowClust.Rcheck/00install.out
##############################################################################
##############################################################################
###
### Running command:
###
### C:\cygwin\bin\curl.exe -O http://172.29.0.3/BBS/3.12/bioc/src/contrib/flowClust_3.28.0.tar.gz && rm -rf flowClust.buildbin-libdir && mkdir flowClust.buildbin-libdir && C:\Users\biocbuild\bbs-3.12-bioc\R\bin\R.exe CMD INSTALL --merge-multiarch --build --library=flowClust.buildbin-libdir flowClust_3.28.0.tar.gz && C:\Users\biocbuild\bbs-3.12-bioc\R\bin\R.exe CMD INSTALL flowClust_3.28.0.zip && rm flowClust_3.28.0.tar.gz flowClust_3.28.0.zip
###
##############################################################################
##############################################################################
% Total % Received % Xferd Average Speed Time Time Time Current
Dload Upload Total Spent Left Speed
0 0 0 0 0 0 0 0 --:--:-- --:--:-- --:--:-- 0
100 1608k 100 1608k 0 0 38.2M 0 --:--:-- --:--:-- --:--:-- 39.2M
install for i386
* installing *source* package 'flowClust' ...
** using staged installation
**********************************************
WARNING: this package has a configure script
It probably needs manual configuration
**********************************************
** libs
"C:/rtools40/mingw32/bin/"gcc -I"C:/Users/BIOCBU~1/BBS-3~1.12-/R/include" -DNDEBUG -I/src/include -I/i386/include -I"C:/extsoft/include" -O2 -Wall -std=gnu99 -mfpmath=sse -msse2 -mstackrealign -c BoxCox.c -o BoxCox.o
"C:/rtools40/mingw32/bin/"gcc -I"C:/Users/BIOCBU~1/BBS-3~1.12-/R/include" -DNDEBUG -I/src/include -I/i386/include -I"C:/extsoft/include" -O2 -Wall -std=gnu99 -mfpmath=sse -msse2 -mstackrealign -c BoxCoxPriors.c -o BoxCoxPriors.o
BoxCoxPriors.c: In function 'BoxCoxGradientPriors':
BoxCoxPriors.c:57:16: warning: unused variable 'rowZ' [-Wunused-variable]
rowPrecision, rowZ, rowLambda0;
^~~~
BoxCoxPriors.c:33:24: warning: unused variable 'kappa0' [-Wunused-variable]
double *nu0 = p->nu0, kappa0 = p->kappa0;
^~~~~~
BoxCoxPriors.c:32:7: warning: unused variable 'itersolve' [-Wunused-variable]
int *itersolve = p->itersolve;
^~~~~~~~~
BoxCoxPriors.c:31:6: warning: unused variable 'iter' [-Wunused-variable]
int iter = p->iter;
^~~~
BoxCoxPriors.c:28:6: warning: unused variable 'model' [-Wunused-variable]
int model = *p->model;
^~~~~
BoxCoxPriors.c:23:14: warning: unused variable 'SumZlogY' [-Wunused-variable]
gsl_vector *SumZlogY = p->SumZlogY;
^~~~~~~~
BoxCoxPriors.c:15:14: warning: unused variable 'Precision' [-Wunused-variable]
gsl_matrix *Precision = p->Precision; // will be updated
^~~~~~~~~
"C:/rtools40/mingw32/bin/"gcc -I"C:/Users/BIOCBU~1/BBS-3~1.12-/R/include" -DNDEBUG -I/src/include -I/i386/include -I"C:/extsoft/include" -O2 -Wall -std=gnu99 -mfpmath=sse -msse2 -mstackrealign -c Nu.c -o Nu.o
"C:/rtools40/mingw32/bin/"gcc -I"C:/Users/BIOCBU~1/BBS-3~1.12-/R/include" -DNDEBUG -I/src/include -I/i386/include -I"C:/extsoft/include" -O2 -Wall -std=gnu99 -mfpmath=sse -msse2 -mstackrealign -c flowClust.c -o flowClust.o
flowClust.c: In function 'flowClust':
flowClust.c:48:2: warning: unused variable 'matrixZUY2' [-Wunused-variable]
matrixZUY2;
^~~~~~~~~~
flowClust.c:46:48: warning: unused variable 'subRowZUY2' [-Wunused-variable]
rowYTransS, rowZUY, subRowZUY, rowZ, rowZUY2, subRowZUY2;
^~~~~~~~~~
flowClust.c:46:39: warning: unused variable 'rowZUY2' [-Wunused-variable]
rowYTransS, rowZUY, subRowZUY, rowZ, rowZUY2, subRowZUY2;
^~~~~~~
flowClust.c: In function 'ECMUpdateSigmaG2':
flowClust.c:1111:6: warning: unused variable 'i' [-Wunused-variable]
int i=0;
^
At top level:
flowClust.c:10:27: warning: 'CEntries' defined but not used [-Wunused-const-variable=]
static const R_CMethodDef CEntries[] = { { "flowClust", (DL_FUNC) & flowClust,
^~~~~~~~
flowClust.c: In function 'flowClust':
flowClust.c:702:13: warning: 's3' may be used uninitialized in this function [-Wmaybe-uninitialized]
status = gsl_min_fminimizer_set(s3, &F3, *nu, *nuLow, *nuUp);
^~~~~~~~~~~~~~~~~~~~~~~~~~~~~~~~~~~~~~~~~~~~~~~~~~~
flowClust.c:647:15: warning: 's2' may be used uninitialized in this function [-Wmaybe-uninitialized]
nu_hi = gsl_root_fsolver_x_upper(s2);
^~~~~~~~~~~~~~~~~~~~~~~~~~~~
flowClust.c:348:14: warning: 's' may be used uninitialized in this function [-Wmaybe-uninitialized]
x_hi = gsl_root_fsolver_x_upper(s);
^~~~~~~~~~~~~~~~~~~~~~~~~~~
"C:/rtools40/mingw32/bin/"gcc -I"C:/Users/BIOCBU~1/BBS-3~1.12-/R/include" -DNDEBUG -I/src/include -I/i386/include -I"C:/extsoft/include" -O2 -Wall -std=gnu99 -mfpmath=sse -msse2 -mstackrealign -c flowClustGaussian.c -o flowClustGaussian.o
flowClustGaussian.c: In function 'flowClustGaussian':
flowClustGaussian.c:207:14: warning: 's' may be used uninitialized in this function [-Wmaybe-uninitialized]
x_hi = gsl_root_fsolver_x_upper(s);
^~~~~~~~~~~~~~~~~~~~~~~~~~~
"C:/rtools40/mingw32/bin/"gcc -I"C:/Users/BIOCBU~1/BBS-3~1.12-/R/include" -DNDEBUG -I/src/include -I/i386/include -I"C:/extsoft/include" -O2 -Wall -std=gnu99 -mfpmath=sse -msse2 -mstackrealign -c ranMVNT.c -o ranMVNT.o
C:/rtools40/mingw32/bin/gcc -shared -s -static-libgcc -o flowClust.dll tmp.def BoxCox.o BoxCoxPriors.o Nu.o flowClust.o flowClustGaussian.o ranMVNT.o -L/i386/lib -lgsl -lgslcblas -lm -LC:/extsoft/lib/i386 -LC:/extsoft/lib -LC:/Users/BIOCBU~1/BBS-3~1.12-/R/bin/i386 -lR
installing to C:/Users/biocbuild/bbs-3.12-bioc/meat/flowClust.buildbin-libdir/00LOCK-flowClust/00new/flowClust/libs/i386
** R
** data
** inst
** byte-compile and prepare package for lazy loading
Creating a new generic function for 'Map' in package 'flowClust'
** help
*** installing help indices
converting help for package 'flowClust'
finding HTML links ... done
BIC html
Map html
SimulateMixture html
Subset html
box html
density html
dmvt html
dmvtmix html
flowClust-package html
flowClust html
flowClust.den html
flowClust2Prior html
hist html
miscellaneous html
mkPrior html
peakMatch html
plot.flowClust html
plot.flowCore html
plot.flowDens html
plotPrior html
rbox html
rituximab html
ruleOutliers html
show.flowClust html
split html
summary html
tmixFilter html
Rd warning: C:/Users/biocbuild/bbs-3.12-bioc/tmpdir/RtmpATYksx/R.INSTALL1c7835d32b27/flowClust/man/tmixFilter.Rd:63: file link 'filter' in package 'flowCore' does not exist and so has been treated as a topic
Rd warning: C:/Users/biocbuild/bbs-3.12-bioc/tmpdir/RtmpATYksx/R.INSTALL1c7835d32b27/flowClust/man/tmixFilter.Rd:75: file link 'filter' in package 'flowCore' does not exist and so has been treated as a topic
** building package indices
** installing vignettes
** testing if installed package can be loaded from temporary location
** testing if installed package can be loaded from final location
** testing if installed package keeps a record of temporary installation path
install for x64
* installing *source* package 'flowClust' ...
**********************************************
WARNING: this package has a configure script
It probably needs manual configuration
**********************************************
** libs
"C:/rtools40/mingw64/bin/"gcc -I"C:/Users/BIOCBU~1/BBS-3~1.12-/R/include" -DNDEBUG -I/src/include -I/x64/include -I"C:/extsoft/include" -O2 -Wall -std=gnu99 -mfpmath=sse -msse2 -mstackrealign -c BoxCox.c -o BoxCox.o
"C:/rtools40/mingw64/bin/"gcc -I"C:/Users/BIOCBU~1/BBS-3~1.12-/R/include" -DNDEBUG -I/src/include -I/x64/include -I"C:/extsoft/include" -O2 -Wall -std=gnu99 -mfpmath=sse -msse2 -mstackrealign -c BoxCoxPriors.c -o BoxCoxPriors.o
BoxCoxPriors.c: In function 'BoxCoxGradientPriors':
BoxCoxPriors.c:57:16: warning: unused variable 'rowZ' [-Wunused-variable]
rowPrecision, rowZ, rowLambda0;
^~~~
BoxCoxPriors.c:33:24: warning: unused variable 'kappa0' [-Wunused-variable]
double *nu0 = p->nu0, kappa0 = p->kappa0;
^~~~~~
BoxCoxPriors.c:32:7: warning: unused variable 'itersolve' [-Wunused-variable]
int *itersolve = p->itersolve;
^~~~~~~~~
BoxCoxPriors.c:31:6: warning: unused variable 'iter' [-Wunused-variable]
int iter = p->iter;
^~~~
BoxCoxPriors.c:28:6: warning: unused variable 'model' [-Wunused-variable]
int model = *p->model;
^~~~~
BoxCoxPriors.c:23:14: warning: unused variable 'SumZlogY' [-Wunused-variable]
gsl_vector *SumZlogY = p->SumZlogY;
^~~~~~~~
BoxCoxPriors.c:15:14: warning: unused variable 'Precision' [-Wunused-variable]
gsl_matrix *Precision = p->Precision; // will be updated
^~~~~~~~~
"C:/rtools40/mingw64/bin/"gcc -I"C:/Users/BIOCBU~1/BBS-3~1.12-/R/include" -DNDEBUG -I/src/include -I/x64/include -I"C:/extsoft/include" -O2 -Wall -std=gnu99 -mfpmath=sse -msse2 -mstackrealign -c Nu.c -o Nu.o
"C:/rtools40/mingw64/bin/"gcc -I"C:/Users/BIOCBU~1/BBS-3~1.12-/R/include" -DNDEBUG -I/src/include -I/x64/include -I"C:/extsoft/include" -O2 -Wall -std=gnu99 -mfpmath=sse -msse2 -mstackrealign -c flowClust.c -o flowClust.o
flowClust.c: In function 'flowClust':
flowClust.c:48:2: warning: unused variable 'matrixZUY2' [-Wunused-variable]
matrixZUY2;
^~~~~~~~~~
flowClust.c:46:48: warning: unused variable 'subRowZUY2' [-Wunused-variable]
rowYTransS, rowZUY, subRowZUY, rowZ, rowZUY2, subRowZUY2;
^~~~~~~~~~
flowClust.c:46:39: warning: unused variable 'rowZUY2' [-Wunused-variable]
rowYTransS, rowZUY, subRowZUY, rowZ, rowZUY2, subRowZUY2;
^~~~~~~
flowClust.c: In function 'ECMUpdateSigmaG2':
flowClust.c:1111:6: warning: unused variable 'i' [-Wunused-variable]
int i=0;
^
At top level:
flowClust.c:10:27: warning: 'CEntries' defined but not used [-Wunused-const-variable=]
static const R_CMethodDef CEntries[] = { { "flowClust", (DL_FUNC) & flowClust,
^~~~~~~~
flowClust.c: In function 'flowClust':
flowClust.c:702:13: warning: 's3' may be used uninitialized in this function [-Wmaybe-uninitialized]
status = gsl_min_fminimizer_set(s3, &F3, *nu, *nuLow, *nuUp);
^~~~~~~~~~~~~~~~~~~~~~~~~~~~~~~~~~~~~~~~~~~~~~~~~~~
flowClust.c:647:15: warning: 's2' may be used uninitialized in this function [-Wmaybe-uninitialized]
nu_hi = gsl_root_fsolver_x_upper(s2);
^~~~~~~~~~~~~~~~~~~~~~~~~~~~
flowClust.c:348:14: warning: 's' may be used uninitialized in this function [-Wmaybe-uninitialized]
x_hi = gsl_root_fsolver_x_upper(s);
^~~~~~~~~~~~~~~~~~~~~~~~~~~
"C:/rtools40/mingw64/bin/"gcc -I"C:/Users/BIOCBU~1/BBS-3~1.12-/R/include" -DNDEBUG -I/src/include -I/x64/include -I"C:/extsoft/include" -O2 -Wall -std=gnu99 -mfpmath=sse -msse2 -mstackrealign -c flowClustGaussian.c -o flowClustGaussian.o
flowClustGaussian.c: In function 'flowClustGaussian':
flowClustGaussian.c:207:14: warning: 's' may be used uninitialized in this function [-Wmaybe-uninitialized]
x_hi = gsl_root_fsolver_x_upper(s);
^~~~~~~~~~~~~~~~~~~~~~~~~~~
"C:/rtools40/mingw64/bin/"gcc -I"C:/Users/BIOCBU~1/BBS-3~1.12-/R/include" -DNDEBUG -I/src/include -I/x64/include -I"C:/extsoft/include" -O2 -Wall -std=gnu99 -mfpmath=sse -msse2 -mstackrealign -c ranMVNT.c -o ranMVNT.o
C:/rtools40/mingw64/bin/gcc -shared -s -static-libgcc -o flowClust.dll tmp.def BoxCox.o BoxCoxPriors.o Nu.o flowClust.o flowClustGaussian.o ranMVNT.o -L/x64/lib -lgsl -lgslcblas -lm -LC:/extsoft/lib/x64 -LC:/extsoft/lib -LC:/Users/BIOCBU~1/BBS-3~1.12-/R/bin/x64 -lR
installing to C:/Users/biocbuild/bbs-3.12-bioc/meat/flowClust.buildbin-libdir/flowClust/libs/x64
** testing if installed package can be loaded
* MD5 sums
packaged installation of 'flowClust' as flowClust_3.28.0.zip
* DONE (flowClust)
* installing to library 'C:/Users/biocbuild/bbs-3.12-bioc/R/library'
package 'flowClust' successfully unpacked and MD5 sums checked
|
flowClust.Rcheck/tests_i386/testthat.Rout
R version 4.0.5 (2021-03-31) -- "Shake and Throw"
Copyright (C) 2021 The R Foundation for Statistical Computing
Platform: i386-w64-mingw32/i386 (32-bit)
R is free software and comes with ABSOLUTELY NO WARRANTY.
You are welcome to redistribute it under certain conditions.
Type 'license()' or 'licence()' for distribution details.
R is a collaborative project with many contributors.
Type 'contributors()' for more information and
'citation()' on how to cite R or R packages in publications.
Type 'demo()' for some demos, 'help()' for on-line help, or
'help.start()' for an HTML browser interface to help.
Type 'q()' to quit R.
> library(testthat)
> library(flowClust)
Attaching package: 'flowClust'
The following object is masked from 'package:graphics':
box
The following object is masked from 'package:base':
Map
>
> test_check("flowClust")
== Skipped tests ===============================================================
* On Windows (1)
* empty test (1)
[ FAIL 0 | WARN 36 | SKIP 2 | PASS 40 ]
>
> #devtools::test("~/rglab/workspace/flowClust")
>
> #taking quite some time , thus only for internal testing
> #test_file("~/rglab/workspace/flowClust/tests/testthat/flowClust-gated-data.R")
> #tools::checkDocFiles(dir = ".")
>
> proc.time()
user system elapsed
351.01 0.95 352.09
|
flowClust.Rcheck/tests_x64/testthat.Rout
R version 4.0.5 (2021-03-31) -- "Shake and Throw"
Copyright (C) 2021 The R Foundation for Statistical Computing
Platform: x86_64-w64-mingw32/x64 (64-bit)
R is free software and comes with ABSOLUTELY NO WARRANTY.
You are welcome to redistribute it under certain conditions.
Type 'license()' or 'licence()' for distribution details.
R is a collaborative project with many contributors.
Type 'contributors()' for more information and
'citation()' on how to cite R or R packages in publications.
Type 'demo()' for some demos, 'help()' for on-line help, or
'help.start()' for an HTML browser interface to help.
Type 'q()' to quit R.
> library(testthat)
> library(flowClust)
Attaching package: 'flowClust'
The following object is masked from 'package:graphics':
box
The following object is masked from 'package:base':
Map
>
> test_check("flowClust")
== Skipped tests ===============================================================
* On Windows (1)
* empty test (1)
[ FAIL 0 | WARN 36 | SKIP 2 | PASS 40 ]
>
> #devtools::test("~/rglab/workspace/flowClust")
>
> #taking quite some time , thus only for internal testing
> #test_file("~/rglab/workspace/flowClust/tests/testthat/flowClust-gated-data.R")
> #tools::checkDocFiles(dir = ".")
>
> proc.time()
user system elapsed
308.17 0.92 309.25
|
|
flowClust.Rcheck/examples_i386/flowClust-Ex.timings
|
flowClust.Rcheck/examples_x64/flowClust-Ex.timings
|