| Back to Multiple platform build/check report for BioC 3.12 |
|
This page was generated on 2021-05-06 12:34:27 -0400 (Thu, 06 May 2021).
|
To the developers/maintainers of the blima package: Please make sure to use the following settings in order to reproduce any error or warning you see on this page. |
| Package 196/1974 | Hostname | OS / Arch | INSTALL | BUILD | CHECK | BUILD BIN | ||||||||
| blima 1.24.0 (landing page) Vojtěch Kulvait
| malbec1 | Linux (Ubuntu 18.04.5 LTS) / x86_64 | OK | OK | WARNINGS | |||||||||
| tokay1 | Windows Server 2012 R2 Standard / x64 | OK | OK | WARNINGS | OK | |||||||||
| merida1 | macOS 10.14.6 Mojave / x86_64 | OK | OK | WARNINGS | OK | |||||||||
| Package: blima |
| Version: 1.24.0 |
| Command: /Library/Frameworks/R.framework/Versions/Current/Resources/bin/R CMD check --install=check:blima.install-out.txt --library=/Library/Frameworks/R.framework/Versions/Current/Resources/library --no-vignettes --timings blima_1.24.0.tar.gz |
| StartedAt: 2021-05-05 23:46:24 -0400 (Wed, 05 May 2021) |
| EndedAt: 2021-05-05 23:48:47 -0400 (Wed, 05 May 2021) |
| EllapsedTime: 142.8 seconds |
| RetCode: 0 |
| Status: WARNINGS |
| CheckDir: blima.Rcheck |
| Warnings: 1 |
##############################################################################
##############################################################################
###
### Running command:
###
### /Library/Frameworks/R.framework/Versions/Current/Resources/bin/R CMD check --install=check:blima.install-out.txt --library=/Library/Frameworks/R.framework/Versions/Current/Resources/library --no-vignettes --timings blima_1.24.0.tar.gz
###
##############################################################################
##############################################################################
* using log directory ‘/Users/biocbuild/bbs-3.12-bioc/meat/blima.Rcheck’
* using R version 4.0.5 (2021-03-31)
* using platform: x86_64-apple-darwin17.0 (64-bit)
* using session charset: UTF-8
* using option ‘--no-vignettes’
* checking for file ‘blima/DESCRIPTION’ ... OK
* checking extension type ... Package
* this is package ‘blima’ version ‘1.24.0’
* package encoding: UTF-8
* checking package namespace information ... OK
* checking package dependencies ... OK
* checking if this is a source package ... OK
* checking if there is a namespace ... OK
* checking for hidden files and directories ... OK
* checking for portable file names ... OK
* checking for sufficient/correct file permissions ... OK
* checking whether package ‘blima’ can be installed ... OK
* checking installed package size ... OK
* checking package directory ... OK
* checking ‘build’ directory ... OK
* checking DESCRIPTION meta-information ... OK
* checking top-level files ... OK
* checking for left-over files ... OK
* checking index information ... OK
* checking package subdirectories ... OK
* checking R files for non-ASCII characters ... OK
* checking R files for syntax errors ... OK
* checking whether the package can be loaded ... OK
* checking whether the package can be loaded with stated dependencies ... OK
* checking whether the package can be unloaded cleanly ... OK
* checking whether the namespace can be loaded with stated dependencies ... OK
* checking whether the namespace can be unloaded cleanly ... OK
* checking dependencies in R code ... OK
* checking S3 generic/method consistency ... OK
* checking replacement functions ... OK
* checking foreign function calls ... OK
* checking R code for possible problems ... NOTE
nonParametricEstimator: no visible global function definition for ‘var’
performXieCorrection: no visible global function definition for ‘dnorm’
performXieCorrection: no visible global function definition for ‘pnorm’
vstFromLumi: no visible global function definition for ‘lm’
vstFromLumi: no visible global function definition for ‘predict’
Undefined global functions or variables:
dnorm lm pnorm predict var
Consider adding
importFrom("stats", "dnorm", "lm", "pnorm", "predict", "var")
to your NAMESPACE file.
* checking Rd files ... WARNING
checkRd: (5) interpolateSortedVectorRcpp_.Rd:0-21: Must have a \description
* checking Rd metadata ... OK
* checking Rd cross-references ... OK
* checking for missing documentation entries ... OK
* checking for code/documentation mismatches ... OK
* checking Rd \usage sections ... OK
* checking Rd contents ... OK
* checking for unstated dependencies in examples ... OK
* checking line endings in C/C++/Fortran sources/headers ... OK
* checking compiled code ... NOTE
Note: information on .o files is not available
* checking sizes of PDF files under ‘inst/doc’ ... OK
* checking files in ‘vignettes’ ... OK
* checking examples ... OK
* checking for unstated dependencies in vignettes ... OK
* checking package vignettes in ‘inst/doc’ ... OK
* checking running R code from vignettes ... SKIPPED
* checking re-building of vignette outputs ... SKIPPED
* checking PDF version of manual ... OK
* DONE
Status: 1 WARNING, 2 NOTEs
See
‘/Users/biocbuild/bbs-3.12-bioc/meat/blima.Rcheck/00check.log’
for details.
blima.Rcheck/00install.out
##############################################################################
##############################################################################
###
### Running command:
###
### /Library/Frameworks/R.framework/Versions/Current/Resources/bin/R CMD INSTALL blima
###
##############################################################################
##############################################################################
* installing to library ‘/Library/Frameworks/R.framework/Versions/4.0/Resources/library’
* installing *source* package ‘blima’ ...
** using staged installation
** libs
clang++ -mmacosx-version-min=10.13 -std=gnu++11 -I"/Library/Frameworks/R.framework/Resources/include" -DNDEBUG -I'/Library/Frameworks/R.framework/Versions/4.0/Resources/library/Rcpp/include' -I/usr/local/include -fPIC -Wall -g -O2 -c RcppExports.cpp -o RcppExports.o
In file included from RcppExports.cpp:4:
In file included from /Library/Frameworks/R.framework/Versions/4.0/Resources/library/Rcpp/include/Rcpp.h:57:
/Library/Frameworks/R.framework/Versions/4.0/Resources/library/Rcpp/include/Rcpp/DataFrame.h:136:18: warning: unused variable 'data' [-Wunused-variable]
SEXP data = Parent::get__();
^
1 warning generated.
clang++ -mmacosx-version-min=10.13 -std=gnu++11 -I"/Library/Frameworks/R.framework/Resources/include" -DNDEBUG -I'/Library/Frameworks/R.framework/Versions/4.0/Resources/library/Rcpp/include' -I/usr/local/include -fPIC -Wall -g -O2 -c interpolateSortedVector.cpp -o interpolateSortedVector.o
In file included from interpolateSortedVector.cpp:1:
In file included from /Library/Frameworks/R.framework/Versions/4.0/Resources/library/Rcpp/include/Rcpp.h:57:
/Library/Frameworks/R.framework/Versions/4.0/Resources/library/Rcpp/include/Rcpp/DataFrame.h:136:18: warning: unused variable 'data' [-Wunused-variable]
SEXP data = Parent::get__();
^
1 warning generated.
clang++ -mmacosx-version-min=10.13 -std=gnu++11 -dynamiclib -Wl,-headerpad_max_install_names -undefined dynamic_lookup -single_module -multiply_defined suppress -L/Library/Frameworks/R.framework/Resources/lib -L/usr/local/lib -o blima.so RcppExports.o interpolateSortedVector.o -F/Library/Frameworks/R.framework/.. -framework R -Wl,-framework -Wl,CoreFoundation
installing to /Library/Frameworks/R.framework/Versions/4.0/Resources/library/00LOCK-blima/00new/blima/libs
** R
** inst
** byte-compile and prepare package for lazy loading
** help
*** installing help indices
** building package indices
** installing vignettes
** testing if installed package can be loaded from temporary location
** checking absolute paths in shared objects and dynamic libraries
** testing if installed package can be loaded from final location
** testing if installed package keeps a record of temporary installation path
* DONE (blima)
blima.Rcheck/blima-Ex.timings
| name | user | system | elapsed | |
| bacgroundCorrect | 0.012 | 0.002 | 0.015 | |
| backgroundChannelSubtract | 0.012 | 0.001 | 0.014 | |
| chipArrayStatistics | 0.009 | 0.001 | 0.010 | |
| createSummarizedMatrix | 0.533 | 0.024 | 0.561 | |
| doProbeTTests | 0.176 | 0.010 | 0.187 | |
| doTTests | 0.503 | 0.011 | 0.515 | |
| log2TransformPositive | 0.160 | 0.009 | 0.169 | |
| nonPositiveCorrect | 0.014 | 0.001 | 0.015 | |
| plotBackgroundImageAfterCorrection | 0.012 | 0.001 | 0.013 | |
| plotBackgroundImageBeforeCorrection | 0.009 | 0.001 | 0.009 | |
| quantileNormalize | 0.014 | 0.001 | 0.015 | |
| selectedChannelTransform | 0.012 | 0.001 | 0.013 | |
| varianceBeadStabilise | 0.013 | 0.001 | 0.014 | |
| writeBackgroundImages | 0.010 | 0.000 | 0.011 | |
| xieBacgroundCorrect | 0.010 | 0.001 | 0.012 | |