| Back to Multiple platform build/check report for BioC 3.12 |
|
This page was generated on 2021-05-06 12:26:56 -0400 (Thu, 06 May 2021).
|
To the developers/maintainers of the banocc package: Please make sure to use the following settings in order to reproduce any error or warning you see on this page. |
| Package 115/1974 | Hostname | OS / Arch | INSTALL | BUILD | CHECK | BUILD BIN | ||||||||
| banocc 1.14.0 (landing page) George Weingart
| malbec1 | Linux (Ubuntu 18.04.5 LTS) / x86_64 | OK | ERROR | skipped | |||||||||
| tokay1 | Windows Server 2012 R2 Standard / x64 | OK | ERROR | skipped | skipped | |||||||||
| merida1 | macOS 10.14.6 Mojave / x86_64 | OK | OK | OK | OK | |||||||||
| Package: banocc |
| Version: 1.14.0 |
| Command: /home/biocbuild/bbs-3.12-bioc/R/bin/R CMD build --keep-empty-dirs --no-resave-data banocc |
| StartedAt: 2021-05-05 17:42:28 -0400 (Wed, 05 May 2021) |
| EndedAt: 2021-05-05 17:43:48 -0400 (Wed, 05 May 2021) |
| EllapsedTime: 79.6 seconds |
| RetCode: 1 |
| Status: ERROR |
| PackageFile: None |
| PackageFileSize: NA |
############################################################################## ############################################################################## ### ### Running command: ### ### /home/biocbuild/bbs-3.12-bioc/R/bin/R CMD build --keep-empty-dirs --no-resave-data banocc ### ############################################################################## ############################################################################## * checking for file ‘banocc/DESCRIPTION’ ... OK * preparing ‘banocc’: * checking DESCRIPTION meta-information ... OK * installing the package to build vignettes * creating vignettes ... ERROR --- re-building ‘banocc-vignette.Rmd’ using rmarkdown DIAGNOSTIC(S) FROM PARSER: Info: integer division implicitly rounds to integer. Found int division: P * P - 1 / 2 Positive values rounded down, negative values rounded up or down in platform-dependent way. Floating point exception (core dumped)