| Back to Multiple platform build/check report for BioC 3.12 |
|
This page was generated on 2021-05-06 12:26:45 -0400 (Thu, 06 May 2021).
|
To the developers/maintainers of the adSplit package: Please make sure to use the following settings in order to reproduce any error or warning you see on this page. |
| Package 21/1974 | Hostname | OS / Arch | INSTALL | BUILD | CHECK | BUILD BIN | ||||||||
| adSplit 1.60.0 (landing page) Claudio Lottaz
| malbec1 | Linux (Ubuntu 18.04.5 LTS) / x86_64 | OK | OK | WARNINGS | |||||||||
| tokay1 | Windows Server 2012 R2 Standard / x64 | OK | OK | WARNINGS | OK | |||||||||
| merida1 | macOS 10.14.6 Mojave / x86_64 | OK | OK | WARNINGS | OK | |||||||||
| Package: adSplit |
| Version: 1.60.0 |
| Command: /home/biocbuild/bbs-3.12-bioc/R/bin/R CMD check --install=check:adSplit.install-out.txt --library=/home/biocbuild/bbs-3.12-bioc/R/library --no-vignettes --timings adSplit_1.60.0.tar.gz |
| StartedAt: 2021-05-05 22:51:23 -0400 (Wed, 05 May 2021) |
| EndedAt: 2021-05-05 22:55:41 -0400 (Wed, 05 May 2021) |
| EllapsedTime: 257.7 seconds |
| RetCode: 0 |
| Status: WARNINGS |
| CheckDir: adSplit.Rcheck |
| Warnings: 1 |
##############################################################################
##############################################################################
###
### Running command:
###
### /home/biocbuild/bbs-3.12-bioc/R/bin/R CMD check --install=check:adSplit.install-out.txt --library=/home/biocbuild/bbs-3.12-bioc/R/library --no-vignettes --timings adSplit_1.60.0.tar.gz
###
##############################################################################
##############################################################################
* using log directory ‘/home/biocbuild/bbs-3.12-bioc/meat/adSplit.Rcheck’
* using R version 4.0.5 (2021-03-31)
* using platform: x86_64-pc-linux-gnu (64-bit)
* using session charset: UTF-8
* using option ‘--no-vignettes’
* checking for file ‘adSplit/DESCRIPTION’ ... OK
* this is package ‘adSplit’ version ‘1.60.0’
* checking package namespace information ... OK
* checking package dependencies ... OK
* checking if this is a source package ... OK
* checking if there is a namespace ... OK
* checking for hidden files and directories ... OK
* checking for portable file names ... OK
* checking for sufficient/correct file permissions ... OK
* checking whether package ‘adSplit’ can be installed ... WARNING
Found the following significant warnings:
adSplit.cpp:256:77: warning: ISO C++ forbids converting a string constant to ‘char*’ [-Wwrite-strings]
adSplit.cpp:469:67: warning: ISO C++ forbids converting a string constant to ‘char*’ [-Wwrite-strings]
See ‘/home/biocbuild/bbs-3.12-bioc/meat/adSplit.Rcheck/00install.out’ for details.
* checking installed package size ... OK
* checking package directory ... OK
* checking ‘build’ directory ... OK
* checking DESCRIPTION meta-information ... NOTE
Package listed in more than one of Depends, Imports, Suggests, Enhances:
‘methods’
A package should be listed in only one of these fields.
* checking top-level files ... OK
* checking for left-over files ... OK
* checking index information ... OK
* checking package subdirectories ... OK
* checking R files for non-ASCII characters ... OK
* checking R files for syntax errors ... OK
* checking whether the package can be loaded ... OK
* checking whether the package can be loaded with stated dependencies ... OK
* checking whether the package can be unloaded cleanly ... OK
* checking whether the namespace can be loaded with stated dependencies ... OK
* checking whether the namespace can be unloaded cleanly ... OK
* checking dependencies in R code ... OK
* checking S3 generic/method consistency ... OK
* checking replacement functions ... OK
* checking foreign function calls ... OK
* checking R code for possible problems ... OK
* checking Rd files ... OK
* checking Rd metadata ... OK
* checking Rd cross-references ... OK
* checking for missing documentation entries ... OK
* checking for code/documentation mismatches ... OK
* checking Rd \usage sections ... OK
* checking Rd contents ... OK
* checking for unstated dependencies in examples ... OK
* checking contents of ‘data’ directory ... OK
* checking data for non-ASCII characters ... OK
* checking data for ASCII and uncompressed saves ... OK
* checking line endings in C/C++/Fortran sources/headers ... OK
* checking line endings in Makefiles ... OK
* checking for GNU extensions in Makefiles ... OK
* checking include directives in Makefiles ... OK
* checking compiled code ... NOTE
Note: information on .o files is not available
File ‘/home/biocbuild/bbs-3.12-bioc/R/library/adSplit/libs/adSplit.so’:
Found ‘__printf_chk’, possibly from ‘printf’ (C)
Compiled code should not call entry points which might terminate R nor
write to stdout/stderr instead of to the console, nor use Fortran I/O
nor system RNGs. The detected symbols are linked into the code but
might come from libraries and not actually be called.
See ‘Writing portable packages’ in the ‘Writing R Extensions’ manual.
* checking files in ‘vignettes’ ... OK
* checking examples ... OK
Examples with CPU (user + system) or elapsed time > 5s
user system elapsed
drawRandomPS 47.612 0.192 48.094
makeEID2PROBESenv 45.528 0.228 45.863
randomDiana2means 44.504 0.228 44.853
* checking for unstated dependencies in vignettes ... OK
* checking package vignettes in ‘inst/doc’ ... OK
* checking running R code from vignettes ... SKIPPED
* checking re-building of vignette outputs ... SKIPPED
* checking PDF version of manual ... OK
* DONE
Status: 1 WARNING, 2 NOTEs
See
‘/home/biocbuild/bbs-3.12-bioc/meat/adSplit.Rcheck/00check.log’
for details.
adSplit.Rcheck/00install.out
##############################################################################
##############################################################################
###
### Running command:
###
### /home/biocbuild/bbs-3.12-bioc/R/bin/R CMD INSTALL adSplit
###
##############################################################################
##############################################################################
* installing to library ‘/home/biocbuild/bbs-3.12-bioc/R/library’
* installing *source* package ‘adSplit’ ...
** using staged installation
** libs
g++ -std=gnu++11 -I"/home/biocbuild/bbs-3.12-bioc/R/include" -DNDEBUG -I/usr/local/include -fpic -g -O2 -Wall -c adSplit.cpp -o adSplit.o
adSplit.cpp: In function ‘double tscore(double*, int, int, split&, isis_pars&)’:
adSplit.cpp:256:77: warning: ISO C++ forbids converting a string constant to ‘char*’ [-Wwrite-strings]
throw Tomato(__LINE__, "tscore: internal error, shame on the programmer");
^
adSplit.cpp: In function ‘void isis(char**, double*, int*, int*, int*, int*, int*, double*, int*)’:
adSplit.cpp:469:67: warning: ISO C++ forbids converting a string constant to ‘char*’ [-Wwrite-strings]
throw Tomato(__LINE__, "isis() called with unknown function");
^
g++ -std=gnu++11 -shared -L/home/biocbuild/bbs-3.12-bioc/R/lib -L/usr/local/lib -o adSplit.so adSplit.o -L/home/biocbuild/bbs-3.12-bioc/R/lib -lR
installing to /home/biocbuild/bbs-3.12-bioc/R/library/00LOCK-adSplit/00new/adSplit/libs
** R
** data
** byte-compile and prepare package for lazy loading
** help
*** installing help indices
** building package indices
** installing vignettes
** testing if installed package can be loaded from temporary location
** checking absolute paths in shared objects and dynamic libraries
** testing if installed package can be loaded from final location
** testing if installed package keeps a record of temporary installation path
* DONE (adSplit)
adSplit.Rcheck/adSplit-Ex.timings
| name | user | system | elapsed | |
| adSplit | 2.704 | 0.112 | 4.762 | |
| diana2means | 2.180 | 0.024 | 2.385 | |
| drawRandomPS | 47.612 | 0.192 | 48.094 | |
| golubKEGGSplits | 0.000 | 0.000 | 0.001 | |
| hist.splitSet | 0.004 | 0.000 | 0.006 | |
| image.splitSet | 0.212 | 0.004 | 0.425 | |
| makeEID2PROBESenv | 45.528 | 0.228 | 45.863 | |
| print.splitSet | 0.004 | 0.000 | 0.002 | |
| randomDiana2means | 44.504 | 0.228 | 44.853 | |