| Back to Multiple platform build/check report for BioC 3.12 |
|
This page was generated on 2021-05-06 12:33:41 -0400 (Thu, 06 May 2021).
|
To the developers/maintainers of the SNPediaR package: Please make sure to use the following settings in order to reproduce any error or warning you see on this page. |
| Package 1745/1974 | Hostname | OS / Arch | INSTALL | BUILD | CHECK | BUILD BIN | ||||||||
| SNPediaR 1.16.0 (landing page) David Montaner
| malbec1 | Linux (Ubuntu 18.04.5 LTS) / x86_64 | OK | OK | OK | |||||||||
| tokay1 | Windows Server 2012 R2 Standard / x64 | OK | ERROR | skipped | skipped | |||||||||
| merida1 | macOS 10.14.6 Mojave / x86_64 | OK | OK | OK | OK | |||||||||
| Package: SNPediaR |
| Version: 1.16.0 |
| Command: chmod a+r SNPediaR -R && C:\Users\biocbuild\bbs-3.12-bioc\R\bin\R.exe CMD build --keep-empty-dirs --no-resave-data SNPediaR |
| StartedAt: 2021-05-05 23:38:54 -0400 (Wed, 05 May 2021) |
| EndedAt: 2021-05-05 23:39:10 -0400 (Wed, 05 May 2021) |
| EllapsedTime: 16.0 seconds |
| RetCode: 1 |
| Status: ERROR |
| PackageFile: None |
| PackageFileSize: NA |
############################################################################## ############################################################################## ### ### Running command: ### ### chmod a+r SNPediaR -R && C:\Users\biocbuild\bbs-3.12-bioc\R\bin\R.exe CMD build --keep-empty-dirs --no-resave-data SNPediaR ### ############################################################################## ############################################################################## * checking for file 'SNPediaR/DESCRIPTION' ... OK * preparing 'SNPediaR': * checking DESCRIPTION meta-information ... OK * installing the package to build vignettes * creating vignettes ... ERROR --- re-building 'SNPediaR.Rmd' using rmarkdown Quitting from lines 50-53 (SNPediaR.Rmd) Error: processing vignette 'SNPediaR.Rmd' failed with diagnostics: error:1407742E:SSL routines:SSL23_GET_SERVER_HELLO:tlsv1 alert protocol version --- failed re-building 'SNPediaR.Rmd' SUMMARY: processing the following file failed: 'SNPediaR.Rmd' Error: Vignette re-building failed. Execution halted