| Back to Multiple platform build/check report for BioC 3.12 |
|
This page was generated on 2021-05-06 12:29:05 -0400 (Thu, 06 May 2021).
|
To the developers/maintainers of the SEtools package: Please make sure to use the following settings in order to reproduce any error or warning you see on this page. |
| Package 1690/1974 | Hostname | OS / Arch | INSTALL | BUILD | CHECK | BUILD BIN | ||||||||
| SEtools 1.4.0 (landing page) Pierre-Luc Germain
| malbec1 | Linux (Ubuntu 18.04.5 LTS) / x86_64 | OK | OK | WARNINGS | |||||||||
| tokay1 | Windows Server 2012 R2 Standard / x64 | OK | OK | WARNINGS | OK | |||||||||
| merida1 | macOS 10.14.6 Mojave / x86_64 | OK | OK | WARNINGS | OK | |||||||||
| Package: SEtools |
| Version: 1.4.0 |
| Command: /home/biocbuild/bbs-3.12-bioc/R/bin/R CMD check --install=check:SEtools.install-out.txt --library=/home/biocbuild/bbs-3.12-bioc/R/library --no-vignettes --timings SEtools_1.4.0.tar.gz |
| StartedAt: 2021-05-06 05:58:53 -0400 (Thu, 06 May 2021) |
| EndedAt: 2021-05-06 06:02:16 -0400 (Thu, 06 May 2021) |
| EllapsedTime: 203.9 seconds |
| RetCode: 0 |
| Status: WARNINGS |
| CheckDir: SEtools.Rcheck |
| Warnings: 1 |
##############################################################################
##############################################################################
###
### Running command:
###
### /home/biocbuild/bbs-3.12-bioc/R/bin/R CMD check --install=check:SEtools.install-out.txt --library=/home/biocbuild/bbs-3.12-bioc/R/library --no-vignettes --timings SEtools_1.4.0.tar.gz
###
##############################################################################
##############################################################################
* using log directory ‘/home/biocbuild/bbs-3.12-bioc/meat/SEtools.Rcheck’
* using R version 4.0.5 (2021-03-31)
* using platform: x86_64-pc-linux-gnu (64-bit)
* using session charset: UTF-8
* using option ‘--no-vignettes’
* checking for file ‘SEtools/DESCRIPTION’ ... OK
* checking extension type ... Package
* this is package ‘SEtools’ version ‘1.4.0’
* package encoding: UTF-8
* checking package namespace information ... OK
* checking package dependencies ... OK
* checking if this is a source package ... OK
* checking if there is a namespace ... OK
* checking for hidden files and directories ... OK
* checking for portable file names ... OK
* checking for sufficient/correct file permissions ... OK
* checking whether package ‘SEtools’ can be installed ... WARNING
Found the following significant warnings:
Warning: replacing previous import ‘ComplexHeatmap::pheatmap’ by ‘pheatmap::pheatmap’ when loading ‘SEtools’
See ‘/home/biocbuild/bbs-3.12-bioc/meat/SEtools.Rcheck/00install.out’ for details.
* checking installed package size ... OK
* checking package directory ... OK
* checking ‘build’ directory ... OK
* checking DESCRIPTION meta-information ... OK
* checking top-level files ... OK
* checking for left-over files ... OK
* checking index information ... OK
* checking package subdirectories ... OK
* checking R files for non-ASCII characters ... OK
* checking R files for syntax errors ... OK
* checking whether the package can be loaded ... OK
* checking whether the package can be loaded with stated dependencies ... OK
* checking whether the package can be unloaded cleanly ... OK
* checking whether the namespace can be loaded with stated dependencies ... OK
* checking whether the namespace can be unloaded cleanly ... OK
* checking dependencies in R code ... OK
* checking S3 generic/method consistency ... OK
* checking replacement functions ... OK
* checking foreign function calls ... OK
* checking R code for possible problems ... NOTE
.aggRowDat : <anonymous> : <anonymous>: no visible global function
definition for ‘median’
.getHMcols: no visible global function definition for
‘colorRampPalette’
getBreaks: no visible global function definition for ‘quantile’
sortRows: no visible binding for global variable ‘median’
sortRows: no visible global function definition for ‘dist’
Undefined global functions or variables:
colorRampPalette dist median quantile
Consider adding
importFrom("grDevices", "colorRampPalette")
importFrom("stats", "dist", "median", "quantile")
to your NAMESPACE file.
* checking Rd files ... OK
* checking Rd metadata ... OK
* checking Rd cross-references ... OK
* checking for missing documentation entries ... OK
* checking for code/documentation mismatches ... OK
* checking Rd \usage sections ... OK
* checking Rd contents ... OK
* checking for unstated dependencies in examples ... OK
* checking contents of ‘data’ directory ... OK
* checking data for non-ASCII characters ... OK
* checking data for ASCII and uncompressed saves ... OK
* checking files in ‘vignettes’ ... OK
* checking examples ... OK
* checking for unstated dependencies in vignettes ... OK
* checking package vignettes in ‘inst/doc’ ... OK
* checking running R code from vignettes ... SKIPPED
* checking re-building of vignette outputs ... SKIPPED
* checking PDF version of manual ... OK
* DONE
Status: 1 WARNING, 1 NOTE
See
‘/home/biocbuild/bbs-3.12-bioc/meat/SEtools.Rcheck/00check.log’
for details.
SEtools.Rcheck/00install.out
############################################################################## ############################################################################## ### ### Running command: ### ### /home/biocbuild/bbs-3.12-bioc/R/bin/R CMD INSTALL SEtools ### ############################################################################## ############################################################################## * installing to library ‘/home/biocbuild/bbs-3.12-bioc/R/library’ * installing *source* package ‘SEtools’ ... ** using staged installation ** R ** data ** byte-compile and prepare package for lazy loading Warning: replacing previous import ‘ComplexHeatmap::pheatmap’ by ‘pheatmap::pheatmap’ when loading ‘SEtools’ ** help *** installing help indices ** building package indices ** installing vignettes ** testing if installed package can be loaded from temporary location Warning: replacing previous import ‘ComplexHeatmap::pheatmap’ by ‘pheatmap::pheatmap’ when loading ‘SEtools’ ** testing if installed package can be loaded from final location Warning: replacing previous import ‘ComplexHeatmap::pheatmap’ by ‘pheatmap::pheatmap’ when loading ‘SEtools’ ** testing if installed package keeps a record of temporary installation path * DONE (SEtools)
SEtools.Rcheck/SEtools-Ex.timings
| name | user | system | elapsed | |
| SE-heatmap | 0.300 | 0.004 | 0.307 | |
| aggSE | 0.376 | 0.000 | 0.374 | |
| crossHm | 0.280 | 0.000 | 0.281 | |
| getBreaks | 0.000 | 0.000 | 0.001 | |
| log2FC | 0.004 | 0.004 | 0.006 | |
| meltSE | 0.028 | 0.004 | 0.032 | |
| mergeSEs | 0.208 | 0.000 | 0.206 | |
| resetAllSEtoolsOptions | 0.000 | 0.000 | 0.001 | |
| se2xls | 0.012 | 0.000 | 0.012 | |
| sortRows | 0.004 | 0.000 | 0.006 | |