| Back to Multiple platform build/check report for BioC 3.12 |
|
This page was generated on 2021-05-06 12:35:46 -0400 (Thu, 06 May 2021).
|
To the developers/maintainers of the MMUPHin package: Please make sure to use the following settings in order to reproduce any error or warning you see on this page. |
| Package 1129/1974 | Hostname | OS / Arch | INSTALL | BUILD | CHECK | BUILD BIN | ||||||||
| MMUPHin 1.4.2 (landing page) Siyuan MA
| malbec1 | Linux (Ubuntu 18.04.5 LTS) / x86_64 | OK | OK | OK | |||||||||
| tokay1 | Windows Server 2012 R2 Standard / x64 | OK | OK | OK | OK | |||||||||
| merida1 | macOS 10.14.6 Mojave / x86_64 | OK | ERROR | skipped | skipped | |||||||||
| Package: MMUPHin |
| Version: 1.4.2 |
| Command: /Library/Frameworks/R.framework/Versions/Current/Resources/bin/R CMD build --keep-empty-dirs --no-resave-data MMUPHin |
| StartedAt: 2021-05-05 20:44:00 -0400 (Wed, 05 May 2021) |
| EndedAt: 2021-05-05 20:45:09 -0400 (Wed, 05 May 2021) |
| EllapsedTime: 69.6 seconds |
| RetCode: 1 |
| Status: ERROR |
| PackageFile: None |
| PackageFileSize: NA |
##############################################################################
##############################################################################
###
### Running command:
###
### /Library/Frameworks/R.framework/Versions/Current/Resources/bin/R CMD build --keep-empty-dirs --no-resave-data MMUPHin
###
##############################################################################
##############################################################################
* checking for file ‘MMUPHin/DESCRIPTION’ ... OK
* preparing ‘MMUPHin’:
* checking DESCRIPTION meta-information ... OK
* installing the package to build vignettes
* creating vignettes ... ERROR
--- re-building ‘MMUPHin.Rmd’ using rmarkdown
Attaching package: 'dplyr'
The following objects are masked from 'package:stats':
filter, lag
The following objects are masked from 'package:base':
intersect, setdiff, setequal, union
Quitting from lines 369-381 (MMUPHin.Rmd)
Error: processing vignette 'MMUPHin.Rmd' failed with diagnostics:
At optimal_modularity.c:85 : GLPK is not available, Unimplemented function call
--- failed re-building ‘MMUPHin.Rmd’
SUMMARY: processing the following file failed:
‘MMUPHin.Rmd’
Error: Vignette re-building failed.
Execution halted