| Back to Multiple platform build/check report for BioC 3.12 |
|
This page was generated on 2021-05-06 12:35:03 -0400 (Thu, 06 May 2021).
|
To the developers/maintainers of the GeneExpressionSignature package: Please make sure to use the following settings in order to reproduce any error or warning you see on this page. |
| Package 686/1974 | Hostname | OS / Arch | INSTALL | BUILD | CHECK | BUILD BIN | ||||||||
| GeneExpressionSignature 1.36.0 (landing page) Yang Cao
| malbec1 | Linux (Ubuntu 18.04.5 LTS) / x86_64 | OK | OK | WARNINGS | |||||||||
| tokay1 | Windows Server 2012 R2 Standard / x64 | OK | OK | WARNINGS | OK | |||||||||
| merida1 | macOS 10.14.6 Mojave / x86_64 | OK | OK | WARNINGS | OK | |||||||||
| Package: GeneExpressionSignature |
| Version: 1.36.0 |
| Command: /Library/Frameworks/R.framework/Versions/Current/Resources/bin/R CMD check --install=check:GeneExpressionSignature.install-out.txt --library=/Library/Frameworks/R.framework/Versions/Current/Resources/library --no-vignettes --timings GeneExpressionSignature_1.36.0.tar.gz |
| StartedAt: 2021-05-06 02:00:23 -0400 (Thu, 06 May 2021) |
| EndedAt: 2021-05-06 02:02:00 -0400 (Thu, 06 May 2021) |
| EllapsedTime: 97.5 seconds |
| RetCode: 0 |
| Status: WARNINGS |
| CheckDir: GeneExpressionSignature.Rcheck |
| Warnings: 1 |
##############################################################################
##############################################################################
###
### Running command:
###
### /Library/Frameworks/R.framework/Versions/Current/Resources/bin/R CMD check --install=check:GeneExpressionSignature.install-out.txt --library=/Library/Frameworks/R.framework/Versions/Current/Resources/library --no-vignettes --timings GeneExpressionSignature_1.36.0.tar.gz
###
##############################################################################
##############################################################################
* using log directory ‘/Users/biocbuild/bbs-3.12-bioc/meat/GeneExpressionSignature.Rcheck’
* using R version 4.0.5 (2021-03-31)
* using platform: x86_64-apple-darwin17.0 (64-bit)
* using session charset: UTF-8
* using option ‘--no-vignettes’
* checking for file ‘GeneExpressionSignature/DESCRIPTION’ ... OK
* this is package ‘GeneExpressionSignature’ version ‘1.36.0’
* checking package namespace information ... OK
* checking package dependencies ... OK
* checking if this is a source package ... OK
* checking if there is a namespace ... OK
* checking for hidden files and directories ... OK
* checking for portable file names ... OK
* checking for sufficient/correct file permissions ... OK
* checking whether package ‘GeneExpressionSignature’ can be installed ... WARNING
Found the following significant warnings:
Warning: Package 'KEGG.db' is deprecated and will be removed from Bioconductor
Warning: Package 'PGSEA' is deprecated and will be removed from Bioconductor
See ‘/Users/biocbuild/bbs-3.12-bioc/meat/GeneExpressionSignature.Rcheck/00install.out’ for details.
* checking installed package size ... OK
* checking package directory ... OK
* checking ‘build’ directory ... OK
* checking DESCRIPTION meta-information ... OK
* checking top-level files ... OK
* checking for left-over files ... OK
* checking index information ... OK
* checking package subdirectories ... OK
* checking R files for non-ASCII characters ... OK
* checking R files for syntax errors ... OK
* checking whether the package can be loaded ... OK
* checking whether the package can be loaded with stated dependencies ... OK
* checking whether the package can be unloaded cleanly ... OK
* checking whether the namespace can be loaded with stated dependencies ... OK
* checking whether the namespace can be unloaded cleanly ... OK
* checking dependencies in R code ... NOTE
Packages in Depends field not imported from:
‘Biobase’ ‘PGSEA’
These packages need to be imported from (in the NAMESPACE file)
for when this namespace is loaded but not attached.
* checking S3 generic/method consistency ... OK
* checking replacement functions ... OK
* checking foreign function calls ... OK
* checking R code for possible problems ... NOTE
RankMerging: no visible global function definition for ‘exprs’
RankMerging: no visible global function definition for ‘as’
RankMerging: no visible global function definition for ‘phenoData’
RankMerging: no visible global function definition for ‘new’
ScoreGSEA : PRL.Distance: no visible global function definition for
‘exprs’
ScoreGSEA: no visible global function definition for ‘exprs’
ScorePGSEA: no visible global function definition for ‘exprs’
ScorePGSEA: no visible global function definition for ‘new’
ScorePGSEA: no visible global function definition for ‘PGSEA’
ScorePGSEA: no visible global function definition for ‘pnorm’
getRLs : Check.Log: no visible global function definition for ‘median’
integratePRL: no visible global function definition for ‘phenoData’
integratePRL: no visible global function definition for ‘exprs’
integratePRL: no visible global function definition for ‘new’
integratePRL: no visible global function definition for ‘as’
Undefined global functions or variables:
PGSEA as exprs median new phenoData pnorm
Consider adding
importFrom("methods", "as", "new")
importFrom("stats", "median", "pnorm")
to your NAMESPACE file (and ensure that your DESCRIPTION Imports field
contains 'methods').
* checking Rd files ... OK
* checking Rd metadata ... OK
* checking Rd cross-references ... OK
* checking for missing documentation entries ... OK
* checking for code/documentation mismatches ... OK
* checking Rd \usage sections ... OK
* checking Rd contents ... OK
* checking for unstated dependencies in examples ... OK
* checking contents of ‘data’ directory ... OK
* checking data for non-ASCII characters ... OK
* checking data for ASCII and uncompressed saves ... OK
* checking sizes of PDF files under ‘inst/doc’ ... OK
* checking files in ‘vignettes’ ... OK
* checking examples ... OK
* checking for unstated dependencies in vignettes ... OK
* checking package vignettes in ‘inst/doc’ ... OK
* checking running R code from vignettes ... SKIPPED
* checking re-building of vignette outputs ... SKIPPED
* checking PDF version of manual ... OK
* DONE
Status: 1 WARNING, 2 NOTEs
See
‘/Users/biocbuild/bbs-3.12-bioc/meat/GeneExpressionSignature.Rcheck/00check.log’
for details.
GeneExpressionSignature.Rcheck/00install.out
############################################################################## ############################################################################## ### ### Running command: ### ### /Library/Frameworks/R.framework/Versions/Current/Resources/bin/R CMD INSTALL GeneExpressionSignature ### ############################################################################## ############################################################################## * installing to library ‘/Library/Frameworks/R.framework/Versions/4.0/Resources/library’ * installing *source* package ‘GeneExpressionSignature’ ... ** using staged installation ** R ** data ** inst ** byte-compile and prepare package for lazy loading Warning messages: 1: Package 'KEGG.db' is deprecated and will be removed from Bioconductor version 3.12 2: Package 'PGSEA' is deprecated and will be removed from Bioconductor version 3.13 ** help *** installing help indices ** building package indices ** installing vignettes ** testing if installed package can be loaded from temporary location Warning: Package 'KEGG.db' is deprecated and will be removed from Bioconductor version 3.12 Warning: Package 'PGSEA' is deprecated and will be removed from Bioconductor version 3.13 ** testing if installed package can be loaded from final location Warning: Package 'KEGG.db' is deprecated and will be removed from Bioconductor version 3.12 Warning: Package 'PGSEA' is deprecated and will be removed from Bioconductor version 3.13 ** testing if installed package keeps a record of temporary installation path * DONE (GeneExpressionSignature)
GeneExpressionSignature.Rcheck/GeneExpressionSignature-Ex.timings
| name | user | system | elapsed | |
| RankMerging | 1.487 | 0.113 | 1.601 | |
| ScoreGSEA | 3.670 | 0.251 | 3.924 | |
| ScorePGSEA | 2.986 | 0.310 | 3.300 | |
| SignatureDistance | 3.809 | 0.264 | 4.078 | |
| exampleSet | 0.298 | 0.006 | 0.305 | |
| getRLs | 1.022 | 0.103 | 1.174 | |