| Back to Multiple platform build/check report for BioC 3.12 |
|
This page was generated on 2021-05-06 12:31:30 -0400 (Thu, 06 May 2021).
|
To the developers/maintainers of the GIGSEA package: Please make sure to use the following settings in order to reproduce any error or warning you see on this page. |
| Package 742/1974 | Hostname | OS / Arch | INSTALL | BUILD | CHECK | BUILD BIN | ||||||||
| GIGSEA 1.8.0 (landing page) Shijia Zhu
| malbec1 | Linux (Ubuntu 18.04.5 LTS) / x86_64 | OK | OK | OK | |||||||||
| tokay1 | Windows Server 2012 R2 Standard / x64 | OK | ERROR | skipped | skipped | |||||||||
| merida1 | macOS 10.14.6 Mojave / x86_64 | OK | OK | OK | OK | |||||||||
| Package: GIGSEA |
| Version: 1.8.0 |
| Command: chmod a+r GIGSEA -R && C:\Users\biocbuild\bbs-3.12-bioc\R\bin\R.exe CMD build --keep-empty-dirs --no-resave-data GIGSEA |
| StartedAt: 2021-05-05 21:15:49 -0400 (Wed, 05 May 2021) |
| EndedAt: 2021-05-05 21:16:47 -0400 (Wed, 05 May 2021) |
| EllapsedTime: 58.1 seconds |
| RetCode: 1 |
| Status: ERROR |
| PackageFile: None |
| PackageFileSize: NA |
############################################################################## ############################################################################## ### ### Running command: ### ### chmod a+r GIGSEA -R && C:\Users\biocbuild\bbs-3.12-bioc\R\bin\R.exe CMD build --keep-empty-dirs --no-resave-data GIGSEA ### ############################################################################## ############################################################################## * checking for file 'GIGSEA/DESCRIPTION' ... OK * preparing 'GIGSEA': * checking DESCRIPTION meta-information ... OK * installing the package to build vignettes * creating vignettes ... ERROR --- re-building 'GIGSEA_tutorial.Rmd' using rmarkdown Quitting from lines 262-299 (GIGSEA_tutorial.Rmd) Error: processing vignette 'GIGSEA_tutorial.Rmd' failed with diagnostics: cannot open the connection --- failed re-building 'GIGSEA_tutorial.Rmd' SUMMARY: processing the following file failed: 'GIGSEA_tutorial.Rmd' Error: Vignette re-building failed. Execution halted