| Back to Multiple platform build/check report for BioC 3.12 |
|
This page was generated on 2021-05-06 12:30:39 -0400 (Thu, 06 May 2021).
|
To the developers/maintainers of the DelayedArray package: Please make sure to use the following settings in order to reproduce any error or warning you see on this page. |
| Package 449/1974 | Hostname | OS / Arch | INSTALL | BUILD | CHECK | BUILD BIN | ||||||||
| DelayedArray 0.16.3 (landing page) Hervé Pagès
| malbec1 | Linux (Ubuntu 18.04.5 LTS) / x86_64 | OK | OK | WARNINGS | |||||||||
| tokay1 | Windows Server 2012 R2 Standard / x64 | OK | OK | WARNINGS | OK | |||||||||
| merida1 | macOS 10.14.6 Mojave / x86_64 | OK | OK | WARNINGS | OK | |||||||||
| Package: DelayedArray |
| Version: 0.16.3 |
| Command: C:\Users\biocbuild\bbs-3.12-bioc\R\bin\R.exe CMD check --force-multiarch --install=check:DelayedArray.install-out.txt --library=C:\Users\biocbuild\bbs-3.12-bioc\R\library --no-vignettes --timings DelayedArray_0.16.3.tar.gz |
| StartedAt: 2021-05-06 02:04:18 -0400 (Thu, 06 May 2021) |
| EndedAt: 2021-05-06 02:40:17 -0400 (Thu, 06 May 2021) |
| EllapsedTime: 2159.1 seconds |
| RetCode: 0 |
| Status: WARNINGS |
| CheckDir: DelayedArray.Rcheck |
| Warnings: 3 |
##############################################################################
##############################################################################
###
### Running command:
###
### C:\Users\biocbuild\bbs-3.12-bioc\R\bin\R.exe CMD check --force-multiarch --install=check:DelayedArray.install-out.txt --library=C:\Users\biocbuild\bbs-3.12-bioc\R\library --no-vignettes --timings DelayedArray_0.16.3.tar.gz
###
##############################################################################
##############################################################################
* using log directory 'C:/Users/biocbuild/bbs-3.12-bioc/meat/DelayedArray.Rcheck'
* using R version 4.0.5 (2021-03-31)
* using platform: x86_64-w64-mingw32 (64-bit)
* using session charset: ISO8859-1
* using option '--no-vignettes'
* checking for file 'DelayedArray/DESCRIPTION' ... OK
* this is package 'DelayedArray' version '0.16.3'
* package encoding: UTF-8
* checking package namespace information ... OK
* checking package dependencies ... NOTE
Depends: includes the non-default packages:
'stats4', 'Matrix', 'BiocGenerics', 'MatrixGenerics', 'S4Vectors',
'IRanges'
Adding so many packages to the search path is excessive and importing
selectively is preferable.
* checking if this is a source package ... OK
* checking if there is a namespace ... OK
* checking for hidden files and directories ... OK
* checking for portable file names ... OK
* checking whether package 'DelayedArray' can be installed ... WARNING
Found the following significant warnings:
compress_atomic_vector.c:66:9: warning: 'ans' is used uninitialized in this function [-Wuninitialized]
compress_atomic_vector.c:73:9: warning: 'ans' is used uninitialized in this function [-Wuninitialized]
compress_atomic_vector.c:85:9: warning: 'ans' is used uninitialized in this function [-Wuninitialized]
compress_atomic_vector.c:92:9: warning: 'ans' is used uninitialized in this function [-Wuninitialized]
Rd warning: C:/Users/biocbuild/bbs-3.12-bioc/tmpdir/RtmpyckPvC/R.INSTALL19846f305f19/DelayedArray/man/DelayedArray-class.Rd:95: file link 'HDF5Array' in package 'HDF5Array' does not exist and so has been treated as a topic
Rd warning: C:/Users/biocbuild/bbs-3.12-bioc/tmpdir/RtmpyckPvC/R.INSTALL19846f305f19/DelayedArray/man/DelayedArray-class.Rd:204: file link 'HDF5Array' in package 'HDF5Array' does not exist and so has been treated as a topic
Rd warning: C:/Users/biocbuild/bbs-3.12-bioc/tmpdir/RtmpyckPvC/R.INSTALL19846f305f19/DelayedArray/man/DelayedArray-class.Rd:206: file link 'DataFrame' in package 'S4Vectors' does not exist and so has been treated as a topic
Rd warning: C:/Users/biocbuild/bbs-3.12-bioc/tmpdir/RtmpyckPvC/R.INSTALL19846f305f19/DelayedArray/man/DelayedArray-stats.Rd:72: file link 'dnorm' in package 'stats' does not exist and so has been treated as a topic
Rd warning: C:/Users/biocbuild/bbs-3.12-bioc/tmpdir/RtmpyckPvC/R.INSTALL19846f305f19/DelayedArray/man/DelayedArray-stats.Rd:72: file link 'dbinom' in package 'stats' does not exist and so has been treated as a topic
Rd warning: C:/Users/biocbuild/bbs-3.12-bioc/tmpdir/RtmpyckPvC/R.INSTALL19846f305f19/DelayedArray/man/DelayedArray-stats.Rd:73: file link 'dpois' in package 'stats' does not exist and so has been treated as a topic
Rd warning: C:/Users/biocbuild/bbs-3.12-bioc/tmpdir/RtmpyckPvC/R.INSTALL19846f305f19/DelayedArray/man/DelayedArray-stats.Rd:73: file link 'dlogis' in package 'stats' does not exist and so has been treated as a topic
Rd warning: C:/Users/biocbuild/bbs-3.12-bioc/tmpdir/RtmpyckPvC/R.INSTALL19846f305f19/DelayedArray/man/DelayedArray-stats.Rd:80: file link 'dnorm' in package 'stats' does not exist and so has been treated as a topic
Rd warning: C:/Users/biocbuild/bbs-3.12-bioc/tmpdir/RtmpyckPvC/R.INSTALL19846f305f19/DelayedArray/man/DelayedArray-stats.Rd:80: file link 'dbinom' in package 'stats' does not exist and so has been treated as a topic
Rd warning: C:/Users/biocbuild/bbs-3.12-bioc/tmpdir/RtmpyckPvC/R.INSTALL19846f305f19/DelayedArray/man/DelayedArray-stats.Rd:81: file link 'dpois' in package 'stats' does not exist and so has been treated as a topic
Rd warning: C:/Users/biocbuild/bbs-3.12-bioc/tmpdir/RtmpyckPvC/R.INSTALL19846f305f19/DelayedArray/man/DelayedArray-stats.Rd:81: file link 'dlogis' in package 'stats' does not exist and so has been treated as a topic
Rd warning: C:/Users/biocbuild/bbs-3.12-bioc/tmpdir/RtmpyckPvC/R.INSTALL19846f305f19/DelayedArray/man/DelayedArray-stats.Rd:90: file link 'HDF5Array' in package 'HDF5Array' does not exist and so has been treated as a topic
Rd warning: C:/Users/biocbuild/bbs-3.12-bioc/tmpdir/RtmpyckPvC/R.INSTALL19846f305f19/DelayedArray/man/DelayedArray-utils.Rd:83: file link 'Ops' in package 'methods' does not exist and so has been treated as a topic
Rd warning: C:/Users/biocbuild/bbs-3.12-bioc/tmpdir/RtmpyckPvC/R.INSTALL19846f305f19/DelayedArray/man/DelayedArray-utils.Rd:84: file link 'Math' in package 'methods' does not exist and so has been treated as a topic
Rd warning: C:/Users/biocbuild/bbs-3.12-bioc/tmpdir/RtmpyckPvC/R.INSTALL19846f305f19/DelayedArray/man/DelayedArray-utils.Rd:84: file link 'Math2' in package 'methods' does not exist and so has been treated as a topic
Rd warning: C:/Users/biocbuild/bbs-3.12-bioc/tmpdir/RtmpyckPvC/R.INSTALL19846f305f19/DelayedArray/man/DelayedArray-utils.Rd:103: file link 'Summary' in package 'methods' does not exist and so has been treated as a topic
Rd warning: C:/Users/biocbuild/bbs-3.12-bioc/tmpdir/RtmpyckPvC/R.INSTALL19846f305f19/DelayedArray/man/DelayedArray-utils.Rd:118: file link 'is.na' in package 'base' does not exist and so has been treated as a topic
Rd warning: C:/Users/biocbuild/bbs-3.12-bioc/tmpdir/RtmpyckPvC/R.INSTALL19846f305f19/DelayedArray/man/DelayedArray-utils.Rd:118: file link '!' in package 'base' does not exist and so has been treated as a topic
Rd warning: C:/Users/biocbuild/bbs-3.12-bioc/tmpdir/RtmpyckPvC/R.INSTALL19846f305f19/DelayedArray/man/DelayedArray-utils.Rd:120: file link '%*%' in package 'base' does not exist and so has been treated as a topic
Rd warning: C:/Users/biocbuild/bbs-3.12-bioc/tmpdir/RtmpyckPvC/R.INSTALL19846f305f19/DelayedArray/man/DelayedArray-utils.Rd:135: file link 'HDF5Array' in package 'HDF5Array' does not exist and so has been treated as a topic
Rd warning: C:/Users/biocbuild/bbs-3.12-bioc/tmpdir/RtmpyckPvC/R.INSTALL19846f305f19/DelayedArray/man/DelayedArray-utils.Rd:138: file link 'Ops' in package 'methods' does not exist and so has been treated as a topic
Rd warning: C:/Users/biocbuild/bbs-3.12-bioc/tmpdir/RtmpyckPvC/R.INSTALL19846f305f19/DelayedArray/man/DelayedArray-utils.Rd:139: file link 'Math' in package 'methods' does not exist and so has been treated as a topic
Rd warning: C:/Users/biocbuild/bbs-3.12-bioc/tmpdir/RtmpyckPvC/R.INSTALL19846f305f19/DelayedArray/man/DelayedArray-utils.Rd:139: file link 'Math2' in package 'methods' does not exist and so has been treated as a topic
Rd warning: C:/Users/biocbuild/bbs-3.12-bioc/tmpdir/RtmpyckPvC/R.INSTALL19846f305f19/DelayedArray/man/DelayedMatrix-stats.Rd:79: file link 'rowSums' in package 'base' does not exist and so has been treated as a topic
Rd warning: C:/Users/biocbuild/bbs-3.12-bioc/tmpdir/RtmpyckPvC/R.INSTALL19846f305f19/DelayedArray/man/DelayedMatrix-stats.Rd:80: file link 'rowMaxs' in package 'matrixStats' does not exist and so has been treated as a topic
Rd warning: C:/Users/biocbuild/bbs-3.12-bioc/tmpdir/RtmpyckPvC/R.INSTALL19846f305f19/DelayedArray/man/DelayedMatrix-utils.Rd:68: file link 'HDF5Array' in package 'HDF5Array' does not exist and so has been treated as a topic
Rd warning: C:/Users/biocbuild/bbs-3.12-bioc/tmpdir/RtmpyckPvC/R.INSTALL19846f305f19/DelayedArray/man/RleArray-class.Rd:37: file link 'DelayedArray' in package 'DelayedArray' does not exist and so has been treated as a topic
Rd warning: C:/Users/biocbuild/bbs-3.12-bioc/tmpdir/RtmpyckPvC/R.INSTALL19846f305f19/DelayedArray/man/RleArray-class.Rd:40: file link 'DelayedArray' in package 'DelayedArray' does not exist and so has been treated as a topic
Rd warning: C:/Users/biocbuild/bbs-3.12-bioc/tmpdir/RtmpyckPvC/R.INSTALL19846f305f19/DelayedArray/man/RleArray-class.Rd:51: file link 'Rle' in package 'S4Vectors' does not exist and so has been treated as a topic
Rd warning: C:/Users/biocbuild/bbs-3.12-bioc/tmpdir/RtmpyckPvC/R.INSTALL19846f305f19/DelayedArray/man/RleArray-class.Rd:52: file link 'RleList' in package 'IRanges' does not exist and so has been treated as a topic
Rd warning: C:/Users/biocbuild/bbs-3.12-bioc/tmpdir/RtmpyckPvC/R.INSTALL19846f305f19/DelayedArray/man/RleArray-class.Rd:52: file link 'DataFrame' in package 'S4Vectors' does not exist and so has been treated as a topic
Rd warning: C:/Users/biocbuild/bbs-3.12-bioc/tmpdir/RtmpyckPvC/R.INSTALL19846f305f19/DelayedArray/man/RleArray-class.Rd:77: file link 'Rle' in package 'S4Vectors' does not exist and so has been treated as a topic
Rd warning: C:/Users/biocbuild/bbs-3.12-bioc/tmpdir/RtmpyckPvC/R.INSTALL19846f305f19/DelayedArray/man/RleArray-class.Rd:77: file link 'DataFrame' in package 'S4Vectors' does not exist and so has been treated as a topic
Rd warning: C:/Users/biocbuild/bbs-3.12-bioc/tmpdir/RtmpyckPvC/R.INSTALL19846f305f19/DelayedArray/man/RleArray-class.Rd:78: file link 'RleList' in package 'IRanges' does not exist and so has been treated as a topic
Rd warning: C:/Users/biocbuild/bbs-3.12-bioc/tmpdir/RtmpyckPvC/R.INSTALL19846f305f19/DelayedArray/man/RleArray-class.Rd:89: file link 'HDF5Array' in package 'HDF5Array' does not exist and so has been treated as a topic
Rd warning: C:/Users/biocbuild/bbs-3.12-bioc/tmpdir/RtmpyckPvC/R.INSTALL19846f305f19/DelayedArray/man/RleArraySeed-class.Rd:48: file link 'DelayedArray' in package 'DelayedArray' does not exist and so has been treated as a topic
Rd warning: C:/Users/biocbuild/bbs-3.12-bioc/tmpdir/RtmpyckPvC/R.INSTALL19846f305f19/DelayedArray/man/RleArraySeed-class.Rd:51: file link 'DelayedArray' in package 'DelayedArray' does not exist and so has been treated as a topic
Rd warning: C:/Users/biocbuild/bbs-3.12-bioc/tmpdir/RtmpyckPvC/R.INSTALL19846f305f19/DelayedArray/man/RleArraySeed-class.Rd:58: file link 'Rle' in package 'S4Vectors' does not exist and so has been treated as a topic
Rd warning: C:/Users/biocbuild/bbs-3.12-bioc/tmpdir/RtmpyckPvC/R.INSTALL19846f305f19/DelayedArray/man/SparseArraySeed-class.Rd:77: file link 'arrayInd' in package 'base' does not exist and so has been treated as a topic
Rd warning: C:/Users/biocbuild/bbs-3.12-bioc/tmpdir/RtmpyckPvC/R.INSTALL19846f305f19/DelayedArray/man/SparseArraySeed-class.Rd:135: file link 'arrayInd' in package 'base' does not exist and so has been treated as a topic
Rd warning: C:/Users/biocbuild/bbs-3.12-bioc/tmpdir/RtmpyckPvC/R.INSTALL19846f305f19/DelayedArray/man/SparseArraySeed-utils.Rd:85: file link 'anyNA' in package 'base' does not exist and so has been treated as a topic
Rd warning: C:/Users/biocbuild/bbs-3.12-bioc/tmpdir/RtmpyckPvC/R.INSTALL19846f305f19/DelayedArray/man/array_selection.Rd:130: file link 'arrayInd' in package 'base' does not exist and so has been treated as a topic
Rd warning: C:/Users/biocbuild/bbs-3.12-bioc/tmpdir/RtmpyckPvC/R.INSTALL19846f305f19/DelayedArray/man/array_selection.Rd:189: file link 'arrayInd' in package 'base' does not exist and so has been treated as a topic
Rd warning: C:/Users/biocbuild/bbs-3.12-bioc/tmpdir/RtmpyckPvC/R.INSTALL19846f305f19/DelayedArray/man/bind-arrays.Rd:40: file link 'rbind' in package 'base' does not exist and so has been treated as a topic
Rd warning: C:/Users/biocbuild/bbs-3.12-bioc/tmpdir/RtmpyckPvC/R.INSTALL19846f305f19/DelayedArray/man/blockApply.Rd:102: file link 'BiocParallelParam' in package 'BiocParallel' does not exist and so has been treated as a topic
Rd warning: C:/Users/biocbuild/bbs-3.12-bioc/tmpdir/RtmpyckPvC/R.INSTALL19846f305f19/DelayedArray/man/blockApply.Rd:104: file link 'BiocParallelParam' in package 'BiocParallel' does not exist and so has been treated as a topic
Rd warning: C:/Users/biocbuild/bbs-3.12-bioc/tmpdir/RtmpyckPvC/R.INSTALL19846f305f19/DelayedArray/man/blockApply.Rd:106: file link 'BiocParallelParam' in package 'BiocParallel' does not exist and so has been treated as a topic
Rd warning: C:/Users/biocbuild/bbs-3.12-bioc/tmpdir/RtmpyckPvC/R.INSTALL19846f305f19/DelayedArray/man/blockApply.Rd:189: file link 'MulticoreParam' in package 'BiocParallel' does not exist and so has been treated as a topic
Rd warning: C:/Users/biocbuild/bbs-3.12-bioc/tmpdir/RtmpyckPvC/R.INSTALL19846f305f19/DelayedArray/man/blockApply.Rd:190: file link 'SnowParam' in package 'BiocParallel' does not exist and so has been treated as a topic
Rd warning: C:/Users/biocbuild/bbs-3.12-bioc/tmpdir/RtmpyckPvC/R.INSTALL19846f305f19/DelayedArray/man/blockApply.Rd:191: file link 'bpparam' in package 'BiocParallel' does not exist and so has been treated as a topic
Rd warning: C:/Users/biocbuild/bbs-3.12-bioc/tmpdir/RtmpyckPvC/R.INSTALL19846f305f19/DelayedArray/man/extract_array.Rd:38: file link 'DataFrame' in package 'S4Vectors' does not exist and so has been treated as a topic
Rd warning: C:/Users/biocbuild/bbs-3.12-bioc/tmpdir/RtmpyckPvC/R.INSTALL19846f305f19/DelayedArray/man/extract_array.Rd:95: file link 'DataFrame' in package 'S4Vectors' does not exist and so has been treated as a topic
Rd warning: C:/Users/biocbuild/bbs-3.12-bioc/tmpdir/RtmpyckPvC/R.INSTALL19846f305f19/DelayedArray/man/mapToGrid.Rd:85: file link 'arrayInd' in package 'base' does not exist and so has been treated as a topic
Rd warning: C:/Users/biocbuild/bbs-3.12-bioc/tmpdir/RtmpyckPvC/R.INSTALL19846f305f19/DelayedArray/man/read_block.Rd:73: file link 'lgCMatrix-class' in package 'Matrix' does not exist and so has been treated as a topic
Rd warning: C:/Users/biocbuild/bbs-3.12-bioc/tmpdir/RtmpyckPvC/R.INSTALL19846f305f19/DelayedArray/man/realize.Rd:52: file link 'HDF5Array' in package 'HDF5Array' does not exist and so has been treated as a topic
Rd warning: C:/Users/biocbuild/bbs-3.12-bioc/tmpdir/RtmpyckPvC/R.INSTALL19846f305f19/DelayedArray/man/write_block.Rd:54: file link 'HDF5Array' in package 'HDF5Array' does not exist and so has been treated as a topic
Rd warning: C:/Users/biocbuild/bbs-3.12-bioc/tmpdir/RtmpyckPvC/R.INSTALL19846f305f19/DelayedArray/man/write_block.Rd:60: file link 'HDF5RealizationSink' in package 'HDF5Array' does not exist and so has been treated as a topic
Rd warning: C:/Users/biocbuild/bbs-3.12-bioc/tmpdir/RtmpyckPvC/R.INSTALL19846f305f19/DelayedArray/man/write_block.Rd:122: file link 'HDF5RealizationSink' in package 'HDF5Array' does not exist and so has been treated as a topic
Rd warning: C:/Users/biocbuild/bbs-3.12-bioc/tmpdir/RtmpyckPvC/R.INSTALL19846f305f19/DelayedArray/man/write_block.Rd:129: file link 'HDF5RealizationSink' in package 'HDF5Array' does not exist and so has been treated as a topic
Rd warning: C:/Users/biocbuild/bbs-3.12-bioc/tmpdir/RtmpyckPvC/R.INSTALL19846f305f19/DelayedArray/man/write_block.Rd:140: file link 'HDF5RealizationSink' in package 'HDF5Array' does not exist and so has been treated as a topic
Rd warning: C:/Users/biocbuild/bbs-3.12-bioc/tmpdir/RtmpyckPvC/R.INSTALL19846f305f19/DelayedArray/man/write_block.Rd:142: file link 'HDF5Array' in package 'HDF5Array' does not exist and so has been treated as a topic
Rd warning: C:/Users/biocbuild/bbs-3.12-bioc/tmpdir/RtmpyckPvC/R.INSTALL19846f305f19/DelayedArray/man/write_block.Rd:143: file link 'HDF5Array' in package 'HDF5Array' does not exist and so has been treated as a topic
Rd warning: C:/Users/biocbuild/bbs-3.12-bioc/tmpdir/RtmpyckPvC/R.INSTALL19846f305f19/DelayedArray/man/write_block.Rd:152: file link 'HDF5Array' in package 'HDF5Array' does not exist and so has been treated as a topic
Rd warning: C:/Users/biocbuild/bbs-3.12-bioc/tmpdir/RtmpyckPvC/R.INSTALL19846f305f19/DelayedArray/man/write_block.Rd:175: file link 'HDF5RealizationSink' in package 'HDF5Array' does not exist and so has been treated as a topic
Rd warning: C:/Users/biocbuild/bbs-3.12-bioc/tmpdir/RtmpyckPvC/R.INSTALL19846f305f19/DelayedArray/man/write_block.Rd:233: file link 'HDF5RealizationSink' in package 'HDF5Array' does not exist and so has been treated as a topic
Rd warning: C:/Users/biocbuild/bbs-3.12-bioc/tmpdir/RtmpyckPvC/R.INSTALL19846f305f19/DelayedArray/man/write_block.Rd:236: file link 'HDF5-dump-management' in package 'HDF5Array' does not exist and so has been treated as a topic
See 'C:/Users/biocbuild/bbs-3.12-bioc/meat/DelayedArray.Rcheck/00install.out' for details.
* checking installed package size ... OK
* checking package directory ... OK
* checking 'build' directory ... OK
* checking DESCRIPTION meta-information ... OK
* checking top-level files ... OK
* checking for left-over files ... OK
* checking index information ... OK
* checking package subdirectories ... WARNING
Subdirectory 'inst/doc' contains invalid file names:
'02-Implementing_a_backend.Rmd' '01-Working_with_large_arrays.Rnw'
'02-Implementing_a_backend.html' '01-Working_with_large_arrays.pdf'
Please remove or rename the files.
See section 'Package subdirectories' in the 'Writing R Extensions'
manual.
* checking R files for non-ASCII characters ... OK
* checking R files for syntax errors ... OK
* loading checks for arch 'i386'
** checking whether the package can be loaded ... OK
** checking whether the package can be loaded with stated dependencies ... OK
** checking whether the package can be unloaded cleanly ... OK
** checking whether the namespace can be loaded with stated dependencies ... OK
** checking whether the namespace can be unloaded cleanly ... OK
* loading checks for arch 'x64'
** checking whether the package can be loaded ... OK
** checking whether the package can be loaded with stated dependencies ... OK
** checking whether the package can be unloaded cleanly ... OK
** checking whether the namespace can be loaded with stated dependencies ... OK
** checking whether the namespace can be unloaded cleanly ... OK
* checking dependencies in R code ... NOTE
Unexported objects imported by ':::' calls:
'BiocGenerics:::replaceSlots' 'BiocGenerics:::testPackage'
'S4Vectors:::.list.names' 'S4Vectors:::anyMissing'
'S4Vectors:::anyMissingOrOutside' 'S4Vectors:::delete_NULLs'
'S4Vectors:::diffWithInitialZero'
'S4Vectors:::extract_positions_from_Rle' 'S4Vectors:::new_DataFrame'
'S4Vectors:::prepare_objects_to_bind'
'S4Vectors:::rep.int_along_ROWS' 'S4Vectors:::sapply_isNULL'
See the note in ?`:::` about the use of this operator.
* checking S3 generic/method consistency ... OK
* checking replacement functions ... OK
* checking foreign function calls ... OK
* checking R code for possible problems ... OK
* checking Rd files ... OK
* checking Rd metadata ... OK
* checking Rd cross-references ... OK
* checking for missing documentation entries ... WARNING
Undocumented code objects:
'defaultMultAutoGrids' 'multGrids'
Undocumented S4 methods:
generic '[' and siglist 'DelayedArray,ANY,ANY,ANY'
generic '[<-' and siglist 'DelayedArray,ANY,ANY,ANY'
generic 'crossprod' and siglist 'ANY,DelayedMatrix'
generic 'crossprod' and siglist 'DelayedMatrix,ANY'
generic 'crossprod' and siglist 'DelayedMatrix,DelayedMatrix'
generic 'crossprod' and siglist 'DelayedMatrix,missing'
generic 'tcrossprod' and siglist 'ANY,DelayedMatrix'
generic 'tcrossprod' and siglist 'DelayedMatrix,ANY'
generic 'tcrossprod' and siglist 'DelayedMatrix,DelayedMatrix'
generic 'tcrossprod' and siglist 'DelayedMatrix,missing'
generic 'type<-' and siglist 'DelayedArray'
All user-level objects in a package (including S4 classes and methods)
should have documentation entries.
See chapter 'Writing R documentation files' in the 'Writing R
Extensions' manual.
* checking for code/documentation mismatches ... OK
* checking Rd \usage sections ... OK
* checking Rd contents ... OK
* checking for unstated dependencies in examples ... OK
* checking line endings in C/C++/Fortran sources/headers ... OK
* checking compiled code ... NOTE
Note: information on .o files for i386 is not available
Note: information on .o files for x64 is not available
File 'C:/Users/biocbuild/bbs-3.12-bioc/R/library/DelayedArray/libs/i386/DelayedArray.dll':
Found 'abort', possibly from 'abort' (C), 'runtime' (Fortran)
File 'C:/Users/biocbuild/bbs-3.12-bioc/R/library/DelayedArray/libs/x64/DelayedArray.dll':
Found 'abort', possibly from 'abort' (C), 'runtime' (Fortran)
Compiled code should not call entry points which might terminate R nor
write to stdout/stderr instead of to the console, nor use Fortran I/O
nor system RNGs. The detected symbols are linked into the code but
might come from libraries and not actually be called.
See 'Writing portable packages' in the 'Writing R Extensions' manual.
* checking files in 'vignettes' ... OK
* checking examples ...
** running examples for arch 'i386' ... OK
Examples with CPU (user + system) or elapsed time > 5s
user system elapsed
RleArray-class 58.44 9.57 68.02
DelayedMatrix-utils 23.57 3.20 26.96
DelayedArray-utils 15.52 1.67 18.84
sparseMatrix-utils 13.22 0.86 14.08
DelayedArray-class 10.83 1.13 12.06
blockApply 1.28 0.40 15.03
** running examples for arch 'x64' ... OK
Examples with CPU (user + system) or elapsed time > 5s
user system elapsed
RleArray-class 60.13 10.32 71.45
DelayedMatrix-utils 23.20 2.20 27.56
DelayedArray-utils 13.42 1.25 14.75
sparseMatrix-utils 12.11 1.67 14.29
DelayedArray-class 10.50 0.93 11.55
write_block 4.51 0.68 5.38
blockApply 1.50 0.44 16.03
* checking for unstated dependencies in 'tests' ... OK
* checking tests ...
** running tests for arch 'i386' ...
Running 'run_unitTests.R'
OK
** running tests for arch 'x64' ...
Running 'run_unitTests.R'
OK
* checking for unstated dependencies in vignettes ... OK
* checking package vignettes in 'inst/doc' ... OK
* checking running R code from vignettes ... SKIPPED
* checking re-building of vignette outputs ... SKIPPED
* checking PDF version of manual ... OK
* DONE
Status: 3 WARNINGs, 3 NOTEs
See
'C:/Users/biocbuild/bbs-3.12-bioc/meat/DelayedArray.Rcheck/00check.log'
for details.
DelayedArray.Rcheck/00install.out
##############################################################################
##############################################################################
###
### Running command:
###
### C:\cygwin\bin\curl.exe -O http://172.29.0.3/BBS/3.12/bioc/src/contrib/DelayedArray_0.16.3.tar.gz && rm -rf DelayedArray.buildbin-libdir && mkdir DelayedArray.buildbin-libdir && C:\Users\biocbuild\bbs-3.12-bioc\R\bin\R.exe CMD INSTALL --merge-multiarch --build --library=DelayedArray.buildbin-libdir DelayedArray_0.16.3.tar.gz && C:\Users\biocbuild\bbs-3.12-bioc\R\bin\R.exe CMD INSTALL DelayedArray_0.16.3.zip && rm DelayedArray_0.16.3.tar.gz DelayedArray_0.16.3.zip
###
##############################################################################
##############################################################################
% Total % Received % Xferd Average Speed Time Time Time Current
Dload Upload Total Spent Left Speed
0 0 0 0 0 0 0 0 --:--:-- --:--:-- --:--:-- 0
100 165k 100 165k 0 0 4599k 0 --:--:-- --:--:-- --:--:-- 4723k
install for i386
* installing *source* package 'DelayedArray' ...
** using staged installation
** libs
"C:/rtools40/mingw32/bin/"gcc -I"C:/Users/BIOCBU~1/BBS-3~1.12-/R/include" -DNDEBUG -I'C:/Users/biocbuild/bbs-3.12-bioc/R/library/S4Vectors/include' -I"C:/extsoft/include" -O2 -Wall -std=gnu99 -mfpmath=sse -msse2 -mstackrealign -c R_init_DelayedArray.c -o R_init_DelayedArray.o
"C:/rtools40/mingw32/bin/"gcc -I"C:/Users/BIOCBU~1/BBS-3~1.12-/R/include" -DNDEBUG -I'C:/Users/biocbuild/bbs-3.12-bioc/R/library/S4Vectors/include' -I"C:/extsoft/include" -O2 -Wall -std=gnu99 -mfpmath=sse -msse2 -mstackrealign -c S4Vectors_stubs.c -o S4Vectors_stubs.o
"C:/rtools40/mingw32/bin/"gcc -I"C:/Users/BIOCBU~1/BBS-3~1.12-/R/include" -DNDEBUG -I'C:/Users/biocbuild/bbs-3.12-bioc/R/library/S4Vectors/include' -I"C:/extsoft/include" -O2 -Wall -std=gnu99 -mfpmath=sse -msse2 -mstackrealign -c abind.c -o abind.o
"C:/rtools40/mingw32/bin/"gcc -I"C:/Users/BIOCBU~1/BBS-3~1.12-/R/include" -DNDEBUG -I'C:/Users/biocbuild/bbs-3.12-bioc/R/library/S4Vectors/include' -I"C:/extsoft/include" -O2 -Wall -std=gnu99 -mfpmath=sse -msse2 -mstackrealign -c array_selection.c -o array_selection.o
"C:/rtools40/mingw32/bin/"gcc -I"C:/Users/BIOCBU~1/BBS-3~1.12-/R/include" -DNDEBUG -I'C:/Users/biocbuild/bbs-3.12-bioc/R/library/S4Vectors/include' -I"C:/extsoft/include" -O2 -Wall -std=gnu99 -mfpmath=sse -msse2 -mstackrealign -c compress_atomic_vector.c -o compress_atomic_vector.o
compress_atomic_vector.c: In function 'C_encode_atomic_vector':
compress_atomic_vector.c:66:9: warning: 'ans' is used uninitialized in this function [-Wuninitialized]
return ans;
^~~
compress_atomic_vector.c: In function 'C_decode_atomic_vector':
compress_atomic_vector.c:73:9: warning: 'ans' is used uninitialized in this function [-Wuninitialized]
return ans;
^~~
compress_atomic_vector.c: In function 'C_compress_atomic_vector':
compress_atomic_vector.c:85:9: warning: 'ans' is used uninitialized in this function [-Wuninitialized]
return ans;
^~~
compress_atomic_vector.c: In function 'C_decompress_atomic_vector':
compress_atomic_vector.c:92:9: warning: 'ans' is used uninitialized in this function [-Wuninitialized]
return ans;
^~~
"C:/rtools40/mingw32/bin/"gcc -I"C:/Users/BIOCBU~1/BBS-3~1.12-/R/include" -DNDEBUG -I'C:/Users/biocbuild/bbs-3.12-bioc/R/library/S4Vectors/include' -I"C:/extsoft/include" -O2 -Wall -std=gnu99 -mfpmath=sse -msse2 -mstackrealign -c sparseMatrix_utils.c -o sparseMatrix_utils.o
C:/rtools40/mingw32/bin/gcc -shared -s -static-libgcc -o DelayedArray.dll tmp.def R_init_DelayedArray.o S4Vectors_stubs.o abind.o array_selection.o compress_atomic_vector.o sparseMatrix_utils.o -LC:/extsoft/lib/i386 -LC:/extsoft/lib -LC:/Users/BIOCBU~1/BBS-3~1.12-/R/bin/i386 -lR
installing to C:/Users/biocbuild/bbs-3.12-bioc/meat/DelayedArray.buildbin-libdir/00LOCK-DelayedArray/00new/DelayedArray/libs/i386
** R
** inst
** byte-compile and prepare package for lazy loading
Creating a new generic function for 'rowsum' in package 'DelayedArray'
Creating a new generic function for 'aperm' in package 'DelayedArray'
Creating a generic function for 'sweep' from package 'base' in package 'DelayedArray'
Creating a new generic function for 'apply' in package 'DelayedArray'
Creating a generic function for 'dnorm' from package 'stats' in package 'DelayedArray'
Creating a generic function for 'pnorm' from package 'stats' in package 'DelayedArray'
Creating a generic function for 'qnorm' from package 'stats' in package 'DelayedArray'
Creating a generic function for 'dbinom' from package 'stats' in package 'DelayedArray'
Creating a generic function for 'pbinom' from package 'stats' in package 'DelayedArray'
Creating a generic function for 'qbinom' from package 'stats' in package 'DelayedArray'
Creating a generic function for 'dpois' from package 'stats' in package 'DelayedArray'
Creating a generic function for 'ppois' from package 'stats' in package 'DelayedArray'
Creating a generic function for 'qpois' from package 'stats' in package 'DelayedArray'
Creating a generic function for 'dlogis' from package 'stats' in package 'DelayedArray'
Creating a generic function for 'plogis' from package 'stats' in package 'DelayedArray'
Creating a generic function for 'qlogis' from package 'stats' in package 'DelayedArray'
** help
*** installing help indices
converting help for package 'DelayedArray'
finding HTML links ... done
Array-class html
ArrayGrid-class html
AutoBlock-global-settings html
AutoGrid html
DelayedArray-class html
Rd warning: C:/Users/biocbuild/bbs-3.12-bioc/tmpdir/RtmpyckPvC/R.INSTALL19846f305f19/DelayedArray/man/DelayedArray-class.Rd:95: file link 'HDF5Array' in package 'HDF5Array' does not exist and so has been treated as a topic
Rd warning: C:/Users/biocbuild/bbs-3.12-bioc/tmpdir/RtmpyckPvC/R.INSTALL19846f305f19/DelayedArray/man/DelayedArray-class.Rd:204: file link 'HDF5Array' in package 'HDF5Array' does not exist and so has been treated as a topic
Rd warning: C:/Users/biocbuild/bbs-3.12-bioc/tmpdir/RtmpyckPvC/R.INSTALL19846f305f19/DelayedArray/man/DelayedArray-class.Rd:206: file link 'DataFrame' in package 'S4Vectors' does not exist and so has been treated as a topic
DelayedArray-stats html
Rd warning: C:/Users/biocbuild/bbs-3.12-bioc/tmpdir/RtmpyckPvC/R.INSTALL19846f305f19/DelayedArray/man/DelayedArray-stats.Rd:72: file link 'dnorm' in package 'stats' does not exist and so has been treated as a topic
Rd warning: C:/Users/biocbuild/bbs-3.12-bioc/tmpdir/RtmpyckPvC/R.INSTALL19846f305f19/DelayedArray/man/DelayedArray-stats.Rd:72: file link 'dbinom' in package 'stats' does not exist and so has been treated as a topic
Rd warning: C:/Users/biocbuild/bbs-3.12-bioc/tmpdir/RtmpyckPvC/R.INSTALL19846f305f19/DelayedArray/man/DelayedArray-stats.Rd:73: file link 'dpois' in package 'stats' does not exist and so has been treated as a topic
Rd warning: C:/Users/biocbuild/bbs-3.12-bioc/tmpdir/RtmpyckPvC/R.INSTALL19846f305f19/DelayedArray/man/DelayedArray-stats.Rd:73: file link 'dlogis' in package 'stats' does not exist and so has been treated as a topic
Rd warning: C:/Users/biocbuild/bbs-3.12-bioc/tmpdir/RtmpyckPvC/R.INSTALL19846f305f19/DelayedArray/man/DelayedArray-stats.Rd:80: file link 'dnorm' in package 'stats' does not exist and so has been treated as a topic
Rd warning: C:/Users/biocbuild/bbs-3.12-bioc/tmpdir/RtmpyckPvC/R.INSTALL19846f305f19/DelayedArray/man/DelayedArray-stats.Rd:80: file link 'dbinom' in package 'stats' does not exist and so has been treated as a topic
Rd warning: C:/Users/biocbuild/bbs-3.12-bioc/tmpdir/RtmpyckPvC/R.INSTALL19846f305f19/DelayedArray/man/DelayedArray-stats.Rd:81: file link 'dpois' in package 'stats' does not exist and so has been treated as a topic
Rd warning: C:/Users/biocbuild/bbs-3.12-bioc/tmpdir/RtmpyckPvC/R.INSTALL19846f305f19/DelayedArray/man/DelayedArray-stats.Rd:81: file link 'dlogis' in package 'stats' does not exist and so has been treated as a topic
Rd warning: C:/Users/biocbuild/bbs-3.12-bioc/tmpdir/RtmpyckPvC/R.INSTALL19846f305f19/DelayedArray/man/DelayedArray-stats.Rd:90: file link 'HDF5Array' in package 'HDF5Array' does not exist and so has been treated as a topic
DelayedArray-utils html
Rd warning: C:/Users/biocbuild/bbs-3.12-bioc/tmpdir/RtmpyckPvC/R.INSTALL19846f305f19/DelayedArray/man/DelayedArray-utils.Rd:83: file link 'Ops' in package 'methods' does not exist and so has been treated as a topic
Rd warning: C:/Users/biocbuild/bbs-3.12-bioc/tmpdir/RtmpyckPvC/R.INSTALL19846f305f19/DelayedArray/man/DelayedArray-utils.Rd:84: file link 'Math' in package 'methods' does not exist and so has been treated as a topic
Rd warning: C:/Users/biocbuild/bbs-3.12-bioc/tmpdir/RtmpyckPvC/R.INSTALL19846f305f19/DelayedArray/man/DelayedArray-utils.Rd:84: file link 'Math2' in package 'methods' does not exist and so has been treated as a topic
Rd warning: C:/Users/biocbuild/bbs-3.12-bioc/tmpdir/RtmpyckPvC/R.INSTALL19846f305f19/DelayedArray/man/DelayedArray-utils.Rd:103: file link 'Summary' in package 'methods' does not exist and so has been treated as a topic
Rd warning: C:/Users/biocbuild/bbs-3.12-bioc/tmpdir/RtmpyckPvC/R.INSTALL19846f305f19/DelayedArray/man/DelayedArray-utils.Rd:118: file link 'is.na' in package 'base' does not exist and so has been treated as a topic
Rd warning: C:/Users/biocbuild/bbs-3.12-bioc/tmpdir/RtmpyckPvC/R.INSTALL19846f305f19/DelayedArray/man/DelayedArray-utils.Rd:118: file link '!' in package 'base' does not exist and so has been treated as a topic
Rd warning: C:/Users/biocbuild/bbs-3.12-bioc/tmpdir/RtmpyckPvC/R.INSTALL19846f305f19/DelayedArray/man/DelayedArray-utils.Rd:120: file link '%*%' in package 'base' does not exist and so has been treated as a topic
Rd warning: C:/Users/biocbuild/bbs-3.12-bioc/tmpdir/RtmpyckPvC/R.INSTALL19846f305f19/DelayedArray/man/DelayedArray-utils.Rd:135: file link 'HDF5Array' in package 'HDF5Array' does not exist and so has been treated as a topic
Rd warning: C:/Users/biocbuild/bbs-3.12-bioc/tmpdir/RtmpyckPvC/R.INSTALL19846f305f19/DelayedArray/man/DelayedArray-utils.Rd:138: file link 'Ops' in package 'methods' does not exist and so has been treated as a topic
Rd warning: C:/Users/biocbuild/bbs-3.12-bioc/tmpdir/RtmpyckPvC/R.INSTALL19846f305f19/DelayedArray/man/DelayedArray-utils.Rd:139: file link 'Math' in package 'methods' does not exist and so has been treated as a topic
Rd warning: C:/Users/biocbuild/bbs-3.12-bioc/tmpdir/RtmpyckPvC/R.INSTALL19846f305f19/DelayedArray/man/DelayedArray-utils.Rd:139: file link 'Math2' in package 'methods' does not exist and so has been treated as a topic
DelayedMatrix-stats html
Rd warning: C:/Users/biocbuild/bbs-3.12-bioc/tmpdir/RtmpyckPvC/R.INSTALL19846f305f19/DelayedArray/man/DelayedMatrix-stats.Rd:79: file link 'rowSums' in package 'base' does not exist and so has been treated as a topic
Rd warning: C:/Users/biocbuild/bbs-3.12-bioc/tmpdir/RtmpyckPvC/R.INSTALL19846f305f19/DelayedArray/man/DelayedMatrix-stats.Rd:80: file link 'rowMaxs' in package 'matrixStats' does not exist and so has been treated as a topic
DelayedMatrix-utils html
Rd warning: C:/Users/biocbuild/bbs-3.12-bioc/tmpdir/RtmpyckPvC/R.INSTALL19846f305f19/DelayedArray/man/DelayedMatrix-utils.Rd:68: file link 'HDF5Array' in package 'HDF5Array' does not exist and so has been treated as a topic
DelayedOp-class html
RleArray-class html
Rd warning: C:/Users/biocbuild/bbs-3.12-bioc/tmpdir/RtmpyckPvC/R.INSTALL19846f305f19/DelayedArray/man/RleArray-class.Rd:37: file link 'DelayedArray' in package 'DelayedArray' does not exist and so has been treated as a topic
Rd warning: C:/Users/biocbuild/bbs-3.12-bioc/tmpdir/RtmpyckPvC/R.INSTALL19846f305f19/DelayedArray/man/RleArray-class.Rd:40: file link 'DelayedArray' in package 'DelayedArray' does not exist and so has been treated as a topic
Rd warning: C:/Users/biocbuild/bbs-3.12-bioc/tmpdir/RtmpyckPvC/R.INSTALL19846f305f19/DelayedArray/man/RleArray-class.Rd:51: file link 'Rle' in package 'S4Vectors' does not exist and so has been treated as a topic
Rd warning: C:/Users/biocbuild/bbs-3.12-bioc/tmpdir/RtmpyckPvC/R.INSTALL19846f305f19/DelayedArray/man/RleArray-class.Rd:52: file link 'RleList' in package 'IRanges' does not exist and so has been treated as a topic
Rd warning: C:/Users/biocbuild/bbs-3.12-bioc/tmpdir/RtmpyckPvC/R.INSTALL19846f305f19/DelayedArray/man/RleArray-class.Rd:52: file link 'DataFrame' in package 'S4Vectors' does not exist and so has been treated as a topic
Rd warning: C:/Users/biocbuild/bbs-3.12-bioc/tmpdir/RtmpyckPvC/R.INSTALL19846f305f19/DelayedArray/man/RleArray-class.Rd:77: file link 'Rle' in package 'S4Vectors' does not exist and so has been treated as a topic
Rd warning: C:/Users/biocbuild/bbs-3.12-bioc/tmpdir/RtmpyckPvC/R.INSTALL19846f305f19/DelayedArray/man/RleArray-class.Rd:77: file link 'DataFrame' in package 'S4Vectors' does not exist and so has been treated as a topic
Rd warning: C:/Users/biocbuild/bbs-3.12-bioc/tmpdir/RtmpyckPvC/R.INSTALL19846f305f19/DelayedArray/man/RleArray-class.Rd:78: file link 'RleList' in package 'IRanges' does not exist and so has been treated as a topic
Rd warning: C:/Users/biocbuild/bbs-3.12-bioc/tmpdir/RtmpyckPvC/R.INSTALL19846f305f19/DelayedArray/man/RleArray-class.Rd:89: file link 'HDF5Array' in package 'HDF5Array' does not exist and so has been treated as a topic
RleArraySeed-class html
Rd warning: C:/Users/biocbuild/bbs-3.12-bioc/tmpdir/RtmpyckPvC/R.INSTALL19846f305f19/DelayedArray/man/RleArraySeed-class.Rd:48: file link 'DelayedArray' in package 'DelayedArray' does not exist and so has been treated as a topic
Rd warning: C:/Users/biocbuild/bbs-3.12-bioc/tmpdir/RtmpyckPvC/R.INSTALL19846f305f19/DelayedArray/man/RleArraySeed-class.Rd:51: file link 'DelayedArray' in package 'DelayedArray' does not exist and so has been treated as a topic
Rd warning: C:/Users/biocbuild/bbs-3.12-bioc/tmpdir/RtmpyckPvC/R.INSTALL19846f305f19/DelayedArray/man/RleArraySeed-class.Rd:58: file link 'Rle' in package 'S4Vectors' does not exist and so has been treated as a topic
SparseArraySeed-class html
Rd warning: C:/Users/biocbuild/bbs-3.12-bioc/tmpdir/RtmpyckPvC/R.INSTALL19846f305f19/DelayedArray/man/SparseArraySeed-class.Rd:77: file link 'arrayInd' in package 'base' does not exist and so has been treated as a topic
Rd warning: C:/Users/biocbuild/bbs-3.12-bioc/tmpdir/RtmpyckPvC/R.INSTALL19846f305f19/DelayedArray/man/SparseArraySeed-class.Rd:135: file link 'arrayInd' in package 'base' does not exist and so has been treated as a topic
SparseArraySeed-utils html
Rd warning: C:/Users/biocbuild/bbs-3.12-bioc/tmpdir/RtmpyckPvC/R.INSTALL19846f305f19/DelayedArray/man/SparseArraySeed-utils.Rd:85: file link 'anyNA' in package 'base' does not exist and so has been treated as a topic
array_selection html
Rd warning: C:/Users/biocbuild/bbs-3.12-bioc/tmpdir/RtmpyckPvC/R.INSTALL19846f305f19/DelayedArray/man/array_selection.Rd:130: file link 'arrayInd' in package 'base' does not exist and so has been treated as a topic
Rd warning: C:/Users/biocbuild/bbs-3.12-bioc/tmpdir/RtmpyckPvC/R.INSTALL19846f305f19/DelayedArray/man/array_selection.Rd:189: file link 'arrayInd' in package 'base' does not exist and so has been treated as a topic
bind-arrays html
Rd warning: C:/Users/biocbuild/bbs-3.12-bioc/tmpdir/RtmpyckPvC/R.INSTALL19846f305f19/DelayedArray/man/bind-arrays.Rd:40: file link 'rbind' in package 'base' does not exist and so has been treated as a topic
blockApply html
Rd warning: C:/Users/biocbuild/bbs-3.12-bioc/tmpdir/RtmpyckPvC/R.INSTALL19846f305f19/DelayedArray/man/blockApply.Rd:102: file link 'BiocParallelParam' in package 'BiocParallel' does not exist and so has been treated as a topic
Rd warning: C:/Users/biocbuild/bbs-3.12-bioc/tmpdir/RtmpyckPvC/R.INSTALL19846f305f19/DelayedArray/man/blockApply.Rd:104: file link 'BiocParallelParam' in package 'BiocParallel' does not exist and so has been treated as a topic
Rd warning: C:/Users/biocbuild/bbs-3.12-bioc/tmpdir/RtmpyckPvC/R.INSTALL19846f305f19/DelayedArray/man/blockApply.Rd:106: file link 'BiocParallelParam' in package 'BiocParallel' does not exist and so has been treated as a topic
Rd warning: C:/Users/biocbuild/bbs-3.12-bioc/tmpdir/RtmpyckPvC/R.INSTALL19846f305f19/DelayedArray/man/blockApply.Rd:189: file link 'MulticoreParam' in package 'BiocParallel' does not exist and so has been treated as a topic
Rd warning: C:/Users/biocbuild/bbs-3.12-bioc/tmpdir/RtmpyckPvC/R.INSTALL19846f305f19/DelayedArray/man/blockApply.Rd:190: file link 'SnowParam' in package 'BiocParallel' does not exist and so has been treated as a topic
Rd warning: C:/Users/biocbuild/bbs-3.12-bioc/tmpdir/RtmpyckPvC/R.INSTALL19846f305f19/DelayedArray/man/blockApply.Rd:191: file link 'bpparam' in package 'BiocParallel' does not exist and so has been treated as a topic
chunkGrid html
extract_array html
Rd warning: C:/Users/biocbuild/bbs-3.12-bioc/tmpdir/RtmpyckPvC/R.INSTALL19846f305f19/DelayedArray/man/extract_array.Rd:38: file link 'DataFrame' in package 'S4Vectors' does not exist and so has been treated as a topic
Rd warning: C:/Users/biocbuild/bbs-3.12-bioc/tmpdir/RtmpyckPvC/R.INSTALL19846f305f19/DelayedArray/man/extract_array.Rd:95: file link 'DataFrame' in package 'S4Vectors' does not exist and so has been treated as a topic
makeCappedVolumeBox html
mapToGrid html
Rd warning: C:/Users/biocbuild/bbs-3.12-bioc/tmpdir/RtmpyckPvC/R.INSTALL19846f305f19/DelayedArray/man/mapToGrid.Rd:85: file link 'arrayInd' in package 'base' does not exist and so has been treated as a topic
read_block html
Rd warning: C:/Users/biocbuild/bbs-3.12-bioc/tmpdir/RtmpyckPvC/R.INSTALL19846f305f19/DelayedArray/man/read_block.Rd:73: file link 'lgCMatrix-class' in package 'Matrix' does not exist and so has been treated as a topic
realize html
Rd warning: C:/Users/biocbuild/bbs-3.12-bioc/tmpdir/RtmpyckPvC/R.INSTALL19846f305f19/DelayedArray/man/realize.Rd:52: file link 'HDF5Array' in package 'HDF5Array' does not exist and so has been treated as a topic
showtree html
simplify html
sparseMatrix-utils html
write_block html
Rd warning: C:/Users/biocbuild/bbs-3.12-bioc/tmpdir/RtmpyckPvC/R.INSTALL19846f305f19/DelayedArray/man/write_block.Rd:54: file link 'HDF5Array' in package 'HDF5Array' does not exist and so has been treated as a topic
Rd warning: C:/Users/biocbuild/bbs-3.12-bioc/tmpdir/RtmpyckPvC/R.INSTALL19846f305f19/DelayedArray/man/write_block.Rd:60: file link 'HDF5RealizationSink' in package 'HDF5Array' does not exist and so has been treated as a topic
Rd warning: C:/Users/biocbuild/bbs-3.12-bioc/tmpdir/RtmpyckPvC/R.INSTALL19846f305f19/DelayedArray/man/write_block.Rd:122: file link 'HDF5RealizationSink' in package 'HDF5Array' does not exist and so has been treated as a topic
Rd warning: C:/Users/biocbuild/bbs-3.12-bioc/tmpdir/RtmpyckPvC/R.INSTALL19846f305f19/DelayedArray/man/write_block.Rd:129: file link 'HDF5RealizationSink' in package 'HDF5Array' does not exist and so has been treated as a topic
Rd warning: C:/Users/biocbuild/bbs-3.12-bioc/tmpdir/RtmpyckPvC/R.INSTALL19846f305f19/DelayedArray/man/write_block.Rd:140: file link 'HDF5RealizationSink' in package 'HDF5Array' does not exist and so has been treated as a topic
Rd warning: C:/Users/biocbuild/bbs-3.12-bioc/tmpdir/RtmpyckPvC/R.INSTALL19846f305f19/DelayedArray/man/write_block.Rd:142: file link 'HDF5Array' in package 'HDF5Array' does not exist and so has been treated as a topic
Rd warning: C:/Users/biocbuild/bbs-3.12-bioc/tmpdir/RtmpyckPvC/R.INSTALL19846f305f19/DelayedArray/man/write_block.Rd:143: file link 'HDF5Array' in package 'HDF5Array' does not exist and so has been treated as a topic
Rd warning: C:/Users/biocbuild/bbs-3.12-bioc/tmpdir/RtmpyckPvC/R.INSTALL19846f305f19/DelayedArray/man/write_block.Rd:152: file link 'HDF5Array' in package 'HDF5Array' does not exist and so has been treated as a topic
Rd warning: C:/Users/biocbuild/bbs-3.12-bioc/tmpdir/RtmpyckPvC/R.INSTALL19846f305f19/DelayedArray/man/write_block.Rd:175: file link 'HDF5RealizationSink' in package 'HDF5Array' does not exist and so has been treated as a topic
Rd warning: C:/Users/biocbuild/bbs-3.12-bioc/tmpdir/RtmpyckPvC/R.INSTALL19846f305f19/DelayedArray/man/write_block.Rd:233: file link 'HDF5RealizationSink' in package 'HDF5Array' does not exist and so has been treated as a topic
Rd warning: C:/Users/biocbuild/bbs-3.12-bioc/tmpdir/RtmpyckPvC/R.INSTALL19846f305f19/DelayedArray/man/write_block.Rd:236: file link 'HDF5-dump-management' in package 'HDF5Array' does not exist and so has been treated as a topic
** building package indices
** installing vignettes
** testing if installed package can be loaded from temporary location
** testing if installed package can be loaded from final location
** testing if installed package keeps a record of temporary installation path
install for x64
* installing *source* package 'DelayedArray' ...
** libs
"C:/rtools40/mingw64/bin/"gcc -I"C:/Users/BIOCBU~1/BBS-3~1.12-/R/include" -DNDEBUG -I'C:/Users/biocbuild/bbs-3.12-bioc/R/library/S4Vectors/include' -I"C:/extsoft/include" -O2 -Wall -std=gnu99 -mfpmath=sse -msse2 -mstackrealign -c R_init_DelayedArray.c -o R_init_DelayedArray.o
"C:/rtools40/mingw64/bin/"gcc -I"C:/Users/BIOCBU~1/BBS-3~1.12-/R/include" -DNDEBUG -I'C:/Users/biocbuild/bbs-3.12-bioc/R/library/S4Vectors/include' -I"C:/extsoft/include" -O2 -Wall -std=gnu99 -mfpmath=sse -msse2 -mstackrealign -c S4Vectors_stubs.c -o S4Vectors_stubs.o
"C:/rtools40/mingw64/bin/"gcc -I"C:/Users/BIOCBU~1/BBS-3~1.12-/R/include" -DNDEBUG -I'C:/Users/biocbuild/bbs-3.12-bioc/R/library/S4Vectors/include' -I"C:/extsoft/include" -O2 -Wall -std=gnu99 -mfpmath=sse -msse2 -mstackrealign -c abind.c -o abind.o
"C:/rtools40/mingw64/bin/"gcc -I"C:/Users/BIOCBU~1/BBS-3~1.12-/R/include" -DNDEBUG -I'C:/Users/biocbuild/bbs-3.12-bioc/R/library/S4Vectors/include' -I"C:/extsoft/include" -O2 -Wall -std=gnu99 -mfpmath=sse -msse2 -mstackrealign -c array_selection.c -o array_selection.o
"C:/rtools40/mingw64/bin/"gcc -I"C:/Users/BIOCBU~1/BBS-3~1.12-/R/include" -DNDEBUG -I'C:/Users/biocbuild/bbs-3.12-bioc/R/library/S4Vectors/include' -I"C:/extsoft/include" -O2 -Wall -std=gnu99 -mfpmath=sse -msse2 -mstackrealign -c compress_atomic_vector.c -o compress_atomic_vector.o
compress_atomic_vector.c: In function 'C_encode_atomic_vector':
compress_atomic_vector.c:66:9: warning: 'ans' is used uninitialized in this function [-Wuninitialized]
return ans;
^~~
compress_atomic_vector.c: In function 'C_decode_atomic_vector':
compress_atomic_vector.c:73:9: warning: 'ans' is used uninitialized in this function [-Wuninitialized]
return ans;
^~~
compress_atomic_vector.c: In function 'C_compress_atomic_vector':
compress_atomic_vector.c:85:9: warning: 'ans' is used uninitialized in this function [-Wuninitialized]
return ans;
^~~
compress_atomic_vector.c: In function 'C_decompress_atomic_vector':
compress_atomic_vector.c:92:9: warning: 'ans' is used uninitialized in this function [-Wuninitialized]
return ans;
^~~
"C:/rtools40/mingw64/bin/"gcc -I"C:/Users/BIOCBU~1/BBS-3~1.12-/R/include" -DNDEBUG -I'C:/Users/biocbuild/bbs-3.12-bioc/R/library/S4Vectors/include' -I"C:/extsoft/include" -O2 -Wall -std=gnu99 -mfpmath=sse -msse2 -mstackrealign -c sparseMatrix_utils.c -o sparseMatrix_utils.o
C:/rtools40/mingw64/bin/gcc -shared -s -static-libgcc -o DelayedArray.dll tmp.def R_init_DelayedArray.o S4Vectors_stubs.o abind.o array_selection.o compress_atomic_vector.o sparseMatrix_utils.o -LC:/extsoft/lib/x64 -LC:/extsoft/lib -LC:/Users/BIOCBU~1/BBS-3~1.12-/R/bin/x64 -lR
installing to C:/Users/biocbuild/bbs-3.12-bioc/meat/DelayedArray.buildbin-libdir/DelayedArray/libs/x64
** testing if installed package can be loaded
* MD5 sums
packaged installation of 'DelayedArray' as DelayedArray_0.16.3.zip
* DONE (DelayedArray)
* installing to library 'C:/Users/biocbuild/bbs-3.12-bioc/R/library'
package 'DelayedArray' successfully unpacked and MD5 sums checked
|
DelayedArray.Rcheck/tests_i386/run_unitTests.Rout
R version 4.0.5 (2021-03-31) -- "Shake and Throw"
Copyright (C) 2021 The R Foundation for Statistical Computing
Platform: i386-w64-mingw32/i386 (32-bit)
R is free software and comes with ABSOLUTELY NO WARRANTY.
You are welcome to redistribute it under certain conditions.
Type 'license()' or 'licence()' for distribution details.
R is a collaborative project with many contributors.
Type 'contributors()' for more information and
'citation()' on how to cite R or R packages in publications.
Type 'demo()' for some demos, 'help()' for on-line help, or
'help.start()' for an HTML browser interface to help.
Type 'q()' to quit R.
> require("DelayedArray") || stop("unable to load DelayedArray package")
Loading required package: DelayedArray
Loading required package: stats4
Loading required package: Matrix
Loading required package: BiocGenerics
Loading required package: parallel
Attaching package: 'BiocGenerics'
The following objects are masked from 'package:parallel':
clusterApply, clusterApplyLB, clusterCall, clusterEvalQ,
clusterExport, clusterMap, parApply, parCapply, parLapply,
parLapplyLB, parRapply, parSapply, parSapplyLB
The following objects are masked from 'package:stats':
IQR, mad, sd, var, xtabs
The following objects are masked from 'package:base':
Filter, Find, Map, Position, Reduce, anyDuplicated, append,
as.data.frame, basename, cbind, colnames, dirname, do.call,
duplicated, eval, evalq, get, grep, grepl, intersect, is.unsorted,
lapply, mapply, match, mget, order, paste, pmax, pmax.int, pmin,
pmin.int, rank, rbind, rownames, sapply, setdiff, sort, table,
tapply, union, unique, unsplit, which.max, which.min
Loading required package: MatrixGenerics
Loading required package: matrixStats
Attaching package: 'MatrixGenerics'
The following objects are masked from 'package:matrixStats':
colAlls, colAnyNAs, colAnys, colAvgsPerRowSet, colCollapse,
colCounts, colCummaxs, colCummins, colCumprods, colCumsums,
colDiffs, colIQRDiffs, colIQRs, colLogSumExps, colMadDiffs,
colMads, colMaxs, colMeans2, colMedians, colMins, colOrderStats,
colProds, colQuantiles, colRanges, colRanks, colSdDiffs, colSds,
colSums2, colTabulates, colVarDiffs, colVars, colWeightedMads,
colWeightedMeans, colWeightedMedians, colWeightedSds,
colWeightedVars, rowAlls, rowAnyNAs, rowAnys, rowAvgsPerColSet,
rowCollapse, rowCounts, rowCummaxs, rowCummins, rowCumprods,
rowCumsums, rowDiffs, rowIQRDiffs, rowIQRs, rowLogSumExps,
rowMadDiffs, rowMads, rowMaxs, rowMeans2, rowMedians, rowMins,
rowOrderStats, rowProds, rowQuantiles, rowRanges, rowRanks,
rowSdDiffs, rowSds, rowSums2, rowTabulates, rowVarDiffs, rowVars,
rowWeightedMads, rowWeightedMeans, rowWeightedMedians,
rowWeightedSds, rowWeightedVars
Loading required package: S4Vectors
Attaching package: 'S4Vectors'
The following object is masked from 'package:Matrix':
expand
The following object is masked from 'package:base':
expand.grid
Loading required package: IRanges
Attaching package: 'IRanges'
The following object is masked from 'package:grDevices':
windows
Attaching package: 'DelayedArray'
The following objects are masked from 'package:base':
aperm, apply, rowsum
[1] TRUE
> DelayedArray:::.test()
Attaching package: 'genefilter'
The following objects are masked from 'package:MatrixGenerics':
rowSds, rowVars
The following objects are masked from 'package:matrixStats':
rowSds, rowVars
Loading required package: stats4
Loading required package: Matrix
Loading required package: BiocGenerics
Loading required package: parallel
Attaching package: 'BiocGenerics'
The following objects are masked from 'package:parallel':
clusterApply, clusterApplyLB, clusterCall, clusterEvalQ,
clusterExport, clusterMap, parApply, parCapply, parLapply,
parLapplyLB, parRapply, parSapply, parSapplyLB
The following objects are masked from 'package:stats':
IQR, mad, sd, var, xtabs
The following objects are masked from 'package:base':
Filter, Find, Map, Position, Reduce, anyDuplicated, append,
as.data.frame, basename, cbind, colnames, dirname, do.call,
duplicated, eval, evalq, get, grep, grepl, intersect, is.unsorted,
lapply, mapply, match, mget, order, paste, pmax, pmax.int, pmin,
pmin.int, rank, rbind, rownames, sapply, setdiff, sort, table,
tapply, union, unique, unsplit, which.max, which.min
Loading required package: MatrixGenerics
Loading required package: matrixStats
Attaching package: 'MatrixGenerics'
The following objects are masked from 'package:matrixStats':
colAlls, colAnyNAs, colAnys, colAvgsPerRowSet, colCollapse,
colCounts, colCummaxs, colCummins, colCumprods, colCumsums,
colDiffs, colIQRDiffs, colIQRs, colLogSumExps, colMadDiffs,
colMads, colMaxs, colMeans2, colMedians, colMins, colOrderStats,
colProds, colQuantiles, colRanges, colRanks, colSdDiffs, colSds,
colSums2, colTabulates, colVarDiffs, colVars, colWeightedMads,
colWeightedMeans, colWeightedMedians, colWeightedSds,
colWeightedVars, rowAlls, rowAnyNAs, rowAnys, rowAvgsPerColSet,
rowCollapse, rowCounts, rowCummaxs, rowCummins, rowCumprods,
rowCumsums, rowDiffs, rowIQRDiffs, rowIQRs, rowLogSumExps,
rowMadDiffs, rowMads, rowMaxs, rowMeans2, rowMedians, rowMins,
rowOrderStats, rowProds, rowQuantiles, rowRanges, rowRanks,
rowSdDiffs, rowSds, rowSums2, rowTabulates, rowVarDiffs, rowVars,
rowWeightedMads, rowWeightedMeans, rowWeightedMedians,
rowWeightedSds, rowWeightedVars
Loading required package: S4Vectors
Attaching package: 'S4Vectors'
The following object is masked from 'package:Matrix':
expand
The following object is masked from 'package:base':
expand.grid
Loading required package: IRanges
Attaching package: 'IRanges'
The following object is masked from 'package:grDevices':
windows
Attaching package: 'DelayedArray'
The following objects are masked from 'package:base':
aperm, apply, rowsum
Loading required package: stats4
Loading required package: Matrix
Loading required package: BiocGenerics
Loading required package: parallel
Attaching package: 'BiocGenerics'
The following objects are masked from 'package:parallel':
clusterApply, clusterApplyLB, clusterCall, clusterEvalQ,
clusterExport, clusterMap, parApply, parCapply, parLapply,
parLapplyLB, parRapply, parSapply, parSapplyLB
The following objects are masked from 'package:stats':
IQR, mad, sd, var, xtabs
The following objects are masked from 'package:base':
Filter, Find, Map, Position, Reduce, anyDuplicated, append,
as.data.frame, basename, cbind, colnames, dirname, do.call,
duplicated, eval, evalq, get, grep, grepl, intersect, is.unsorted,
lapply, mapply, match, mget, order, paste, pmax, pmax.int, pmin,
pmin.int, rank, rbind, rownames, sapply, setdiff, sort, table,
tapply, union, unique, unsplit, which.max, which.min
Loading required package: MatrixGenerics
Loading required package: matrixStats
Attaching package: 'MatrixGenerics'
The following objects are masked from 'package:matrixStats':
colAlls, colAnyNAs, colAnys, colAvgsPerRowSet, colCollapse,
colCounts, colCummaxs, colCummins, colCumprods, colCumsums,
colDiffs, colIQRDiffs, colIQRs, colLogSumExps, colMadDiffs,
colMads, colMaxs, colMeans2, colMedians, colMins, colOrderStats,
colProds, colQuantiles, colRanges, colRanks, colSdDiffs, colSds,
colSums2, colTabulates, colVarDiffs, colVars, colWeightedMads,
colWeightedMeans, colWeightedMedians, colWeightedSds,
colWeightedVars, rowAlls, rowAnyNAs, rowAnys, rowAvgsPerColSet,
rowCollapse, rowCounts, rowCummaxs, rowCummins, rowCumprods,
rowCumsums, rowDiffs, rowIQRDiffs, rowIQRs, rowLogSumExps,
rowMadDiffs, rowMads, rowMaxs, rowMeans2, rowMedians, rowMins,
rowOrderStats, rowProds, rowQuantiles, rowRanges, rowRanks,
rowSdDiffs, rowSds, rowSums2, rowTabulates, rowVarDiffs, rowVars,
rowWeightedMads, rowWeightedMeans, rowWeightedMedians,
rowWeightedSds, rowWeightedVars
Loading required package: S4Vectors
Attaching package: 'S4Vectors'
The following object is masked from 'package:Matrix':
expand
The following object is masked from 'package:base':
expand.grid
Loading required package: IRanges
Attaching package: 'IRanges'
The following object is masked from 'package:grDevices':
windows
Attaching package: 'DelayedArray'
The following objects are masked from 'package:base':
aperm, apply, rowsum
Loading required package: stats4
Loading required package: Matrix
Loading required package: BiocGenerics
Loading required package: parallel
Attaching package: 'BiocGenerics'
The following objects are masked from 'package:parallel':
clusterApply, clusterApplyLB, clusterCall, clusterEvalQ,
clusterExport, clusterMap, parApply, parCapply, parLapply,
parLapplyLB, parRapply, parSapply, parSapplyLB
The following objects are masked from 'package:stats':
IQR, mad, sd, var, xtabs
The following objects are masked from 'package:base':
Filter, Find, Map, Position, Reduce, anyDuplicated, append,
as.data.frame, basename, cbind, colnames, dirname, do.call,
duplicated, eval, evalq, get, grep, grepl, intersect, is.unsorted,
lapply, mapply, match, mget, order, paste, pmax, pmax.int, pmin,
pmin.int, rank, rbind, rownames, sapply, setdiff, sort, table,
tapply, union, unique, unsplit, which.max, which.min
Loading required package: MatrixGenerics
Loading required package: matrixStats
Attaching package: 'MatrixGenerics'
The following objects are masked from 'package:matrixStats':
colAlls, colAnyNAs, colAnys, colAvgsPerRowSet, colCollapse,
colCounts, colCummaxs, colCummins, colCumprods, colCumsums,
colDiffs, colIQRDiffs, colIQRs, colLogSumExps, colMadDiffs,
colMads, colMaxs, colMeans2, colMedians, colMins, colOrderStats,
colProds, colQuantiles, colRanges, colRanks, colSdDiffs, colSds,
colSums2, colTabulates, colVarDiffs, colVars, colWeightedMads,
colWeightedMeans, colWeightedMedians, colWeightedSds,
colWeightedVars, rowAlls, rowAnyNAs, rowAnys, rowAvgsPerColSet,
rowCollapse, rowCounts, rowCummaxs, rowCummins, rowCumprods,
rowCumsums, rowDiffs, rowIQRDiffs, rowIQRs, rowLogSumExps,
rowMadDiffs, rowMads, rowMaxs, rowMeans2, rowMedians, rowMins,
rowOrderStats, rowProds, rowQuantiles, rowRanges, rowRanks,
rowSdDiffs, rowSds, rowSums2, rowTabulates, rowVarDiffs, rowVars,
rowWeightedMads, rowWeightedMeans, rowWeightedMedians,
rowWeightedSds, rowWeightedVars
Loading required package: S4Vectors
Attaching package: 'S4Vectors'
The following object is masked from 'package:Matrix':
expand
The following object is masked from 'package:base':
expand.grid
Loading required package: IRanges
Attaching package: 'IRanges'
The following object is masked from 'package:grDevices':
windows
Attaching package: 'DelayedArray'
The following objects are masked from 'package:base':
aperm, apply, rowsum
Loading required package: stats4
Loading required package: Matrix
Loading required package: BiocGenerics
Loading required package: parallel
Attaching package: 'BiocGenerics'
The following objects are masked from 'package:parallel':
clusterApply, clusterApplyLB, clusterCall, clusterEvalQ,
clusterExport, clusterMap, parApply, parCapply, parLapply,
parLapplyLB, parRapply, parSapply, parSapplyLB
The following objects are masked from 'package:stats':
IQR, mad, sd, var, xtabs
The following objects are masked from 'package:base':
Filter, Find, Map, Position, Reduce, anyDuplicated, append,
as.data.frame, basename, cbind, colnames, dirname, do.call,
duplicated, eval, evalq, get, grep, grepl, intersect, is.unsorted,
lapply, mapply, match, mget, order, paste, pmax, pmax.int, pmin,
pmin.int, rank, rbind, rownames, sapply, setdiff, sort, table,
tapply, union, unique, unsplit, which.max, which.min
Loading required package: MatrixGenerics
Loading required package: matrixStats
Attaching package: 'MatrixGenerics'
The following objects are masked from 'package:matrixStats':
colAlls, colAnyNAs, colAnys, colAvgsPerRowSet, colCollapse,
colCounts, colCummaxs, colCummins, colCumprods, colCumsums,
colDiffs, colIQRDiffs, colIQRs, colLogSumExps, colMadDiffs,
colMads, colMaxs, colMeans2, colMedians, colMins, colOrderStats,
colProds, colQuantiles, colRanges, colRanks, colSdDiffs, colSds,
colSums2, colTabulates, colVarDiffs, colVars, colWeightedMads,
colWeightedMeans, colWeightedMedians, colWeightedSds,
colWeightedVars, rowAlls, rowAnyNAs, rowAnys, rowAvgsPerColSet,
rowCollapse, rowCounts, rowCummaxs, rowCummins, rowCumprods,
rowCumsums, rowDiffs, rowIQRDiffs, rowIQRs, rowLogSumExps,
rowMadDiffs, rowMads, rowMaxs, rowMeans2, rowMedians, rowMins,
rowOrderStats, rowProds, rowQuantiles, rowRanges, rowRanks,
rowSdDiffs, rowSds, rowSums2, rowTabulates, rowVarDiffs, rowVars,
rowWeightedMads, rowWeightedMeans, rowWeightedMedians,
rowWeightedSds, rowWeightedVars
Loading required package: S4Vectors
Attaching package: 'S4Vectors'
The following object is masked from 'package:Matrix':
expand
The following object is masked from 'package:base':
expand.grid
Loading required package: IRanges
Attaching package: 'IRanges'
The following object is masked from 'package:grDevices':
windows
Attaching package: 'DelayedArray'
The following objects are masked from 'package:base':
aperm, apply, rowsum
Error in normarg_perm(perm, dim(seed)) : 'perm' must be an integer vector
In addition: Warning messages:
1: In log(a + 0.2) : NaNs produced
2: In match.fun(.Generic)(a) : NaNs produced
Error in validObject(.Object) : invalid class "DelayedAperm" object:
'perm' cannot be an empty vector
Error in validObject(.Object) : invalid class "DelayedAperm" object:
only dimensions equal to 1 can be dropped
Error in validObject(.Object) : invalid class "DelayedAperm" object:
all non-NA values in 'perm' must be >= 1 and <= 'length(dim(a))'
Error in validObject(.Object) : invalid class "DelayedAperm" object:
only dimensions equal to 1 can be dropped
Error in normarg_dimnames(dimnames, seed_dim) :
the supplied 'dimnames' must be NULL or a list
Error in normarg_dimnames(dimnames, seed_dim) :
the supplied 'dimnames' must have one list element per dimension
Error in FUN(X[[i]], ...) :
each list element in the supplied 'dimnames' must be NULL or a
character vector
Error in FUN(X[[i]], ...) :
length of 'dimnames[[1]]' (26) must equal the array extent (5)
Error in seed(x) :
seed() is not supported on a DelayedArray object with multiple seeds at
the moment. Note that you can check the number of seeds with nseed().
You can use 'seedApply(x, identity)' to extract all the seeds as a
list.
Error in (function (classes, fdef, mtable) :
unable to find an inherited method for function 'is_noop' for signature '"DelayedNaryIsoOp"'
Error in seed(x) :
seed() is not supported on a DelayedArray object with multiple seeds at
the moment. Note that you can check the number of seeds with nseed().
You can use 'seedApply(x, identity)' to extract all the seeds as a
list.
Error in (function (classes, fdef, mtable) :
unable to find an inherited method for function 'is_noop' for signature '"DelayedNaryIsoOp"'
Error in seed(x) :
seed() is not supported on a DelayedArray object with multiple seeds at
the moment. Note that you can check the number of seeds with nseed().
You can use 'seedApply(x, identity)' to extract all the seeds as a
list.
Error in (function (classes, fdef, mtable) :
unable to find an inherited method for function 'is_noop' for signature '"DelayedNaryIsoOp"'
Error in seed(x) :
seed() is not supported on a DelayedArray object with multiple seeds at
the moment. Note that you can check the number of seeds with nseed().
You can use 'seedApply(x, identity)' to extract all the seeds as a
list.
Error in (function (classes, fdef, mtable) :
unable to find an inherited method for function 'is_noop' for signature '"DelayedNaryIsoOp"'
Error in seed(x) :
seed() is not supported on a DelayedArray object with multiple seeds at
the moment. Note that you can check the number of seeds with nseed().
You can use 'seedApply(x, identity)' to extract all the seeds as a
list.
Error in (function (classes, fdef, mtable) :
unable to find an inherited method for function 'is_noop' for signature '"DelayedNaryIsoOp"'
Error in match.fun(OP) : 'NULL' is not a function, character or symbol
Error in match.fun(OP) :
'list(NULL)' is not a function, character or symbol
Error in get(as.character(FUN), mode = "function", envir = envir) :
object 'not-an-existing-function' of mode 'function' was not found
Error in new_DelayedNaryIsoOp("<=", array(dim = 4:2), array(dim = 2:4)) :
non-conformable array-like objects
Error in normalizeNindex(Nindex, seed) :
'Nindex' must be a list with one list element per dimension in 'x'
Error in normalizeNindex(Nindex, seed) :
'Nindex' must be a list with one list element per dimension in 'x'
Error : subscript contains out-of-bounds indices
Error : subscript contains invalid names
Error : subscript contains out-of-bounds ranges
Error : subscript contains out-of-bounds ranges
Error in new_DelayedUnaryIsoOpStack(.TEST_SAS3, NULL) :
'OPS' must be a list
Error in FUN(X[[i]], ...) :
'OPS[[1L]]' is not a function, character or symbol
Error in get(as.character(FUN), mode = "function", envir = envir) :
object 'not-an-existing-function' of mode 'function' was not found
RUNIT TEST PROTOCOL -- Thu May 06 02:25:37 2021
***********************************************
Number of test functions: 50
Number of errors: 0
Number of failures: 0
1 Test Suite :
DelayedArray RUnit Tests - 50 test functions, 0 errors, 0 failures
Number of test functions: 50
Number of errors: 0
Number of failures: 0
>
> proc.time()
user system elapsed
734.28 4.37 784.14
|
DelayedArray.Rcheck/tests_x64/run_unitTests.Rout
R version 4.0.5 (2021-03-31) -- "Shake and Throw"
Copyright (C) 2021 The R Foundation for Statistical Computing
Platform: x86_64-w64-mingw32/x64 (64-bit)
R is free software and comes with ABSOLUTELY NO WARRANTY.
You are welcome to redistribute it under certain conditions.
Type 'license()' or 'licence()' for distribution details.
R is a collaborative project with many contributors.
Type 'contributors()' for more information and
'citation()' on how to cite R or R packages in publications.
Type 'demo()' for some demos, 'help()' for on-line help, or
'help.start()' for an HTML browser interface to help.
Type 'q()' to quit R.
> require("DelayedArray") || stop("unable to load DelayedArray package")
Loading required package: DelayedArray
Loading required package: stats4
Loading required package: Matrix
Loading required package: BiocGenerics
Loading required package: parallel
Attaching package: 'BiocGenerics'
The following objects are masked from 'package:parallel':
clusterApply, clusterApplyLB, clusterCall, clusterEvalQ,
clusterExport, clusterMap, parApply, parCapply, parLapply,
parLapplyLB, parRapply, parSapply, parSapplyLB
The following objects are masked from 'package:stats':
IQR, mad, sd, var, xtabs
The following objects are masked from 'package:base':
Filter, Find, Map, Position, Reduce, anyDuplicated, append,
as.data.frame, basename, cbind, colnames, dirname, do.call,
duplicated, eval, evalq, get, grep, grepl, intersect, is.unsorted,
lapply, mapply, match, mget, order, paste, pmax, pmax.int, pmin,
pmin.int, rank, rbind, rownames, sapply, setdiff, sort, table,
tapply, union, unique, unsplit, which.max, which.min
Loading required package: MatrixGenerics
Loading required package: matrixStats
Attaching package: 'MatrixGenerics'
The following objects are masked from 'package:matrixStats':
colAlls, colAnyNAs, colAnys, colAvgsPerRowSet, colCollapse,
colCounts, colCummaxs, colCummins, colCumprods, colCumsums,
colDiffs, colIQRDiffs, colIQRs, colLogSumExps, colMadDiffs,
colMads, colMaxs, colMeans2, colMedians, colMins, colOrderStats,
colProds, colQuantiles, colRanges, colRanks, colSdDiffs, colSds,
colSums2, colTabulates, colVarDiffs, colVars, colWeightedMads,
colWeightedMeans, colWeightedMedians, colWeightedSds,
colWeightedVars, rowAlls, rowAnyNAs, rowAnys, rowAvgsPerColSet,
rowCollapse, rowCounts, rowCummaxs, rowCummins, rowCumprods,
rowCumsums, rowDiffs, rowIQRDiffs, rowIQRs, rowLogSumExps,
rowMadDiffs, rowMads, rowMaxs, rowMeans2, rowMedians, rowMins,
rowOrderStats, rowProds, rowQuantiles, rowRanges, rowRanks,
rowSdDiffs, rowSds, rowSums2, rowTabulates, rowVarDiffs, rowVars,
rowWeightedMads, rowWeightedMeans, rowWeightedMedians,
rowWeightedSds, rowWeightedVars
Loading required package: S4Vectors
Attaching package: 'S4Vectors'
The following object is masked from 'package:Matrix':
expand
The following object is masked from 'package:base':
expand.grid
Loading required package: IRanges
Attaching package: 'IRanges'
The following object is masked from 'package:grDevices':
windows
Attaching package: 'DelayedArray'
The following objects are masked from 'package:base':
aperm, apply, rowsum
[1] TRUE
> DelayedArray:::.test()
Attaching package: 'genefilter'
The following objects are masked from 'package:MatrixGenerics':
rowSds, rowVars
The following objects are masked from 'package:matrixStats':
rowSds, rowVars
Loading required package: stats4
Loading required package: Matrix
Loading required package: BiocGenerics
Loading required package: parallel
Attaching package: 'BiocGenerics'
The following objects are masked from 'package:parallel':
clusterApply, clusterApplyLB, clusterCall, clusterEvalQ,
clusterExport, clusterMap, parApply, parCapply, parLapply,
parLapplyLB, parRapply, parSapply, parSapplyLB
The following objects are masked from 'package:stats':
IQR, mad, sd, var, xtabs
The following objects are masked from 'package:base':
Filter, Find, Map, Position, Reduce, anyDuplicated, append,
as.data.frame, basename, cbind, colnames, dirname, do.call,
duplicated, eval, evalq, get, grep, grepl, intersect, is.unsorted,
lapply, mapply, match, mget, order, paste, pmax, pmax.int, pmin,
pmin.int, rank, rbind, rownames, sapply, setdiff, sort, table,
tapply, union, unique, unsplit, which.max, which.min
Loading required package: MatrixGenerics
Loading required package: matrixStats
Attaching package: 'MatrixGenerics'
The following objects are masked from 'package:matrixStats':
colAlls, colAnyNAs, colAnys, colAvgsPerRowSet, colCollapse,
colCounts, colCummaxs, colCummins, colCumprods, colCumsums,
colDiffs, colIQRDiffs, colIQRs, colLogSumExps, colMadDiffs,
colMads, colMaxs, colMeans2, colMedians, colMins, colOrderStats,
colProds, colQuantiles, colRanges, colRanks, colSdDiffs, colSds,
colSums2, colTabulates, colVarDiffs, colVars, colWeightedMads,
colWeightedMeans, colWeightedMedians, colWeightedSds,
colWeightedVars, rowAlls, rowAnyNAs, rowAnys, rowAvgsPerColSet,
rowCollapse, rowCounts, rowCummaxs, rowCummins, rowCumprods,
rowCumsums, rowDiffs, rowIQRDiffs, rowIQRs, rowLogSumExps,
rowMadDiffs, rowMads, rowMaxs, rowMeans2, rowMedians, rowMins,
rowOrderStats, rowProds, rowQuantiles, rowRanges, rowRanks,
rowSdDiffs, rowSds, rowSums2, rowTabulates, rowVarDiffs, rowVars,
rowWeightedMads, rowWeightedMeans, rowWeightedMedians,
rowWeightedSds, rowWeightedVars
Loading required package: S4Vectors
Attaching package: 'S4Vectors'
The following object is masked from 'package:Matrix':
expand
The following object is masked from 'package:base':
expand.grid
Loading required package: IRanges
Attaching package: 'IRanges'
The following object is masked from 'package:grDevices':
windows
Attaching package: 'DelayedArray'
The following objects are masked from 'package:base':
aperm, apply, rowsum
Loading required package: stats4
Loading required package: Matrix
Loading required package: BiocGenerics
Loading required package: parallel
Attaching package: 'BiocGenerics'
The following objects are masked from 'package:parallel':
clusterApply, clusterApplyLB, clusterCall, clusterEvalQ,
clusterExport, clusterMap, parApply, parCapply, parLapply,
parLapplyLB, parRapply, parSapply, parSapplyLB
The following objects are masked from 'package:stats':
IQR, mad, sd, var, xtabs
The following objects are masked from 'package:base':
Filter, Find, Map, Position, Reduce, anyDuplicated, append,
as.data.frame, basename, cbind, colnames, dirname, do.call,
duplicated, eval, evalq, get, grep, grepl, intersect, is.unsorted,
lapply, mapply, match, mget, order, paste, pmax, pmax.int, pmin,
pmin.int, rank, rbind, rownames, sapply, setdiff, sort, table,
tapply, union, unique, unsplit, which.max, which.min
Loading required package: MatrixGenerics
Loading required package: matrixStats
Attaching package: 'MatrixGenerics'
The following objects are masked from 'package:matrixStats':
colAlls, colAnyNAs, colAnys, colAvgsPerRowSet, colCollapse,
colCounts, colCummaxs, colCummins, colCumprods, colCumsums,
colDiffs, colIQRDiffs, colIQRs, colLogSumExps, colMadDiffs,
colMads, colMaxs, colMeans2, colMedians, colMins, colOrderStats,
colProds, colQuantiles, colRanges, colRanks, colSdDiffs, colSds,
colSums2, colTabulates, colVarDiffs, colVars, colWeightedMads,
colWeightedMeans, colWeightedMedians, colWeightedSds,
colWeightedVars, rowAlls, rowAnyNAs, rowAnys, rowAvgsPerColSet,
rowCollapse, rowCounts, rowCummaxs, rowCummins, rowCumprods,
rowCumsums, rowDiffs, rowIQRDiffs, rowIQRs, rowLogSumExps,
rowMadDiffs, rowMads, rowMaxs, rowMeans2, rowMedians, rowMins,
rowOrderStats, rowProds, rowQuantiles, rowRanges, rowRanks,
rowSdDiffs, rowSds, rowSums2, rowTabulates, rowVarDiffs, rowVars,
rowWeightedMads, rowWeightedMeans, rowWeightedMedians,
rowWeightedSds, rowWeightedVars
Loading required package: S4Vectors
Attaching package: 'S4Vectors'
The following object is masked from 'package:Matrix':
expand
The following object is masked from 'package:base':
expand.grid
Loading required package: IRanges
Attaching package: 'IRanges'
The following object is masked from 'package:grDevices':
windows
Attaching package: 'DelayedArray'
The following objects are masked from 'package:base':
aperm, apply, rowsum
Loading required package: stats4
Loading required package: Matrix
Loading required package: BiocGenerics
Loading required package: parallel
Attaching package: 'BiocGenerics'
The following objects are masked from 'package:parallel':
clusterApply, clusterApplyLB, clusterCall, clusterEvalQ,
clusterExport, clusterMap, parApply, parCapply, parLapply,
parLapplyLB, parRapply, parSapply, parSapplyLB
The following objects are masked from 'package:stats':
IQR, mad, sd, var, xtabs
The following objects are masked from 'package:base':
Filter, Find, Map, Position, Reduce, anyDuplicated, append,
as.data.frame, basename, cbind, colnames, dirname, do.call,
duplicated, eval, evalq, get, grep, grepl, intersect, is.unsorted,
lapply, mapply, match, mget, order, paste, pmax, pmax.int, pmin,
pmin.int, rank, rbind, rownames, sapply, setdiff, sort, table,
tapply, union, unique, unsplit, which.max, which.min
Loading required package: MatrixGenerics
Loading required package: matrixStats
Attaching package: 'MatrixGenerics'
The following objects are masked from 'package:matrixStats':
colAlls, colAnyNAs, colAnys, colAvgsPerRowSet, colCollapse,
colCounts, colCummaxs, colCummins, colCumprods, colCumsums,
colDiffs, colIQRDiffs, colIQRs, colLogSumExps, colMadDiffs,
colMads, colMaxs, colMeans2, colMedians, colMins, colOrderStats,
colProds, colQuantiles, colRanges, colRanks, colSdDiffs, colSds,
colSums2, colTabulates, colVarDiffs, colVars, colWeightedMads,
colWeightedMeans, colWeightedMedians, colWeightedSds,
colWeightedVars, rowAlls, rowAnyNAs, rowAnys, rowAvgsPerColSet,
rowCollapse, rowCounts, rowCummaxs, rowCummins, rowCumprods,
rowCumsums, rowDiffs, rowIQRDiffs, rowIQRs, rowLogSumExps,
rowMadDiffs, rowMads, rowMaxs, rowMeans2, rowMedians, rowMins,
rowOrderStats, rowProds, rowQuantiles, rowRanges, rowRanks,
rowSdDiffs, rowSds, rowSums2, rowTabulates, rowVarDiffs, rowVars,
rowWeightedMads, rowWeightedMeans, rowWeightedMedians,
rowWeightedSds, rowWeightedVars
Loading required package: S4Vectors
Attaching package: 'S4Vectors'
The following object is masked from 'package:Matrix':
expand
The following object is masked from 'package:base':
expand.grid
Loading required package: IRanges
Attaching package: 'IRanges'
The following object is masked from 'package:grDevices':
windows
Attaching package: 'DelayedArray'
The following objects are masked from 'package:base':
aperm, apply, rowsum
Loading required package: stats4
Loading required package: Matrix
Loading required package: BiocGenerics
Loading required package: parallel
Attaching package: 'BiocGenerics'
The following objects are masked from 'package:parallel':
clusterApply, clusterApplyLB, clusterCall, clusterEvalQ,
clusterExport, clusterMap, parApply, parCapply, parLapply,
parLapplyLB, parRapply, parSapply, parSapplyLB
The following objects are masked from 'package:stats':
IQR, mad, sd, var, xtabs
The following objects are masked from 'package:base':
Filter, Find, Map, Position, Reduce, anyDuplicated, append,
as.data.frame, basename, cbind, colnames, dirname, do.call,
duplicated, eval, evalq, get, grep, grepl, intersect, is.unsorted,
lapply, mapply, match, mget, order, paste, pmax, pmax.int, pmin,
pmin.int, rank, rbind, rownames, sapply, setdiff, sort, table,
tapply, union, unique, unsplit, which.max, which.min
Loading required package: MatrixGenerics
Loading required package: matrixStats
Attaching package: 'MatrixGenerics'
The following objects are masked from 'package:matrixStats':
colAlls, colAnyNAs, colAnys, colAvgsPerRowSet, colCollapse,
colCounts, colCummaxs, colCummins, colCumprods, colCumsums,
colDiffs, colIQRDiffs, colIQRs, colLogSumExps, colMadDiffs,
colMads, colMaxs, colMeans2, colMedians, colMins, colOrderStats,
colProds, colQuantiles, colRanges, colRanks, colSdDiffs, colSds,
colSums2, colTabulates, colVarDiffs, colVars, colWeightedMads,
colWeightedMeans, colWeightedMedians, colWeightedSds,
colWeightedVars, rowAlls, rowAnyNAs, rowAnys, rowAvgsPerColSet,
rowCollapse, rowCounts, rowCummaxs, rowCummins, rowCumprods,
rowCumsums, rowDiffs, rowIQRDiffs, rowIQRs, rowLogSumExps,
rowMadDiffs, rowMads, rowMaxs, rowMeans2, rowMedians, rowMins,
rowOrderStats, rowProds, rowQuantiles, rowRanges, rowRanks,
rowSdDiffs, rowSds, rowSums2, rowTabulates, rowVarDiffs, rowVars,
rowWeightedMads, rowWeightedMeans, rowWeightedMedians,
rowWeightedSds, rowWeightedVars
Loading required package: S4Vectors
Attaching package: 'S4Vectors'
The following object is masked from 'package:Matrix':
expand
The following object is masked from 'package:base':
expand.grid
Loading required package: IRanges
Attaching package: 'IRanges'
The following object is masked from 'package:grDevices':
windows
Attaching package: 'DelayedArray'
The following objects are masked from 'package:base':
aperm, apply, rowsum
Error in normarg_perm(perm, dim(seed)) : 'perm' must be an integer vector
In addition: Warning messages:
1: In log(a + 0.2) : NaNs produced
2: In match.fun(.Generic)(a) : NaNs produced
Error in validObject(.Object) : invalid class "DelayedAperm" object:
'perm' cannot be an empty vector
Error in validObject(.Object) : invalid class "DelayedAperm" object:
only dimensions equal to 1 can be dropped
Error in validObject(.Object) : invalid class "DelayedAperm" object:
all non-NA values in 'perm' must be >= 1 and <= 'length(dim(a))'
Error in validObject(.Object) : invalid class "DelayedAperm" object:
only dimensions equal to 1 can be dropped
Error in normarg_dimnames(dimnames, seed_dim) :
the supplied 'dimnames' must be NULL or a list
Error in normarg_dimnames(dimnames, seed_dim) :
the supplied 'dimnames' must have one list element per dimension
Error in FUN(X[[i]], ...) :
each list element in the supplied 'dimnames' must be NULL or a
character vector
Error in FUN(X[[i]], ...) :
length of 'dimnames[[1]]' (26) must equal the array extent (5)
Error in seed(x) :
seed() is not supported on a DelayedArray object with multiple seeds at
the moment. Note that you can check the number of seeds with nseed().
You can use 'seedApply(x, identity)' to extract all the seeds as a
list.
Error in (function (classes, fdef, mtable) :
unable to find an inherited method for function 'is_noop' for signature '"DelayedNaryIsoOp"'
Error in seed(x) :
seed() is not supported on a DelayedArray object with multiple seeds at
the moment. Note that you can check the number of seeds with nseed().
You can use 'seedApply(x, identity)' to extract all the seeds as a
list.
Error in (function (classes, fdef, mtable) :
unable to find an inherited method for function 'is_noop' for signature '"DelayedNaryIsoOp"'
Error in seed(x) :
seed() is not supported on a DelayedArray object with multiple seeds at
the moment. Note that you can check the number of seeds with nseed().
You can use 'seedApply(x, identity)' to extract all the seeds as a
list.
Error in (function (classes, fdef, mtable) :
unable to find an inherited method for function 'is_noop' for signature '"DelayedNaryIsoOp"'
Error in seed(x) :
seed() is not supported on a DelayedArray object with multiple seeds at
the moment. Note that you can check the number of seeds with nseed().
You can use 'seedApply(x, identity)' to extract all the seeds as a
list.
Error in (function (classes, fdef, mtable) :
unable to find an inherited method for function 'is_noop' for signature '"DelayedNaryIsoOp"'
Error in seed(x) :
seed() is not supported on a DelayedArray object with multiple seeds at
the moment. Note that you can check the number of seeds with nseed().
You can use 'seedApply(x, identity)' to extract all the seeds as a
list.
Error in (function (classes, fdef, mtable) :
unable to find an inherited method for function 'is_noop' for signature '"DelayedNaryIsoOp"'
Error in match.fun(OP) : 'NULL' is not a function, character or symbol
Error in match.fun(OP) :
'list(NULL)' is not a function, character or symbol
Error in get(as.character(FUN), mode = "function", envir = envir) :
object 'not-an-existing-function' of mode 'function' was not found
Error in new_DelayedNaryIsoOp("<=", array(dim = 4:2), array(dim = 2:4)) :
non-conformable array-like objects
Error in normalizeNindex(Nindex, seed) :
'Nindex' must be a list with one list element per dimension in 'x'
Error in normalizeNindex(Nindex, seed) :
'Nindex' must be a list with one list element per dimension in 'x'
Error : subscript contains out-of-bounds indices
Error : subscript contains invalid names
Error : subscript contains out-of-bounds ranges
Error : subscript contains out-of-bounds ranges
Error in new_DelayedUnaryIsoOpStack(.TEST_SAS3, NULL) :
'OPS' must be a list
Error in FUN(X[[i]], ...) :
'OPS[[1L]]' is not a function, character or symbol
Error in get(as.character(FUN), mode = "function", envir = envir) :
object 'not-an-existing-function' of mode 'function' was not found
RUNIT TEST PROTOCOL -- Thu May 06 02:40:10 2021
***********************************************
Number of test functions: 50
Number of errors: 0
Number of failures: 0
1 Test Suite :
DelayedArray RUnit Tests - 50 test functions, 0 errors, 0 failures
Number of test functions: 50
Number of errors: 0
Number of failures: 0
>
> proc.time()
user system elapsed
827.51 3.82 872.48
|
|
DelayedArray.Rcheck/examples_i386/DelayedArray-Ex.timings
|
DelayedArray.Rcheck/examples_x64/DelayedArray-Ex.timings
|