| Back to Multiple platform build/check report for BioC 3.12 |
|
This page was generated on 2021-05-06 12:34:47 -0400 (Thu, 06 May 2021).
|
To the developers/maintainers of the DESeq package: Please make sure to use the following settings in order to reproduce any error or warning you see on this page. |
| Package 464/1974 | Hostname | OS / Arch | INSTALL | BUILD | CHECK | BUILD BIN | ||||||||
Simon Anders
| malbec1 | Linux (Ubuntu 18.04.5 LTS) / x86_64 | OK | ERROR | skipped | |||||||||
| tokay1 | Windows Server 2012 R2 Standard / x64 | OK | ERROR | skipped | skipped | |||||||||
| merida1 | macOS 10.14.6 Mojave / x86_64 | OK | ERROR | skipped | skipped | |||||||||
| Package: DESeq |
| Version: 1.42.0 |
| Command: /Library/Frameworks/R.framework/Versions/Current/Resources/bin/R CMD build --keep-empty-dirs --no-resave-data DESeq |
| StartedAt: 2021-05-05 19:05:58 -0400 (Wed, 05 May 2021) |
| EndedAt: 2021-05-05 19:06:19 -0400 (Wed, 05 May 2021) |
| EllapsedTime: 21.2 seconds |
| RetCode: 1 |
| Status: ERROR |
| PackageFile: None |
| PackageFileSize: NA |
##############################################################################
##############################################################################
###
### Running command:
###
### /Library/Frameworks/R.framework/Versions/Current/Resources/bin/R CMD build --keep-empty-dirs --no-resave-data DESeq
###
##############################################################################
##############################################################################
* checking for file ‘DESeq/DESCRIPTION’ ... OK
* preparing ‘DESeq’:
* checking DESCRIPTION meta-information ... OK
* cleaning src
* installing the package to build vignettes
* creating vignettes ... ERROR
--- re-building ‘DESeq.Rnw’ using Sweave
Error: processing vignette 'DESeq.Rnw' failed with diagnostics:
chunk 8 (label = conditionCheck)
Error : identical(condition, factor(c("untreated", "untreated", "treated", .... is not TRUE
--- failed re-building ‘DESeq.Rnw’
SUMMARY: processing the following file failed:
‘DESeq.Rnw’
Error: Vignette re-building failed.
Execution halted