| Back to Multiple platform build/check report for BioC 3.12 |
|
This page was generated on 2021-05-06 12:34:28 -0400 (Thu, 06 May 2021).
|
To the developers/maintainers of the CancerInSilico package: Please make sure to use the following settings in order to reproduce any error or warning you see on this page. |
| Package 229/1974 | Hostname | OS / Arch | INSTALL | BUILD | CHECK | BUILD BIN | ||||||||
| CancerInSilico 2.10.0 (landing page) Thomas D. Sherman
| malbec1 | Linux (Ubuntu 18.04.5 LTS) / x86_64 | OK | OK | OK | |||||||||
| tokay1 | Windows Server 2012 R2 Standard / x64 | OK | OK | OK | OK | |||||||||
| merida1 | macOS 10.14.6 Mojave / x86_64 | OK | ERROR | skipped | skipped | |||||||||
| Package: CancerInSilico |
| Version: 2.10.0 |
| Command: /Library/Frameworks/R.framework/Versions/Current/Resources/bin/R CMD build --keep-empty-dirs --no-resave-data CancerInSilico |
| StartedAt: 2021-05-05 18:31:38 -0400 (Wed, 05 May 2021) |
| EndedAt: 2021-05-05 18:32:23 -0400 (Wed, 05 May 2021) |
| EllapsedTime: 44.7 seconds |
| RetCode: 1 |
| Status: ERROR |
| PackageFile: None |
| PackageFileSize: NA |
############################################################################## ############################################################################## ### ### Running command: ### ### /Library/Frameworks/R.framework/Versions/Current/Resources/bin/R CMD build --keep-empty-dirs --no-resave-data CancerInSilico ### ############################################################################## ############################################################################## * checking for file ‘CancerInSilico/DESCRIPTION’ ... OK * preparing ‘CancerInSilico’: * checking DESCRIPTION meta-information ... OK * cleaning src * installing the package to build vignettes * creating vignettes ... ERROR --- re-building ‘CancerInSilico.Rmd’ using rmarkdown