| Back to Build/check report for BioC 3.10 experimental data |
This page was generated on 2020-04-14 17:46:19 -0400 (Tue, 14 Apr 2020).
| Package 69/384 | Hostname | OS / Arch | INSTALL | BUILD | CHECK | ||||||
| cnvGSAdata 1.22.0 Joseph Lugo
| malbec1 | Linux (Ubuntu 18.04.4 LTS) / x86_64 | OK | OK | [ WARNINGS ] |
| Package: cnvGSAdata |
| Version: 1.22.0 |
| Command: /home/biocbuild/bbs-3.10-bioc/R/bin/R CMD check --install=check:cnvGSAdata.install-out.txt --library=/home/biocbuild/bbs-3.10-bioc/R/library --no-vignettes --timings cnvGSAdata_1.22.0.tar.gz |
| StartedAt: 2020-04-14 13:06:47 -0400 (Tue, 14 Apr 2020) |
| EndedAt: 2020-04-14 13:07:40 -0400 (Tue, 14 Apr 2020) |
| EllapsedTime: 52.8 seconds |
| RetCode: 0 |
| Status: WARNINGS |
| CheckDir: cnvGSAdata.Rcheck |
| Warnings: 1 |
##############################################################################
##############################################################################
###
### Running command:
###
### /home/biocbuild/bbs-3.10-bioc/R/bin/R CMD check --install=check:cnvGSAdata.install-out.txt --library=/home/biocbuild/bbs-3.10-bioc/R/library --no-vignettes --timings cnvGSAdata_1.22.0.tar.gz
###
##############################################################################
##############################################################################
* using log directory ‘/home/biocbuild/bbs-3.10-data-experiment/meat/cnvGSAdata.Rcheck’
* using R version 3.6.3 (2020-02-29)
* using platform: x86_64-pc-linux-gnu (64-bit)
* using session charset: UTF-8
* using option ‘--no-vignettes’
* checking for file ‘cnvGSAdata/DESCRIPTION’ ... OK
* this is package ‘cnvGSAdata’ version ‘1.22.0’
* checking package namespace information ... OK
* checking package dependencies ... OK
* checking if this is a source package ... OK
* checking if there is a namespace ... OK
* checking for hidden files and directories ... OK
* checking for portable file names ... OK
* checking for sufficient/correct file permissions ... OK
* checking whether package ‘cnvGSAdata’ can be installed ... OK
* checking installed package size ... NOTE
installed size is 9.1Mb
sub-directories of 1Mb or more:
data 5.2Mb
extdata 3.8Mb
* checking package directory ... OK
* checking DESCRIPTION meta-information ... OK
* checking top-level files ... OK
* checking for left-over files ... OK
* checking index information ... OK
* checking package subdirectories ... OK
* checking whether the package can be loaded ... OK
* checking whether the package can be loaded with stated dependencies ... OK
* checking whether the package can be unloaded cleanly ... OK
* checking whether the namespace can be loaded with stated dependencies ... OK
* checking whether the namespace can be unloaded cleanly ... OK
* checking Rd files ... OK
* checking Rd metadata ... OK
* checking Rd cross-references ... OK
* checking for missing documentation entries ... OK
* checking for code/documentation mismatches ... OK
* checking Rd \usage sections ... OK
* checking Rd contents ... OK
* checking for unstated dependencies in examples ... OK
* checking contents of ‘data’ directory ... OK
* checking data for non-ASCII characters ... OK
* checking data for ASCII and uncompressed saves ... WARNING
Note: significantly better compression could be obtained
by using R CMD build --resave-data
old_size new_size compress
cnvGSA_input_example.RData 2.4Mb 1.2Mb xz
cnvGSA_output_example.RData 2.5Mb 770Kb xz
gs_data_example.RData 310Kb 207Kb xz
* checking examples ... OK
* checking PDF version of manual ... OK
* DONE
Status: 1 WARNING, 1 NOTE
See
‘/home/biocbuild/bbs-3.10-data-experiment/meat/cnvGSAdata.Rcheck/00check.log’
for details.
cnvGSAdata.Rcheck/00install.out
############################################################################## ############################################################################## ### ### Running command: ### ### /home/biocbuild/bbs-3.10-bioc/R/bin/R CMD INSTALL cnvGSAdata ### ############################################################################## ############################################################################## * installing to library ‘/home/biocbuild/bbs-3.10-bioc/R/library’ * installing *source* package ‘cnvGSAdata’ ... ** using staged installation ** data ** inst ** help *** installing help indices ** building package indices ** testing if installed package can be loaded from temporary location ** testing if installed package can be loaded from final location ** testing if installed package keeps a record of temporary installation path * DONE (cnvGSAdata)
cnvGSAdata.Rcheck/cnvGSAdata-Ex.timings
| name | user | system | elapsed | |
| cnv_AGP_demo.txt | 0.024 | 0.004 | 0.033 | |
| enrGMT_AGP_demo.gmt | 1.632 | 0.060 | 1.701 | |
| enrGeneric_AGP_demo.txt | 0.004 | 0.000 | 0.002 | |
| gene_ID_demo.txt | 0.120 | 0.004 | 0.134 | |
| kl_gene_AGP_demo.txt | 0.000 | 0.000 | 0.003 | |
| kl_loci_AGP_demo.txt | 0.000 | 0.000 | 0.001 | |
| ph_AGP_demo.txt | 0.008 | 0.000 | 0.021 | |