| Back to Multiple platform build/check report for BioC 3.10 |
|
This page was generated on 2020-04-15 12:46:14 -0400 (Wed, 15 Apr 2020).
| Package 1544/1823 | Hostname | OS / Arch | INSTALL | BUILD | CHECK | BUILD BIN | ||||||
| scPipe 1.8.0 Luyi Tian
| malbec1 | Linux (Ubuntu 18.04.4 LTS) / x86_64 | OK | OK | WARNINGS | |||||||
| tokay1 | Windows Server 2012 R2 Standard / x64 | OK | OK | WARNINGS | OK | |||||||
| merida1 | OS X 10.11.6 El Capitan / x86_64 | OK | OK | [ WARNINGS ] | OK |
| Package: scPipe |
| Version: 1.8.0 |
| Command: /Library/Frameworks/R.framework/Versions/Current/Resources/bin/R CMD check --install=check:scPipe.install-out.txt --library=/Library/Frameworks/R.framework/Versions/Current/Resources/library --no-vignettes --timings scPipe_1.8.0.tar.gz |
| StartedAt: 2020-04-15 05:31:41 -0400 (Wed, 15 Apr 2020) |
| EndedAt: 2020-04-15 05:36:57 -0400 (Wed, 15 Apr 2020) |
| EllapsedTime: 316.4 seconds |
| RetCode: 0 |
| Status: WARNINGS |
| CheckDir: scPipe.Rcheck |
| Warnings: 2 |
##############################################################################
##############################################################################
###
### Running command:
###
### /Library/Frameworks/R.framework/Versions/Current/Resources/bin/R CMD check --install=check:scPipe.install-out.txt --library=/Library/Frameworks/R.framework/Versions/Current/Resources/library --no-vignettes --timings scPipe_1.8.0.tar.gz
###
##############################################################################
##############################################################################
* using log directory ‘/Users/biocbuild/bbs-3.10-bioc/meat/scPipe.Rcheck’
* using R version 3.6.3 (2020-02-29)
* using platform: x86_64-apple-darwin15.6.0 (64-bit)
* using session charset: UTF-8
* using option ‘--no-vignettes’
* checking for file ‘scPipe/DESCRIPTION’ ... OK
* checking extension type ... Package
* this is package ‘scPipe’ version ‘1.8.0’
* package encoding: UTF-8
* checking package namespace information ... OK
* checking package dependencies ... OK
* checking if this is a source package ... OK
* checking if there is a namespace ... OK
* checking for hidden files and directories ... NOTE
Found the following hidden files and directories:
.BBSoptions
These were most likely included in error. See section ‘Package
structure’ in the ‘Writing R Extensions’ manual.
* checking for portable file names ... OK
* checking for sufficient/correct file permissions ... OK
* checking whether package ‘scPipe’ can be installed ... WARNING
Found the following significant warnings:
transcriptmapping.cpp:756:5: warning: ignoring return value of function declared with 'warn_unused_result' attribute [-Wunused-result]
trimbarcode.cpp:92:5: warning: ignoring return value of function declared with 'warn_unused_result' attribute [-Wunused-result]
See ‘/Users/biocbuild/bbs-3.10-bioc/meat/scPipe.Rcheck/00install.out’ for details.
* checking installed package size ... OK
* checking package directory ... OK
* checking ‘build’ directory ... OK
* checking DESCRIPTION meta-information ... OK
* checking top-level files ... OK
* checking for left-over files ... OK
* checking index information ... OK
* checking package subdirectories ... OK
* checking R files for non-ASCII characters ... OK
* checking R files for syntax errors ... OK
* checking whether the package can be loaded ... OK
* checking whether the package can be loaded with stated dependencies ... OK
* checking whether the package can be unloaded cleanly ... OK
* checking whether the namespace can be loaded with stated dependencies ... OK
* checking whether the namespace can be unloaded cleanly ... OK
* checking dependencies in R code ... OK
* checking S3 generic/method consistency ... OK
* checking replacement functions ... OK
* checking foreign function calls ... OK
* checking R code for possible problems ... NOTE
anno_to_saf: no visible binding for global variable ‘type’
anno_to_saf: no visible binding for global variable ‘gene_id’
anno_to_saf: no visible binding for global variable ‘seqnames’
anno_to_saf: no visible binding for global variable ‘start’
anno_to_saf: no visible binding for global variable ‘end’
anno_to_saf: no visible binding for global variable ‘strand’
anno_to_saf: no visible binding for global variable ‘GeneID’
infer_gene_id_from_parent : <local>: no visible binding for global
variable ‘transcript_id’
infer_gene_id_from_parent : <local>: no visible binding for global
variable ‘Parent’
infer_gene_id_from_parent: no visible binding for global variable
‘type’
infer_gene_id_from_parent: no visible binding for global variable
‘Parent’
infer_gene_id_from_parent: no visible binding for global variable
‘gene_id’
plot_demultiplex: no visible binding for global variable ‘status’
plot_demultiplex: no visible binding for global variable ‘count’
plot_demultiplex: no visible binding for global variable ‘label_y’
plot_demultiplex: no visible binding for global variable ‘label_tx’
Undefined global functions or variables:
GeneID Parent count end gene_id label_tx label_y seqnames start
status strand transcript_id type
Consider adding
importFrom("stats", "end", "start")
to your NAMESPACE file.
* checking Rd files ... OK
* checking Rd metadata ... OK
* checking Rd cross-references ... OK
* checking for missing documentation entries ... OK
* checking for code/documentation mismatches ... OK
* checking Rd \usage sections ... OK
* checking Rd contents ... OK
* checking for unstated dependencies in examples ... OK
* checking contents of ‘data’ directory ... OK
* checking data for non-ASCII characters ... OK
* checking data for ASCII and uncompressed saves ... OK
* checking line endings in C/C++/Fortran sources/headers ... OK
* checking line endings in Makefiles ... OK
* checking compilation flags in Makevars ... OK
* checking for GNU extensions in Makefiles ... NOTE
GNU make is a SystemRequirements.
* checking for portable use of $(BLAS_LIBS) and $(LAPACK_LIBS) ... OK
* checking compiled code ... NOTE
Note: information on .o files is not available
File ‘/Library/Frameworks/R.framework/Versions/3.6/Resources/library/scPipe/libs/scPipe.so’:
Found ‘___assert_rtn’, possibly from ‘assert’ (C)
Found ‘___stderrp’, possibly from ‘stderr’ (C)
Found ‘___stdoutp’, possibly from ‘stdout’ (C)
Found ‘_abort’, possibly from ‘abort’ (C)
Found ‘_exit’, possibly from ‘exit’ (C)
Found ‘_printf’, possibly from ‘printf’ (C)
Found ‘_putchar’, possibly from ‘putchar’ (C)
Found ‘_puts’, possibly from ‘printf’ (C), ‘puts’ (C)
Found ‘_srand48’, possibly from ‘srand48’ (C)
Compiled code should not call entry points which might terminate R nor
write to stdout/stderr instead of to the console, nor use Fortran I/O
nor system RNGs. The detected symbols are linked into the code but
might come from libraries and not actually be called.
See ‘Writing portable packages’ in the ‘Writing R Extensions’ manual.
* checking files in ‘vignettes’ ... OK
* checking examples ... WARNING
Found the following significant warnings:
Warning: 'spikeNames' is deprecated.
Warning: 'isSpike' is deprecated.
Deprecated functions may be defunct as soon as of the next release of
R.
See ?Deprecated.
Examples with CPU or elapsed time > 5s
user system elapsed
plot_QC_pairs 9.462 0.071 9.660
sc_sample_data 9.397 0.029 9.514
calculate_QC_metrics 2.292 0.080 22.003
* checking for unstated dependencies in ‘tests’ ... OK
* checking tests ...
Running ‘testthat.R’
OK
* checking for unstated dependencies in vignettes ... OK
* checking package vignettes in ‘inst/doc’ ... OK
* checking running R code from vignettes ... SKIPPED
* checking re-building of vignette outputs ... SKIPPED
* checking PDF version of manual ... OK
* DONE
Status: 2 WARNINGs, 4 NOTEs
See
‘/Users/biocbuild/bbs-3.10-bioc/meat/scPipe.Rcheck/00check.log’
for details.
scPipe.Rcheck/00install.out
##############################################################################
##############################################################################
###
### Running command:
###
### /Library/Frameworks/R.framework/Versions/Current/Resources/bin/R CMD INSTALL scPipe
###
##############################################################################
##############################################################################
* installing to library ‘/Library/Frameworks/R.framework/Versions/3.6/Resources/library’
* installing *source* package ‘scPipe’ ...
** using staged installation
** libs
clang++ -std=gnu++11 -I"/Library/Frameworks/R.framework/Resources/include" -DNDEBUG -D_FILE_OFFSET_BITS=64 -I"/Library/Frameworks/R.framework/Versions/3.6/Resources/library/Rcpp/include" -I"/Library/Frameworks/R.framework/Versions/3.6/Resources/library/Rhtslib/include" -I"/Library/Frameworks/R.framework/Versions/3.6/Resources/library/zlibbioc/include" -I"/Library/Frameworks/R.framework/Versions/3.6/Resources/library/testthat/include" -isysroot /Library/Developer/CommandLineTools/SDKs/MacOSX.sdk -I/usr/local/include -fPIC -Wall -g -O2 -c Gene.cpp -o Gene.o
clang++ -std=gnu++11 -I"/Library/Frameworks/R.framework/Resources/include" -DNDEBUG -D_FILE_OFFSET_BITS=64 -I"/Library/Frameworks/R.framework/Versions/3.6/Resources/library/Rcpp/include" -I"/Library/Frameworks/R.framework/Versions/3.6/Resources/library/Rhtslib/include" -I"/Library/Frameworks/R.framework/Versions/3.6/Resources/library/zlibbioc/include" -I"/Library/Frameworks/R.framework/Versions/3.6/Resources/library/testthat/include" -isysroot /Library/Developer/CommandLineTools/SDKs/MacOSX.sdk -I/usr/local/include -fPIC -Wall -g -O2 -c Interval.cpp -o Interval.o
clang++ -std=gnu++11 -I"/Library/Frameworks/R.framework/Resources/include" -DNDEBUG -D_FILE_OFFSET_BITS=64 -I"/Library/Frameworks/R.framework/Versions/3.6/Resources/library/Rcpp/include" -I"/Library/Frameworks/R.framework/Versions/3.6/Resources/library/Rhtslib/include" -I"/Library/Frameworks/R.framework/Versions/3.6/Resources/library/zlibbioc/include" -I"/Library/Frameworks/R.framework/Versions/3.6/Resources/library/testthat/include" -isysroot /Library/Developer/CommandLineTools/SDKs/MacOSX.sdk -I/usr/local/include -fPIC -Wall -g -O2 -c RcppExports.cpp -o RcppExports.o
clang++ -std=gnu++11 -I"/Library/Frameworks/R.framework/Resources/include" -DNDEBUG -D_FILE_OFFSET_BITS=64 -I"/Library/Frameworks/R.framework/Versions/3.6/Resources/library/Rcpp/include" -I"/Library/Frameworks/R.framework/Versions/3.6/Resources/library/Rhtslib/include" -I"/Library/Frameworks/R.framework/Versions/3.6/Resources/library/zlibbioc/include" -I"/Library/Frameworks/R.framework/Versions/3.6/Resources/library/testthat/include" -isysroot /Library/Developer/CommandLineTools/SDKs/MacOSX.sdk -I/usr/local/include -fPIC -Wall -g -O2 -c cellbarcode.cpp -o cellbarcode.o
clang++ -std=gnu++11 -I"/Library/Frameworks/R.framework/Resources/include" -DNDEBUG -D_FILE_OFFSET_BITS=64 -I"/Library/Frameworks/R.framework/Versions/3.6/Resources/library/Rcpp/include" -I"/Library/Frameworks/R.framework/Versions/3.6/Resources/library/Rhtslib/include" -I"/Library/Frameworks/R.framework/Versions/3.6/Resources/library/zlibbioc/include" -I"/Library/Frameworks/R.framework/Versions/3.6/Resources/library/testthat/include" -isysroot /Library/Developer/CommandLineTools/SDKs/MacOSX.sdk -I/usr/local/include -fPIC -Wall -g -O2 -c detect_barcode.cpp -o detect_barcode.o
clang++ -std=gnu++11 -I"/Library/Frameworks/R.framework/Resources/include" -DNDEBUG -D_FILE_OFFSET_BITS=64 -I"/Library/Frameworks/R.framework/Versions/3.6/Resources/library/Rcpp/include" -I"/Library/Frameworks/R.framework/Versions/3.6/Resources/library/Rhtslib/include" -I"/Library/Frameworks/R.framework/Versions/3.6/Resources/library/zlibbioc/include" -I"/Library/Frameworks/R.framework/Versions/3.6/Resources/library/testthat/include" -isysroot /Library/Developer/CommandLineTools/SDKs/MacOSX.sdk -I/usr/local/include -fPIC -Wall -g -O2 -c parsebam.cpp -o parsebam.o
clang++ -std=gnu++11 -I"/Library/Frameworks/R.framework/Resources/include" -DNDEBUG -D_FILE_OFFSET_BITS=64 -I"/Library/Frameworks/R.framework/Versions/3.6/Resources/library/Rcpp/include" -I"/Library/Frameworks/R.framework/Versions/3.6/Resources/library/Rhtslib/include" -I"/Library/Frameworks/R.framework/Versions/3.6/Resources/library/zlibbioc/include" -I"/Library/Frameworks/R.framework/Versions/3.6/Resources/library/testthat/include" -isysroot /Library/Developer/CommandLineTools/SDKs/MacOSX.sdk -I/usr/local/include -fPIC -Wall -g -O2 -c parsecount.cpp -o parsecount.o
clang++ -std=gnu++11 -I"/Library/Frameworks/R.framework/Resources/include" -DNDEBUG -D_FILE_OFFSET_BITS=64 -I"/Library/Frameworks/R.framework/Versions/3.6/Resources/library/Rcpp/include" -I"/Library/Frameworks/R.framework/Versions/3.6/Resources/library/Rhtslib/include" -I"/Library/Frameworks/R.framework/Versions/3.6/Resources/library/zlibbioc/include" -I"/Library/Frameworks/R.framework/Versions/3.6/Resources/library/testthat/include" -isysroot /Library/Developer/CommandLineTools/SDKs/MacOSX.sdk -I/usr/local/include -fPIC -Wall -g -O2 -c rcpp_scPipe_func.cpp -o rcpp_scPipe_func.o
In file included from rcpp_scPipe_func.cpp:3:
./trimbarcode.h:11:1: warning: unused function 'kseq_init' [-Wunused-function]
KSEQ_INIT(gzFile, gzread)
^
/Library/Frameworks/R.framework/Versions/3.6/Resources/library/Rhtslib/include/htslib/kseq.h:244:35: note: expanded from macro 'KSEQ_INIT'
#define KSEQ_INIT(type_t, __read) KSEQ_INIT2(static, type_t, __read)
^
/Library/Frameworks/R.framework/Versions/3.6/Resources/library/Rhtslib/include/htslib/kseq.h:241:2: note: expanded from macro 'KSEQ_INIT2'
__KSEQ_BASIC(SCOPE, type_t) \
^
/Library/Frameworks/R.framework/Versions/3.6/Resources/library/Rhtslib/include/htslib/kseq.h:170:16: note: expanded from macro '__KSEQ_BASIC'
SCOPE kseq_t *kseq_init(type_t fd) \
^
In file included from rcpp_scPipe_func.cpp:3:
./trimbarcode.h:11:1: warning: unused function 'kseq_destroy' [-Wunused-function]
/Library/Frameworks/R.framework/Versions/3.6/Resources/library/Rhtslib/include/htslib/kseq.h:244:35: note: expanded from macro 'KSEQ_INIT'
#define KSEQ_INIT(type_t, __read) KSEQ_INIT2(static, type_t, __read)
^
/Library/Frameworks/R.framework/Versions/3.6/Resources/library/Rhtslib/include/htslib/kseq.h:241:2: note: expanded from macro 'KSEQ_INIT2'
__KSEQ_BASIC(SCOPE, type_t) \
^
/Library/Frameworks/R.framework/Versions/3.6/Resources/library/Rhtslib/include/htslib/kseq.h:176:13: note: expanded from macro '__KSEQ_BASIC'
SCOPE void kseq_destroy(kseq_t *ks) \
^
In file included from rcpp_scPipe_func.cpp:3:
./trimbarcode.h:11:1: warning: unused function 'kseq_read' [-Wunused-function]
/Library/Frameworks/R.framework/Versions/3.6/Resources/library/Rhtslib/include/htslib/kseq.h:244:35: note: expanded from macro 'KSEQ_INIT'
#define KSEQ_INIT(type_t, __read) KSEQ_INIT2(static, type_t, __read)
^
/Library/Frameworks/R.framework/Versions/3.6/Resources/library/Rhtslib/include/htslib/kseq.h:242:2: note: expanded from macro 'KSEQ_INIT2'
__KSEQ_READ(SCOPE)
^
/Library/Frameworks/R.framework/Versions/3.6/Resources/library/Rhtslib/include/htslib/kseq.h:190:12: note: expanded from macro '__KSEQ_READ'
SCOPE int kseq_read(kseq_t *seq) \
^
3 warnings generated.
clang++ -std=gnu++11 -I"/Library/Frameworks/R.framework/Resources/include" -DNDEBUG -D_FILE_OFFSET_BITS=64 -I"/Library/Frameworks/R.framework/Versions/3.6/Resources/library/Rcpp/include" -I"/Library/Frameworks/R.framework/Versions/3.6/Resources/library/Rhtslib/include" -I"/Library/Frameworks/R.framework/Versions/3.6/Resources/library/zlibbioc/include" -I"/Library/Frameworks/R.framework/Versions/3.6/Resources/library/testthat/include" -isysroot /Library/Developer/CommandLineTools/SDKs/MacOSX.sdk -I/usr/local/include -fPIC -Wall -g -O2 -c test-cpp.cpp -o test-cpp.o
clang++ -std=gnu++11 -I"/Library/Frameworks/R.framework/Resources/include" -DNDEBUG -D_FILE_OFFSET_BITS=64 -I"/Library/Frameworks/R.framework/Versions/3.6/Resources/library/Rcpp/include" -I"/Library/Frameworks/R.framework/Versions/3.6/Resources/library/Rhtslib/include" -I"/Library/Frameworks/R.framework/Versions/3.6/Resources/library/zlibbioc/include" -I"/Library/Frameworks/R.framework/Versions/3.6/Resources/library/testthat/include" -isysroot /Library/Developer/CommandLineTools/SDKs/MacOSX.sdk -I/usr/local/include -fPIC -Wall -g -O2 -c test-runner.cpp -o test-runner.o
clang++ -std=gnu++11 -I"/Library/Frameworks/R.framework/Resources/include" -DNDEBUG -D_FILE_OFFSET_BITS=64 -I"/Library/Frameworks/R.framework/Versions/3.6/Resources/library/Rcpp/include" -I"/Library/Frameworks/R.framework/Versions/3.6/Resources/library/Rhtslib/include" -I"/Library/Frameworks/R.framework/Versions/3.6/Resources/library/zlibbioc/include" -I"/Library/Frameworks/R.framework/Versions/3.6/Resources/library/testthat/include" -isysroot /Library/Developer/CommandLineTools/SDKs/MacOSX.sdk -I/usr/local/include -fPIC -Wall -g -O2 -c transcriptmapping.cpp -o transcriptmapping.o
transcriptmapping.cpp:701:20: warning: unused variable 'bam_hdr' [-Wunused-variable]
bam_hdr_t *bam_hdr = bam_hdr_read(fp);
^
transcriptmapping.cpp:756:5: warning: ignoring return value of function declared with 'warn_unused_result' attribute [-Wunused-result]
sam_hdr_write(of, header);
^~~~~~~~~~~~~ ~~~~~~~~~~
transcriptmapping.cpp:699:25: warning: unused function 'get_bc_umi_lengths' [-Wunused-function]
std::pair<int, int> get_bc_umi_lengths(string bam_fn) {
^
In file included from transcriptmapping.cpp:2:
./transcriptmapping.h:140:15: warning: private field 'SOURCE' is not used [-Wunused-private-field]
const int SOURCE = 1;
^
./transcriptmapping.h:144:15: warning: private field 'SCORE' is not used [-Wunused-private-field]
const int SCORE = 5;
^
./transcriptmapping.h:146:15: warning: private field 'PHASE' is not used [-Wunused-private-field]
const int PHASE = 7;
^
6 warnings generated.
clang++ -std=gnu++11 -I"/Library/Frameworks/R.framework/Resources/include" -DNDEBUG -D_FILE_OFFSET_BITS=64 -I"/Library/Frameworks/R.framework/Versions/3.6/Resources/library/Rcpp/include" -I"/Library/Frameworks/R.framework/Versions/3.6/Resources/library/Rhtslib/include" -I"/Library/Frameworks/R.framework/Versions/3.6/Resources/library/zlibbioc/include" -I"/Library/Frameworks/R.framework/Versions/3.6/Resources/library/testthat/include" -isysroot /Library/Developer/CommandLineTools/SDKs/MacOSX.sdk -I/usr/local/include -fPIC -Wall -g -O2 -c trimbarcode.cpp -o trimbarcode.o
trimbarcode.cpp:92:5: warning: ignoring return value of function declared with 'warn_unused_result' attribute [-Wunused-result]
sam_hdr_write(fp, hdr);
^~~~~~~~~~~~~ ~~~~~~~
1 warning generated.
clang++ -std=gnu++11 -I"/Library/Frameworks/R.framework/Resources/include" -DNDEBUG -D_FILE_OFFSET_BITS=64 -I"/Library/Frameworks/R.framework/Versions/3.6/Resources/library/Rcpp/include" -I"/Library/Frameworks/R.framework/Versions/3.6/Resources/library/Rhtslib/include" -I"/Library/Frameworks/R.framework/Versions/3.6/Resources/library/zlibbioc/include" -I"/Library/Frameworks/R.framework/Versions/3.6/Resources/library/testthat/include" -isysroot /Library/Developer/CommandLineTools/SDKs/MacOSX.sdk -I/usr/local/include -fPIC -Wall -g -O2 -c utils.cpp -o utils.o
clang++ -std=gnu++11 -dynamiclib -Wl,-headerpad_max_install_names -undefined dynamic_lookup -single_module -multiply_defined suppress -L/Library/Frameworks/R.framework/Resources/lib -L/usr/local/lib -o scPipe.so Gene.o Interval.o RcppExports.o cellbarcode.o detect_barcode.o parsebam.o parsecount.o rcpp_scPipe_func.o test-cpp.o test-runner.o transcriptmapping.o trimbarcode.o utils.o /Library/Frameworks/R.framework/Versions/3.6/Resources/library/Rhtslib/usrlib/libhts.a -lcurl -F/Library/Frameworks/R.framework/.. -framework R -Wl,-framework -Wl,CoreFoundation
installing to /Library/Frameworks/R.framework/Versions/3.6/Resources/library/00LOCK-scPipe/00new/scPipe/libs
** R
** data
** inst
** byte-compile and prepare package for lazy loading
** help
*** installing help indices
** building package indices
** installing vignettes
** testing if installed package can be loaded from temporary location
** checking absolute paths in shared objects and dynamic libraries
** testing if installed package can be loaded from final location
** testing if installed package keeps a record of temporary installation path
* DONE (scPipe)
scPipe.Rcheck/tests/testthat.Rout
R version 3.6.3 (2020-02-29) -- "Holding the Windsock"
Copyright (C) 2020 The R Foundation for Statistical Computing
Platform: x86_64-apple-darwin15.6.0 (64-bit)
R is free software and comes with ABSOLUTELY NO WARRANTY.
You are welcome to redistribute it under certain conditions.
Type 'license()' or 'licence()' for distribution details.
R is a collaborative project with many contributors.
Type 'contributors()' for more information and
'citation()' on how to cite R or R packages in publications.
Type 'demo()' for some demos, 'help()' for on-line help, or
'help.start()' for an HTML browser interface to help.
Type 'q()' to quit R.
> library(testthat)
> library(scPipe)
Loading required package: ggplot2
Loading required package: SingleCellExperiment
Loading required package: SummarizedExperiment
Loading required package: GenomicRanges
Loading required package: stats4
Loading required package: BiocGenerics
Loading required package: parallel
Attaching package: 'BiocGenerics'
The following objects are masked from 'package:parallel':
clusterApply, clusterApplyLB, clusterCall, clusterEvalQ,
clusterExport, clusterMap, parApply, parCapply, parLapply,
parLapplyLB, parRapply, parSapply, parSapplyLB
The following objects are masked from 'package:stats':
IQR, mad, sd, var, xtabs
The following objects are masked from 'package:base':
Filter, Find, Map, Position, Reduce, anyDuplicated, append,
as.data.frame, basename, cbind, colnames, dirname, do.call,
duplicated, eval, evalq, get, grep, grepl, intersect, is.unsorted,
lapply, mapply, match, mget, order, paste, pmax, pmax.int, pmin,
pmin.int, rank, rbind, rownames, sapply, setdiff, sort, table,
tapply, union, unique, unsplit, which, which.max, which.min
Loading required package: S4Vectors
Attaching package: 'S4Vectors'
The following object is masked from 'package:base':
expand.grid
Loading required package: IRanges
Loading required package: GenomeInfoDb
Loading required package: Biobase
Welcome to Bioconductor
Vignettes contain introductory material; view with
'browseVignettes()'. To cite Bioconductor, see
'citation("Biobase")', and for packages 'citation("pkgname")'.
Loading required package: DelayedArray
Loading required package: matrixStats
Attaching package: 'matrixStats'
The following objects are masked from 'package:Biobase':
anyMissing, rowMedians
Loading required package: BiocParallel
Attaching package: 'DelayedArray'
The following objects are masked from 'package:matrixStats':
colMaxs, colMins, colRanges, rowMaxs, rowMins, rowRanges
The following objects are masked from 'package:base':
aperm, apply, rowsum
>
> test_check("scPipe")
══ testthat results ═══════════════════════════════════════════════════════════
[ OK: 27 | SKIPPED: 0 | WARNINGS: 3 | FAILED: 0 ]
>
> proc.time()
user system elapsed
17.960 0.857 19.006
scPipe.Rcheck/scPipe-Ex.timings
| name | user | system | elapsed | |
| QC_metrics | 0.965 | 0.011 | 0.982 | |
| UMI_dup_info | 0.147 | 0.008 | 0.155 | |
| UMI_duplication | 0.140 | 0.019 | 0.160 | |
| anno_import | 3.293 | 0.107 | 3.415 | |
| anno_to_saf | 0.299 | 0.005 | 0.305 | |
| calculate_QC_metrics | 2.292 | 0.080 | 22.003 | |
| cell_barcode_matching | 0.139 | 0.004 | 0.145 | |
| convert_geneid | 0.720 | 0.020 | 2.897 | |
| create_processed_report | 0 | 0 | 0 | |
| create_report | 0.001 | 0.001 | 0.001 | |
| create_sce_by_dir | 0.173 | 0.013 | 0.189 | |
| demultiplex_info | 0.180 | 0.019 | 0.200 | |
| detect_outlier | 0.467 | 0.040 | 0.510 | |
| gene_id_type | 0.142 | 0.005 | 0.151 | |
| get_ercc_anno | 0.562 | 0.006 | 0.586 | |
| get_genes_by_GO | 0.580 | 0.027 | 2.334 | |
| get_read_str | 0.000 | 0.001 | 0.001 | |
| organism | 0.144 | 0.004 | 0.149 | |
| plot_QC_pairs | 9.462 | 0.071 | 9.660 | |
| plot_UMI_dup | 0.523 | 0.012 | 0.539 | |
| plot_demultiplex | 0.433 | 0.007 | 0.456 | |
| plot_mapping | 1.068 | 0.012 | 1.184 | |
| remove_outliers | 0.445 | 0.005 | 0.453 | |
| sc_count_aligned_bam | 0.001 | 0.000 | 0.000 | |
| sc_demultiplex | 0.000 | 0.001 | 0.001 | |
| sc_demultiplex_and_count | 0.000 | 0.000 | 0.001 | |
| sc_detect_bc | 0.001 | 0.000 | 0.000 | |
| sc_exon_mapping | 0.001 | 0.000 | 0.002 | |
| sc_gene_counting | 0.001 | 0.000 | 0.002 | |
| sc_sample_data | 9.397 | 0.029 | 9.514 | |
| sc_sample_qc | 1.039 | 0.012 | 1.063 | |
| sc_trim_barcode | 0.001 | 0.000 | 0.000 | |