| Back to Multiple platform build/check report for BioC 3.10 |
|
This page was generated on 2020-04-15 12:24:12 -0400 (Wed, 15 Apr 2020).
| Package 737/1823 | Hostname | OS / Arch | INSTALL | BUILD | CHECK | BUILD BIN | ||||||
| gQTLstats 1.18.0 VJ Carey
| malbec1 | Linux (Ubuntu 18.04.4 LTS) / x86_64 | OK | OK | WARNINGS | |||||||
| tokay1 | Windows Server 2012 R2 Standard / x64 | OK | OK | [ WARNINGS ] | OK | |||||||
| merida1 | OS X 10.11.6 El Capitan / x86_64 | OK | OK | WARNINGS | OK |
| Package: gQTLstats |
| Version: 1.18.0 |
| Command: C:\Users\biocbuild\bbs-3.10-bioc\R\bin\R.exe CMD check --force-multiarch --install=check:gQTLstats.install-out.txt --library=C:\Users\biocbuild\bbs-3.10-bioc\R\library --no-vignettes --timings gQTLstats_1.18.0.tar.gz |
| StartedAt: 2020-04-15 03:40:15 -0400 (Wed, 15 Apr 2020) |
| EndedAt: 2020-04-15 04:03:47 -0400 (Wed, 15 Apr 2020) |
| EllapsedTime: 1412.4 seconds |
| RetCode: 0 |
| Status: WARNINGS |
| CheckDir: gQTLstats.Rcheck |
| Warnings: 2 |
##############################################################################
##############################################################################
###
### Running command:
###
### C:\Users\biocbuild\bbs-3.10-bioc\R\bin\R.exe CMD check --force-multiarch --install=check:gQTLstats.install-out.txt --library=C:\Users\biocbuild\bbs-3.10-bioc\R\library --no-vignettes --timings gQTLstats_1.18.0.tar.gz
###
##############################################################################
##############################################################################
* using log directory 'C:/Users/biocbuild/bbs-3.10-bioc/meat/gQTLstats.Rcheck'
* using R version 3.6.3 (2020-02-29)
* using platform: x86_64-w64-mingw32 (64-bit)
* using session charset: ISO8859-1
* using option '--no-vignettes'
* checking for file 'gQTLstats/DESCRIPTION' ... OK
* this is package 'gQTLstats' version '1.18.0'
* checking package namespace information ... OK
* checking package dependencies ... OK
* checking if this is a source package ... OK
* checking if there is a namespace ... OK
* checking for hidden files and directories ... OK
* checking for portable file names ... OK
* checking whether package 'gQTLstats' can be installed ... WARNING
Found the following significant warnings:
Rd warning: C:/Users/biocbuild/bbs-3.10-bioc/tmpdir/RtmpKi5idL/R.INSTALL26084f019a1/gQTLstats/man/TransStore-class.Rd:19: file link 'Registry' in package 'BatchJobs' does not exist and so has been treated as a topic
Rd warning: C:/Users/biocbuild/bbs-3.10-bioc/tmpdir/RtmpKi5idL/R.INSTALL26084f019a1/gQTLstats/man/TransStore.Rd:18: file link 'Registry' in package 'BatchJobs' does not exist and so has been treated as a topic
Rd warning: C:/Users/biocbuild/bbs-3.10-bioc/tmpdir/RtmpKi5idL/R.INSTALL26084f019a1/gQTLstats/man/cisAssoc.Rd:37: file link 'RangedSummarizedExperiment' in package 'SummarizedExperiment' does not exist and so has been treated as a topic
Rd warning: C:/Users/biocbuild/bbs-3.10-bioc/tmpdir/RtmpKi5idL/R.INSTALL26084f019a1/gQTLstats/man/cisAssoc.Rd:40: file link 'TabixFile' in package 'Rsamtools' does not exist and so has been treated as a topic
Rd warning: C:/Users/biocbuild/bbs-3.10-bioc/tmpdir/RtmpKi5idL/R.INSTALL26084f019a1/gQTLstats/man/cisAssoc.Rd:63: file link 'col.summary' in package 'snpStats' does not exist and so has been treated as a topic
Rd warning: C:/Users/biocbuild/bbs-3.10-bioc/tmpdir/RtmpKi5idL/R.INSTALL26084f019a1/gQTLstats/man/cisAssoc.Rd:75: file link 'isSNV' in package 'VariantAnnotation' does not exist and so has been treated as a topic
Rd warning: C:/Users/biocbuild/bbs-3.10-bioc/tmpdir/RtmpKi5idL/R.INSTALL26084f019a1/gQTLstats/man/clipPCs.Rd:24: file link 'RangedSummarizedExperiment' in package 'SummarizedExperiment' does not exist and so has been treated as a topic
Rd warning: C:/Users/biocbuild/bbs-3.10-bioc/tmpdir/RtmpKi5idL/R.INSTALL26084f019a1/gQTLstats/man/clipPCs.Rd:50: file link 'RangedSummarizedExperiment' in package 'SummarizedExperiment' does not exist and so has been treated as a topic
Rd warning: C:/Users/biocbuild/bbs-3.10-bioc/tmpdir/RtmpKi5idL/R.INSTALL26084f019a1/gQTLstats/man/eqBox2.Rd:27: file link 'RangedSummarizedExperiment' in package 'SummarizedExperiment' does not exist and so has been treated as a topic
Rd warning: C:/Users/biocbuild/bbs-3.10-bioc/tmpdir/RtmpKi5idL/R.INSTALL26084f019a1/gQTLstats/man/gQTLs.Rd:29: file link 'readVcf' in package 'VariantAnnotation' does not exist and so has been treated as a topic
Rd warning: C:/Users/biocbuild/bbs-3.10-bioc/tmpdir/RtmpKi5idL/R.INSTALL26084f019a1/gQTLstats/man/manhWngr.Rd:28: file link 'GRanges' in package 'GenomicRanges' does not exist and so has been treated as a topic
Rd warning: C:/Users/biocbuild/bbs-3.10-bioc/tmpdir/RtmpKi5idL/R.INSTALL26084f019a1/gQTLstats/man/mixedVCFtoSnpMatrix.Rd:18: file link 'CollapsedVCF-class' in package 'VariantAnnotation' does not exist and so has been treated as a topic
Rd warning: C:/Users/biocbuild/bbs-3.10-bioc/tmpdir/RtmpKi5idL/R.INSTALL26084f019a1/gQTLstats/man/mixedVCFtoSnpMatrix.Rd:24: file link 'genotypeToSnpMatrix' in package 'VariantAnnotation' does not exist and so has been treated as a topic
Rd warning: C:/Users/biocbuild/bbs-3.10-bioc/tmpdir/RtmpKi5idL/R.INSTALL26084f019a1/gQTLstats/man/mixedVCFtoSnpMatrix.Rd:32: file link 'genotypeToSnpMatrix' in package 'VariantAnnotation' does not exist and so has been treated as a topic
Rd warning: C:/Users/biocbuild/bbs-3.10-bioc/tmpdir/RtmpKi5idL/R.INSTALL26084f019a1/gQTLstats/man/mixedVCFtoSnpMatrix.Rd:50: file link 'genotypeToSnpMatrix' in package 'VariantAnnotation' does not exist and so has been treated as a topic
Rd warning: C:/Users/biocbuild/bbs-3.10-bioc/tmpdir/RtmpKi5idL/R.INSTALL26084f019a1/gQTLstats/man/qqStore.Rd:28: file link 'storeToQuantiles' in package 'gQTLstats' does not exist and so has been treated as a topic
Rd warning: C:/Users/biocbuild/bbs-3.10-bioc/tmpdir/RtmpKi5idL/R.INSTALL26084f019a1/gQTLstats/man/queryVCF.Rd:29: file link 'genotypeToSnpMatrix' in package 'VariantAnnotation' does not exist and so has been treated as a topic
Rd warning: C:/Users/biocbuild/bbs-3.10-bioc/tmpdir/RtmpKi5idL/R.INSTALL26084f019a1/gQTLstats/man/tsByRank.Rd:52: file link 'GRanges' in package 'GenomicRanges' does not exist and so has been treated as a topic
See 'C:/Users/biocbuild/bbs-3.10-bioc/meat/gQTLstats.Rcheck/00install.out' for details.
* checking installed package size ... NOTE
installed size is 64.4Mb
sub-directories of 1Mb or more:
data 11.0Mb
registries 18.5Mb
vcf 33.8Mb
* checking package directory ... OK
* checking 'build' directory ... OK
* checking DESCRIPTION meta-information ... OK
* checking top-level files ... OK
* checking for left-over files ... OK
* checking index information ... OK
* checking package subdirectories ... OK
* checking R files for non-ASCII characters ... OK
* checking R files for syntax errors ... OK
* loading checks for arch 'i386'
** checking whether the package can be loaded ... OK
** checking whether the package can be loaded with stated dependencies ... OK
** checking whether the package can be unloaded cleanly ... OK
** checking whether the namespace can be loaded with stated dependencies ... OK
** checking whether the namespace can be unloaded cleanly ... OK
* loading checks for arch 'x64'
** checking whether the package can be loaded ... OK
** checking whether the package can be loaded with stated dependencies ... OK
** checking whether the package can be unloaded cleanly ... OK
** checking whether the namespace can be loaded with stated dependencies ... OK
** checking whether the namespace can be unloaded cleanly ... OK
* checking dependencies in R code ... OK
* checking S3 generic/method consistency ... OK
* checking replacement functions ... OK
* checking foreign function calls ... OK
* checking R code for possible problems ... NOTE
TransStore: no visible binding for global variable 'i'
TransStore : <anonymous>: no visible binding for global variable 'i'
cisAssoc: no visible global function definition for 'DNAStringSetList'
cisCount: no visible global function definition for 'DNAStringSetList'
cisEsts: no visible global function definition for 'DNAStringSetList'
eqBox4: no visible binding for global variable 'gt'
eqBox4: no visible binding for global variable 'ex'
eqBox4: no visible binding for global variable 'id'
eqBox4: no visible global function definition for 'geom_boxplot'
gQTLs: no visible binding for global variable 'ch'
gmod2: no visible binding for global variable 'exonsBy'
gmod2: no visible global function definition for 'TxDb'
manhWngr: no visible binding for global variable 'ml10fdr'
maxByFeature: no visible binding for global variable 'snp'
maxByFeature: no visible binding for global variable 'chisq'
maxByFeature: no visible binding for global variable 'probeid'
maxByProbeOLD: no visible binding for global variable 'snp'
maxByProbeOLD: no visible binding for global variable 'probeid'
maxByProbeOLD: no visible binding for global variable 'chisq'
maxByProbeOLD: no visible binding for global variable 'permScore_1'
maxByProbeOLD: no visible binding for global variable 'permScore_2'
maxByProbeOLD: no visible binding for global variable 'permScore_3'
plot.senstab: no visible binding for global variable 'MAF'
plot.senstab: no visible binding for global variable 'value'
plot.senstab: no visible binding for global variable 'criterion'
plot.table.sensobj: no visible binding for global variable 'maf'
plot.table.sensobj: no visible binding for global variable 'calls'
prep.cisAssocNB: no visible global function definition for
'DNAStringSetList'
setFDRfunc: no visible binding for global variable 'assoc'
storeToHist: no visible binding for global variable 'x'
storeToMaxAssocBySNP: no visible binding for global variable 'snp'
storeToMaxAssocBySNP: no visible binding for global variable 'chisq'
storeToMaxAssocBySNP: no visible binding for global variable
'permScore_1'
storeToMaxAssocBySNP: no visible binding for global variable
'permScore_2'
storeToMaxAssocBySNP: no visible binding for global variable
'permScore_3'
storeToMaxAssocBySNP: no visible global function definition for 'nth'
storeToMaxAssocBySNP: no visible binding for global variable 'MAF'
storeToMaxAssocBySNP: no visible binding for global variable 'probeid'
storeToMaxAssocBySNP: no visible binding for global variable 'mindist'
tqbrowser: no visible global function definition for 'experiments'
tqbrowser : server: no visible global function definition for
'experiments'
tqbrowser : server: no visible global function definition for
'TabixFile'
tqbrowser : server: no visible binding for global variable 'assoc'
tqbrowser : server: no visible binding for global variable 'stateid'
tqbrowser : server: no visible binding for global variable 'state'
transTable: no visible binding for global variable 'i'
tsByRank_sing: no visible binding for global variable 'i'
tsByRank_sing : <anonymous>: no visible binding for global variable 'i'
boxswarm,SnpToGeneQTL: no visible binding for global variable 'g1'
Undefined global functions or variables:
DNAStringSetList MAF TabixFile TxDb assoc calls ch chisq criterion ex
exonsBy experiments g1 geom_boxplot gt i id maf mindist ml10fdr nth
permScore_1 permScore_2 permScore_3 probeid snp state stateid value x
* checking Rd files ... OK
* checking Rd metadata ... OK
* checking Rd cross-references ... OK
* checking for missing documentation entries ... OK
* checking for code/documentation mismatches ... OK
* checking Rd \usage sections ... WARNING
Documented arguments not in \usage in documentation object 'manhWngr':
'...'
Functions with \usage entries need to have the appropriate \alias
entries, and all their arguments documented.
The \usage entries must correspond to syntactically valid R code.
See chapter 'Writing R documentation files' in the 'Writing R
Extensions' manual.
* checking Rd contents ... OK
* checking for unstated dependencies in examples ... OK
* checking contents of 'data' directory ... NOTE
Output for data("bigfiltFDR", package = "gQTLstats"):
Output for data("bigrawFDR", package = "gQTLstats"):
Output for data("filtFDR", package = "gQTLstats"):
Output for data("rawFDR", package = "gQTLstats"):
Output for data("sensByProbe", package = "gQTLstats"):
* checking data for non-ASCII characters ... NOTE
Note: found 8 marked Latin-1 strings
Note: found 12 marked UTF-8 strings
* checking data for ASCII and uncompressed saves ... OK
* checking files in 'vignettes' ... OK
* checking examples ...
** running examples for arch 'i386' ... OK
Examples with CPU or elapsed time > 5s
user system elapsed
clipPCs 43.02 1.14 44.16
cisAssoc 23.70 1.61 27.65
queryVCF 11.67 0.36 12.11
gQTLs 10.90 0.16 11.07
eqBox2 10.61 0.19 10.89
** running examples for arch 'x64' ... OK
Examples with CPU or elapsed time > 5s
user system elapsed
clipPCs 37.92 1.27 39.20
cisAssoc 24.84 0.92 25.78
gQTLs 10.03 0.33 10.36
eqBox2 9.84 0.28 10.13
queryVCF 9.16 0.29 9.45
* checking for unstated dependencies in 'tests' ... OK
* checking tests ...
** running tests for arch 'i386' ...
Running 'test-all.R'
OK
** running tests for arch 'x64' ...
Running 'test-all.R'
OK
* checking for unstated dependencies in vignettes ... OK
* checking package vignettes in 'inst/doc' ... OK
* checking running R code from vignettes ... SKIPPED
* checking re-building of vignette outputs ... SKIPPED
* checking PDF version of manual ... OK
* DONE
Status: 2 WARNINGs, 4 NOTEs
See
'C:/Users/biocbuild/bbs-3.10-bioc/meat/gQTLstats.Rcheck/00check.log'
for details.
gQTLstats.Rcheck/00install.out
##############################################################################
##############################################################################
###
### Running command:
###
### C:\cygwin\bin\curl.exe -O https://malbec1.bioconductor.org/BBS/3.10/bioc/src/contrib/gQTLstats_1.18.0.tar.gz && rm -rf gQTLstats.buildbin-libdir && mkdir gQTLstats.buildbin-libdir && C:\Users\biocbuild\bbs-3.10-bioc\R\bin\R.exe CMD INSTALL --merge-multiarch --build --library=gQTLstats.buildbin-libdir gQTLstats_1.18.0.tar.gz && C:\Users\biocbuild\bbs-3.10-bioc\R\bin\R.exe CMD INSTALL gQTLstats_1.18.0.zip && rm gQTLstats_1.18.0.tar.gz gQTLstats_1.18.0.zip
###
##############################################################################
##############################################################################
% Total % Received % Xferd Average Speed Time Time Time Current
Dload Upload Total Spent Left Speed
0 0 0 0 0 0 0 0 --:--:-- --:--:-- --:--:-- 0
2 62.6M 2 1408k 0 0 3194k 0 0:00:20 --:--:-- 0:00:20 3214k
90 62.6M 90 57.0M 0 0 38.0M 0 0:00:01 0:00:01 --:--:-- 38.1M
100 62.6M 100 62.6M 0 0 29.2M 0 0:00:02 0:00:02 --:--:-- 29.3M
install for i386
* installing *source* package 'gQTLstats' ...
** using staged installation
** R
** data
** inst
** byte-compile and prepare package for lazy loading
** help
*** installing help indices
converting help for package 'gQTLstats'
finding HTML links ... done
FDRsupp-class html
TransStore-class html
Rd warning: C:/Users/biocbuild/bbs-3.10-bioc/tmpdir/RtmpKi5idL/R.INSTALL26084f019a1/gQTLstats/man/TransStore-class.Rd:19: file link 'Registry' in package 'BatchJobs' does not exist and so has been treated as a topic
TransStore html
Rd warning: C:/Users/biocbuild/bbs-3.10-bioc/tmpdir/RtmpKi5idL/R.INSTALL26084f019a1/gQTLstats/man/TransStore.Rd:18: file link 'Registry' in package 'BatchJobs' does not exist and so has been treated as a topic
cisAssoc html
Rd warning: C:/Users/biocbuild/bbs-3.10-bioc/tmpdir/RtmpKi5idL/R.INSTALL26084f019a1/gQTLstats/man/cisAssoc.Rd:37: file link 'RangedSummarizedExperiment' in package 'SummarizedExperiment' does not exist and so has been treated as a topic
Rd warning: C:/Users/biocbuild/bbs-3.10-bioc/tmpdir/RtmpKi5idL/R.INSTALL26084f019a1/gQTLstats/man/cisAssoc.Rd:40: file link 'TabixFile' in package 'Rsamtools' does not exist and so has been treated as a topic
Rd warning: C:/Users/biocbuild/bbs-3.10-bioc/tmpdir/RtmpKi5idL/R.INSTALL26084f019a1/gQTLstats/man/cisAssoc.Rd:63: file link 'col.summary' in package 'snpStats' does not exist and so has been treated as a topic
Rd warning: C:/Users/biocbuild/bbs-3.10-bioc/tmpdir/RtmpKi5idL/R.INSTALL26084f019a1/gQTLstats/man/cisAssoc.Rd:75: file link 'isSNV' in package 'VariantAnnotation' does not exist and so has been treated as a topic
clipPCs html
Rd warning: C:/Users/biocbuild/bbs-3.10-bioc/tmpdir/RtmpKi5idL/R.INSTALL26084f019a1/gQTLstats/man/clipPCs.Rd:24: file link 'RangedSummarizedExperiment' in package 'SummarizedExperiment' does not exist and so has been treated as a topic
Rd warning: C:/Users/biocbuild/bbs-3.10-bioc/tmpdir/RtmpKi5idL/R.INSTALL26084f019a1/gQTLstats/man/clipPCs.Rd:50: file link 'RangedSummarizedExperiment' in package 'SummarizedExperiment' does not exist and so has been treated as a topic
directPlot html
enumerateByFDR html
finding level-2 HTML links ... done
eqBox2 html
Rd warning: C:/Users/biocbuild/bbs-3.10-bioc/tmpdir/RtmpKi5idL/R.INSTALL26084f019a1/gQTLstats/man/eqBox2.Rd:27: file link 'RangedSummarizedExperiment' in package 'SummarizedExperiment' does not exist and so has been treated as a topic
filtFDR html
gQTLs html
Rd warning: C:/Users/biocbuild/bbs-3.10-bioc/tmpdir/RtmpKi5idL/R.INSTALL26084f019a1/gQTLstats/man/gQTLs.Rd:29: file link 'readVcf' in package 'VariantAnnotation' does not exist and so has been treated as a topic
gQTLstats-package html
hmm878 html
manhWngr html
Rd warning: C:/Users/biocbuild/bbs-3.10-bioc/tmpdir/RtmpKi5idL/R.INSTALL26084f019a1/gQTLstats/man/manhWngr.Rd:28: file link 'GRanges' in package 'GenomicRanges' does not exist and so has been treated as a topic
mixedVCFtoSnpMatrix html
Rd warning: C:/Users/biocbuild/bbs-3.10-bioc/tmpdir/RtmpKi5idL/R.INSTALL26084f019a1/gQTLstats/man/mixedVCFtoSnpMatrix.Rd:18: file link 'CollapsedVCF-class' in package 'VariantAnnotation' does not exist and so has been treated as a topic
Rd warning: C:/Users/biocbuild/bbs-3.10-bioc/tmpdir/RtmpKi5idL/R.INSTALL26084f019a1/gQTLstats/man/mixedVCFtoSnpMatrix.Rd:24: file link 'genotypeToSnpMatrix' in package 'VariantAnnotation' does not exist and so has been treated as a topic
Rd warning: C:/Users/biocbuild/bbs-3.10-bioc/tmpdir/RtmpKi5idL/R.INSTALL26084f019a1/gQTLstats/man/mixedVCFtoSnpMatrix.Rd:32: file link 'genotypeToSnpMatrix' in package 'VariantAnnotation' does not exist and so has been treated as a topic
Rd warning: C:/Users/biocbuild/bbs-3.10-bioc/tmpdir/RtmpKi5idL/R.INSTALL26084f019a1/gQTLstats/man/mixedVCFtoSnpMatrix.Rd:50: file link 'genotypeToSnpMatrix' in package 'VariantAnnotation' does not exist and so has been treated as a topic
pifdr html
qqStore html
Rd warning: C:/Users/biocbuild/bbs-3.10-bioc/tmpdir/RtmpKi5idL/R.INSTALL26084f019a1/gQTLstats/man/qqStore.Rd:28: file link 'storeToQuantiles' in package 'gQTLstats' does not exist and so has been treated as a topic
queryVCF html
Rd warning: C:/Users/biocbuild/bbs-3.10-bioc/tmpdir/RtmpKi5idL/R.INSTALL26084f019a1/gQTLstats/man/queryVCF.Rd:29: file link 'genotypeToSnpMatrix' in package 'VariantAnnotation' does not exist and so has been treated as a topic
senstab html
setFDRfunc html
storeToStats html
tqbrowser html
transAssoc html
transBrowse html
tsByRank html
Rd warning: C:/Users/biocbuild/bbs-3.10-bioc/tmpdir/RtmpKi5idL/R.INSTALL26084f019a1/gQTLstats/man/tsByRank.Rd:52: file link 'GRanges' in package 'GenomicRanges' does not exist and so has been treated as a topic
txsPlot html
** building package indices
** installing vignettes
** testing if installed package can be loaded from temporary location
** testing if installed package can be loaded from final location
** testing if installed package keeps a record of temporary installation path
install for x64
* installing *source* package 'gQTLstats' ...
** testing if installed package can be loaded
* MD5 sums
packaged installation of 'gQTLstats' as gQTLstats_1.18.0.zip
* DONE (gQTLstats)
* installing to library 'C:/Users/biocbuild/bbs-3.10-bioc/R/library'
package 'gQTLstats' successfully unpacked and MD5 sums checked
|
gQTLstats.Rcheck/tests_i386/test-all.Rout
R version 3.6.3 (2020-02-29) -- "Holding the Windsock"
Copyright (C) 2020 The R Foundation for Statistical Computing
Platform: i386-w64-mingw32/i386 (32-bit)
R is free software and comes with ABSOLUTELY NO WARRANTY.
You are welcome to redistribute it under certain conditions.
Type 'license()' or 'licence()' for distribution details.
R is a collaborative project with many contributors.
Type 'contributors()' for more information and
'citation()' on how to cite R or R packages in publications.
Type 'demo()' for some demos, 'help()' for on-line help, or
'help.start()' for an HTML browser interface to help.
Type 'q()' to quit R.
> BiocGenerics:::testPackage("gQTLstats")
Attaching package: 'BiocGenerics'
The following objects are masked from 'package:parallel':
clusterApply, clusterApplyLB, clusterCall, clusterEvalQ,
clusterExport, clusterMap, parApply, parCapply, parLapply,
parLapplyLB, parRapply, parSapply, parSapplyLB
The following objects are masked from 'package:stats':
IQR, mad, sd, var, xtabs
The following objects are masked from 'package:base':
Filter, Find, Map, Position, Reduce, anyDuplicated, append,
as.data.frame, basename, cbind, colnames, dirname, do.call,
duplicated, eval, evalq, get, grep, grepl, intersect, is.unsorted,
lapply, mapply, match, mget, order, paste, pmax, pmax.int, pmin,
pmin.int, rank, rbind, rownames, sapply, setdiff, sort, table,
tapply, union, unique, unsplit, which, which.max, which.min
Welcome to Bioconductor
Vignettes contain introductory material; view with
'browseVignettes()'. To cite Bioconductor, see
'citation("Biobase")', and for packages 'citation("pkgname")'.
Attaching package: 'S4Vectors'
The following object is masked from 'package:base':
expand.grid
Attaching package: 'IRanges'
The following object is masked from 'package:grDevices':
windows
Loading required package: geuvPack
Loading required package: SummarizedExperiment
Loading required package: DelayedArray
Loading required package: matrixStats
Attaching package: 'matrixStats'
The following objects are masked from 'package:Biobase':
anyMissing, rowMedians
Loading required package: BiocParallel
Attaching package: 'DelayedArray'
The following objects are masked from 'package:matrixStats':
colMaxs, colMins, colRanges, rowMaxs, rowMins, rowRanges
The following objects are masked from 'package:base':
aperm, apply, rowsum
Loading required package: Rsamtools
Loading required package: Biostrings
Loading required package: XVector
Attaching package: 'Biostrings'
The following object is masked from 'package:base':
strsplit
clipping PCs 1,2 from exprs
[W::bcf_hdr_check_sanity] GL should be declared as Number=G
Attaching package: 'Matrix'
The following object is masked from 'package:S4Vectors':
expand
checking for universal heterozygous loci for exclusion (as dropUnivHet == TRUE) ...
done checking.
Loading required package: geuvStore2
Loading required package: BatchJobs
Loading required package: BBmisc
Attaching package: 'BBmisc'
The following object is masked from 'package:Biostrings':
collapse
The following object is masked from 'package:IRanges':
collapse
The following object is masked from 'package:BiocGenerics':
normalize
The following object is masked from 'package:base':
isFALSE
The development of BatchJobs and BatchExperiments is discontinued.
Consider switching to 'batchtools' for new features and improved stability
Sourced 1 configuration files:
1: C:/Users/biocbuild/bbs-3.10-bioc/R/library/BatchJobs/etc/BatchJobs_global_config.R
BatchJobs configuration:
cluster functions: Interactive
mail.from:
mail.to:
mail.start: none
mail.done: none
mail.error: none
default.resources:
debug: FALSE
raise.warnings: FALSE
staged.queries: TRUE
max.concurrent.jobs: Inf
fs.timeout: NA
measure.mem: TRUE
Loading required package: gQTLBase
NOTE: there were 41 samples not found (of 462 requested).
using assay() to extract 'expression' matrix from RangedSummarizedExperiment
counting tests...
counting #NA...
obtaining assoc quantiles...
computing perm_assoc histogram....
Loading required package: VariantAnnotation
Attaching package: 'VariantAnnotation'
The following object is masked from 'package:base':
tabulate
checking for universal heterozygous loci for exclusion (as dropUnivHet == TRUE) ...
done checking.
RUNIT TEST PROTOCOL -- Wed Apr 15 03:59:09 2020
***********************************************
Number of test functions: 0
Number of errors: 0
Number of failures: 0
1 Test Suite :
gQTLstats RUnit Tests - 0 test functions, 0 errors, 0 failures
Number of test functions: 0
Number of errors: 0
Number of failures: 0
Warning messages:
1: In .local(x, ...) : non-diploid variants are set to NA
2: In col.summary(gtdata[[1]]) :
69 rows were empty - ignored when calculating call rates
3: In .local(x, ...) : non-diploid variants are set to NA
4: In col.summary(gtdata$genotypes) :
69 rows were empty - ignored when calculating call rates
5: executing %dopar% sequentially: no parallel backend registered
6: In .local(x, ...) : non-diploid variants are set to NA
7: In .local(x, ...) : non-diploid variants are set to NA
8: In col.summary(gtdata[[1]]) :
238 rows were empty - ignored when calculating call rates
9: In .local(x, ...) : non-diploid variants are set to NA
10: In col.summary(gtdata$genotypes) :
238 rows were empty - ignored when calculating call rates
>
> proc.time()
user system elapsed
297.31 16.53 352.67
|
gQTLstats.Rcheck/tests_x64/test-all.Rout
R version 3.6.3 (2020-02-29) -- "Holding the Windsock"
Copyright (C) 2020 The R Foundation for Statistical Computing
Platform: x86_64-w64-mingw32/x64 (64-bit)
R is free software and comes with ABSOLUTELY NO WARRANTY.
You are welcome to redistribute it under certain conditions.
Type 'license()' or 'licence()' for distribution details.
R is a collaborative project with many contributors.
Type 'contributors()' for more information and
'citation()' on how to cite R or R packages in publications.
Type 'demo()' for some demos, 'help()' for on-line help, or
'help.start()' for an HTML browser interface to help.
Type 'q()' to quit R.
> BiocGenerics:::testPackage("gQTLstats")
Attaching package: 'BiocGenerics'
The following objects are masked from 'package:parallel':
clusterApply, clusterApplyLB, clusterCall, clusterEvalQ,
clusterExport, clusterMap, parApply, parCapply, parLapply,
parLapplyLB, parRapply, parSapply, parSapplyLB
The following objects are masked from 'package:stats':
IQR, mad, sd, var, xtabs
The following objects are masked from 'package:base':
Filter, Find, Map, Position, Reduce, anyDuplicated, append,
as.data.frame, basename, cbind, colnames, dirname, do.call,
duplicated, eval, evalq, get, grep, grepl, intersect, is.unsorted,
lapply, mapply, match, mget, order, paste, pmax, pmax.int, pmin,
pmin.int, rank, rbind, rownames, sapply, setdiff, sort, table,
tapply, union, unique, unsplit, which, which.max, which.min
Welcome to Bioconductor
Vignettes contain introductory material; view with
'browseVignettes()'. To cite Bioconductor, see
'citation("Biobase")', and for packages 'citation("pkgname")'.
Attaching package: 'S4Vectors'
The following object is masked from 'package:base':
expand.grid
Attaching package: 'IRanges'
The following object is masked from 'package:grDevices':
windows
Loading required package: geuvPack
Loading required package: SummarizedExperiment
Loading required package: DelayedArray
Loading required package: matrixStats
Attaching package: 'matrixStats'
The following objects are masked from 'package:Biobase':
anyMissing, rowMedians
Loading required package: BiocParallel
Attaching package: 'DelayedArray'
The following objects are masked from 'package:matrixStats':
colMaxs, colMins, colRanges, rowMaxs, rowMins, rowRanges
The following objects are masked from 'package:base':
aperm, apply, rowsum
Loading required package: Rsamtools
Loading required package: Biostrings
Loading required package: XVector
Attaching package: 'Biostrings'
The following object is masked from 'package:base':
strsplit
clipping PCs 1,2 from exprs
[W::bcf_hdr_check_sanity] GL should be declared as Number=G
Attaching package: 'Matrix'
The following object is masked from 'package:S4Vectors':
expand
checking for universal heterozygous loci for exclusion (as dropUnivHet == TRUE) ...
done checking.
Loading required package: geuvStore2
Loading required package: BatchJobs
Loading required package: BBmisc
Attaching package: 'BBmisc'
The following object is masked from 'package:Biostrings':
collapse
The following object is masked from 'package:IRanges':
collapse
The following object is masked from 'package:BiocGenerics':
normalize
The following object is masked from 'package:base':
isFALSE
The development of BatchJobs and BatchExperiments is discontinued.
Consider switching to 'batchtools' for new features and improved stability
Sourced 1 configuration files:
1: C:/Users/biocbuild/bbs-3.10-bioc/R/library/BatchJobs/etc/BatchJobs_global_config.R
BatchJobs configuration:
cluster functions: Interactive
mail.from:
mail.to:
mail.start: none
mail.done: none
mail.error: none
default.resources:
debug: FALSE
raise.warnings: FALSE
staged.queries: TRUE
max.concurrent.jobs: Inf
fs.timeout: NA
measure.mem: TRUE
Loading required package: gQTLBase
NOTE: there were 41 samples not found (of 462 requested).
using assay() to extract 'expression' matrix from RangedSummarizedExperiment
counting tests...
counting #NA...
obtaining assoc quantiles...
computing perm_assoc histogram....
Loading required package: VariantAnnotation
Attaching package: 'VariantAnnotation'
The following object is masked from 'package:base':
tabulate
checking for universal heterozygous loci for exclusion (as dropUnivHet == TRUE) ...
done checking.
RUNIT TEST PROTOCOL -- Wed Apr 15 04:03:36 2020
***********************************************
Number of test functions: 0
Number of errors: 0
Number of failures: 0
1 Test Suite :
gQTLstats RUnit Tests - 0 test functions, 0 errors, 0 failures
Number of test functions: 0
Number of errors: 0
Number of failures: 0
Warning messages:
1: In .local(x, ...) : non-diploid variants are set to NA
2: In col.summary(gtdata[[1]]) :
69 rows were empty - ignored when calculating call rates
3: In .local(x, ...) : non-diploid variants are set to NA
4: In col.summary(gtdata$genotypes) :
69 rows were empty - ignored when calculating call rates
5: executing %dopar% sequentially: no parallel backend registered
6: In .local(x, ...) : non-diploid variants are set to NA
7: In .local(x, ...) : non-diploid variants are set to NA
8: In col.summary(gtdata[[1]]) :
238 rows were empty - ignored when calculating call rates
9: In .local(x, ...) : non-diploid variants are set to NA
10: In col.summary(gtdata$genotypes) :
238 rows were empty - ignored when calculating call rates
>
> proc.time()
user system elapsed
257.62 6.81 266.51
|
|
gQTLstats.Rcheck/examples_i386/gQTLstats-Ex.timings
|
gQTLstats.Rcheck/examples_x64/gQTLstats-Ex.timings
|